HEX
Server: Apache
System: Linux server1.ariadata.co 4.18.0-553.120.1.el8_10.x86_64 #1 SMP Mon Apr 20 18:04:27 EDT 2026 x86_64
User: nepi (1051)
PHP: 7.4.33
Disabled: exec,passthru,shell_exec,system,show_source,popen,proc_open
Upload Files
File: /home/nepi/logs/file.nepi.ir-ssl_log.bkup
74.7.230.37 - - [02/Jul/2026:00:10:03 +0330] "GET /robots.txt HTTP/1.1" 200 24 "-" "Mozilla/5.0 (Macintosh; Intel Mac OS X 10_15_7) AppleWebKit/537.36 (KHTML, like Gecko) Chrome/131.0.0.0 Safari/537.36; compatible; OAI-SearchBot/1.4; robots.txt; +https://openai.com/searchbot"
152.42.225.238 - - [02/Jul/2026:02:13:37 +0330] "GET / HTTP/1.1" 200 31716 "-" "Mozilla/5.0 (Windows NT 10.0; Win64; x64) AppleWebKit/537.36"
34.124.197.69 - - [02/Jul/2026:05:16:15 +0330] "GET /components/com_sppagebuilder/assets/css/sppagebuilder.css HTTP/1.1" 200 30772 "-" "Mozilla/5.0 (Linux; Android 12) Chrome/111.0 Mobile Safari/537.36"
198.235.24.109 - - [02/Jul/2026:09:38:34 +0330] "GET / HTTP/1.1" 200 31692 "-" "Hello from Palo Alto Networks, find out more about our scans in https://docs-cortex.paloaltonetworks.com/r/1/Cortex-Xpanse/Scanning-activity"
62.60.130.230 - - [02/Jul/2026:10:34:57 +0330] "GET /wp-content/plugins/updraftplus/readme.txt HTTP/1.1" 200 30772 "-" "Mozilla/5.0 (Macintosh; Intel Mac OS X 10_15_7) AppleWebKit/605.1.15 (KHTML, like Gecko) Version/17.2 Safari/605.1.15"
62.60.130.230 - - [02/Jul/2026:10:34:58 +0330] "GET /wp-content/plugins/updraftplus/readme.txt HTTP/1.1" 200 30772 "-" "Mozilla/5.0 (Windows NT 10.0; Win64; x64; rv:121.0) Gecko/20100101 Firefox/121.0"
62.60.130.230 - - [02/Jul/2026:10:34:58 +0330] "GET /wp-content/plugins/updraftplus/updraftplus.php HTTP/1.1" 200 30772 "-" "Mozilla/5.0 (X11; Linux x86_64) AppleWebKit/537.36 (KHTML, like Gecko) Chrome/119.0.0.0 Safari/537.36"
62.60.130.230 - - [02/Jul/2026:10:34:59 +0330] "GET /wp-content/plugins/updraftplus/js/updraftplus-admin.js HTTP/1.1" 200 30772 "-" "Mozilla/5.0 (Macintosh; Intel Mac OS X 10_15_7) AppleWebKit/605.1.15 (KHTML, like Gecko) Version/17.2 Safari/605.1.15"
62.60.130.230 - - [02/Jul/2026:10:34:59 +0330] "GET /wp-content/plugins/updraftplus/css/updraftplus.css HTTP/1.1" 200 30772 "-" "Mozilla/5.0 (Windows NT 10.0; Win64; x64) AppleWebKit/537.36 (KHTML, like Gecko) Chrome/120.0.0.0 Safari/537.36"
62.60.130.230 - - [02/Jul/2026:10:34:59 +0330] "GET /wp-content/plugins/updraftplus/changelog.txt HTTP/1.1" 200 30772 "-" "Mozilla/5.0 (X11; Linux x86_64) AppleWebKit/537.36 (KHTML, like Gecko) Chrome/119.0.0.0 Safari/537.36"
62.60.130.230 - - [02/Jul/2026:10:35:00 +0330] "GET /wp-json/wp/v2/plugins HTTP/1.1" 200 30772 "-" "Mozilla/5.0 (Windows NT 10.0; Win64; x64) AppleWebKit/537.36 (KHTML, like Gecko) Chrome/120.0.0.0 Safari/537.36"
45.154.155.23 - - [02/Jul/2026:13:10:54 +0330] "GET / HTTP/1.1" 421 362 "-" "Mozilla/5.0 (X11; Linux x86_64) AppleWebKit/537.36 (KHTML, like Gecko) Chrome/137.0.0.0 Safari/537.36"
45.154.155.23 - - [02/Jul/2026:13:10:56 +0330] "GET /favicon.ico HTTP/1.1" 421 362 "-" "Mozilla/5.0 (X11; Linux x86_64) AppleWebKit/537.36 (KHTML, like Gecko) Chrome/136.0.0.0 Safari/537.36"
178.105.99.125 - - [02/Jul/2026:13:10:58 +0330] "GET / HTTP/1.1" 200 31692 "-" "Mozilla/5.0 (iPhone; CPU iPhone OS 17_5 like Mac OS X) AppleWebKit/605.1.15 (KHTML, like Gecko) Version/17.5 Mobile/15E148 Safari/604.1 CibraxScanner/1.0 (+https://cibrax.com/scanner)"
178.105.99.125 - - [02/Jul/2026:13:10:58 +0330] "GET / HTTP/1.1" 200 31716 "-" "Mozilla/5.0 (iPhone; CPU iPhone OS 17_5 like Mac OS X) AppleWebKit/605.1.15 (KHTML, like Gecko) Version/17.5 Mobile/15E148 Safari/604.1 CibraxScanner/1.0 (+https://cibrax.com/scanner)"
38.175.193.133 - - [02/Jul/2026:13:10:59 +0330] "GET /config HTTP/1.1" 301 276 "-" "Mozilla/5.0 (Windows NT 10.0; Win64; x64) AppleWebKit/537.36 (KHTML, like Gecko) Chrome/136.0.0.0 Safari/537.36 (Silvy X Ran)"
47.83.154.78 - - [02/Jul/2026:13:11:25 +0330] "GET /.env.production HTTP/1.1" 200 30772 "-" "Mozilla/5.0 (Windows NT 10.0; Win64; x64) AppleWebKit/537.36 (KHTML, like Gecko) Chrome/136.0.0.0 Safari/537.36 (Silvy X Ran)"
159.223.213.20 - - [02/Jul/2026:13:11:35 +0330] "GET /.env.development HTTP/1.1" 200 30772 "-" "Mozilla/5.0 (Windows NT 10.0; Win64; x64) AppleWebKit/537.36 (KHTML, like Gecko) Chrome/136.0.0.0 Safari/537.36 (Silvy X Ran)"
176.65.148.30 - - [02/Jul/2026:13:11:43 +0330] "GET / HTTP/1.1" 200 31692 "-" "Mozilla/5.0 (compatible; CT-WP-Scanner/1.0; +https://example.com/bot)"
176.65.148.30 - - [02/Jul/2026:13:11:43 +0330] "GET / HTTP/1.1" 200 31716 "-" "Mozilla/5.0 (compatible; CT-WP-Scanner/1.0; +https://example.com/bot)"
176.65.148.30 - - [02/Jul/2026:13:11:43 +0330] "GET /wp-json/ HTTP/1.1" 301 276 "-" "Mozilla/5.0 (compatible; CT-WP-Scanner/1.0; +https://example.com/bot)"
176.65.148.30 - - [02/Jul/2026:13:11:43 +0330] "GET /wp-json/ HTTP/1.1" 301 280 "-" "Mozilla/5.0 (compatible; CT-WP-Scanner/1.0; +https://example.com/bot)"
176.65.148.30 - - [02/Jul/2026:13:11:43 +0330] "GET /wp-json HTTP/1.1" 200 30772 "https://file.nepi.ir/wp-json/" "Mozilla/5.0 (compatible; CT-WP-Scanner/1.0; +https://example.com/bot)"
176.65.148.30 - - [02/Jul/2026:13:11:43 +0330] "GET /wp-json HTTP/1.1" 200 30796 "https://www.file.nepi.ir/wp-json/" "Mozilla/5.0 (compatible; CT-WP-Scanner/1.0; +https://example.com/bot)"
176.65.148.30 - - [02/Jul/2026:13:11:44 +0330] "GET /xmlrpc.php?rsd HTTP/1.1" 403 30772 "-" "Mozilla/5.0 (compatible; CT-WP-Scanner/1.0; +https://example.com/bot)"
176.65.148.30 - - [02/Jul/2026:13:11:44 +0330] "GET /xmlrpc.php?rsd HTTP/1.1" 403 30796 "-" "Mozilla/5.0 (compatible; CT-WP-Scanner/1.0; +https://example.com/bot)"
147.182.149.75 - - [02/Jul/2026:13:11:52 +0330] "GET / HTTP/1.1" 200 31716 "-" "Mozilla/5.0 (l9scan/2.0.03e27343e25353e2236313; +https://leakix.net)"
147.182.149.75 - - [02/Jul/2026:13:11:53 +0330] "GET /console/ HTTP/1.1" 301 280 "-" "Mozilla/5.0 (l9scan/2.0.03e27343e25353e2236313; +https://leakix.net)"
147.182.149.75 - - [02/Jul/2026:13:11:54 +0330] "GET /server HTTP/1.1" 200 30796 "-" "Mozilla/5.0 (l9scan/2.0.03e27343e25353e2236313; +https://leakix.net)"
147.182.149.75 - - [02/Jul/2026:13:11:55 +0330] "GET /server-status HTTP/1.1" 200 30796 "-" "Mozilla/5.0 (l9scan/2.0.03e27343e25353e2236313; +https://leakix.net)"
147.182.149.75 - - [02/Jul/2026:13:11:57 +0330] "GET /about HTTP/1.1" 200 30796 "-" "Mozilla/5.0 (l9scan/2.0.03e27343e25353e2236313; +https://leakix.net)"
147.182.149.75 - - [02/Jul/2026:13:11:58 +0330] "GET /login.action HTTP/1.1" 200 30796 "-" "Mozilla/5.0 (l9scan/2.0.03e27343e25353e2236313; +https://leakix.net)"
147.182.149.75 - - [02/Jul/2026:13:11:59 +0330] "GET / HTTP/1.1" 200 31716 "-" "Mozilla/5.0 (l9scan/2.0.03e27343e25353e2236313; +https://leakix.net)"
147.182.149.75 - - [02/Jul/2026:13:11:59 +0330] "GET /___proxy_subdomain_whm/login HTTP/1.1" 200 30796 "-" "Mozilla/5.0 (l9scan/2.0.03e27343e25353e2236313; +https://leakix.net)"
147.182.149.75 - - [02/Jul/2026:13:11:59 +0330] "GET /___proxy_subdomain_cpanel HTTP/1.1" 200 30796 "-" "Mozilla/5.0 (l9scan/2.0.03e27343e25353e2236313; +https://leakix.net)"
147.182.149.75 - - [02/Jul/2026:13:12:00 +0330] "GET /v2/_catalog HTTP/1.1" 200 30796 "-" "Mozilla/5.0 (l9scan/2.0.03e27343e25353e2236313; +https://leakix.net)"
147.182.149.75 - - [02/Jul/2026:13:12:01 +0330] "GET /.DS_Store HTTP/1.1" 200 30796 "-" "Mozilla/5.0 (l9scan/2.0.03e27343e25353e2236313; +https://leakix.net)"
178.16.54.137 - - [02/Jul/2026:13:12:01 +0330] "GET /.env HTTP/1.1" 200 30772 "-" "Mozilla/5.0 (Macintosh; Intel Mac OS X 10_15_7) AppleWebKit/537.36 (KHTML, like Gecko, Yokohama Institute of Information Security  https://www.iisec.ac.jp) Chrome/124.0.0.0 Safari/537.36"
147.182.149.75 - - [02/Jul/2026:13:12:02 +0330] "GET /.env HTTP/1.1" 200 30796 "-" "Mozilla/5.0 (l9scan/2.0.03e27343e25353e2236313; +https://leakix.net)"
178.16.54.137 - - [02/Jul/2026:13:12:03 +0330] "GET /.git/HEAD HTTP/1.1" 200 30772 "-" "Mozilla/5.0 (Macintosh; Intel Mac OS X 10_15_7) AppleWebKit/537.36 (KHTML, like Gecko, Yokohama Institute of Information Security  https://www.iisec.ac.jp) Chrome/124.0.0.0 Safari/537.36"
178.16.54.137 - - [02/Jul/2026:13:12:04 +0330] "GET /.env.backup HTTP/1.1" 200 30772 "-" "Mozilla/5.0 (Macintosh; Intel Mac OS X 10_15_7) AppleWebKit/537.36 (KHTML, like Gecko, Yokohama Institute of Information Security  https://www.iisec.ac.jp) Chrome/124.0.0.0 Safari/537.36"
147.182.149.75 - - [02/Jul/2026:13:12:04 +0330] "GET /ecp/Current/exporttool/microsoft.exchange.ediscovery.exporttool.application HTTP/1.1" 200 30796 "-" "Mozilla/5.0 (l9scan/2.0.03e27343e25353e2236313; +https://leakix.net)"
164.90.228.79 - - [02/Jul/2026:13:12:04 +0330] "GET / HTTP/1.1" 200 31692 "-" "Mozilla/5.0 (l9scan/2.0.03e27343e25353e2236313; +https://leakix.net)"
178.16.54.137 - - [02/Jul/2026:13:12:05 +0330] "GET /.env.old HTTP/1.1" 200 30772 "-" "Mozilla/5.0 (Macintosh; Intel Mac OS X 10_15_7) AppleWebKit/537.36 (KHTML, like Gecko, Yokohama Institute of Information Security  https://www.iisec.ac.jp) Chrome/124.0.0.0 Safari/537.36"
147.182.149.75 - - [02/Jul/2026:13:12:06 +0330] "GET /.git/config HTTP/1.1" 200 30796 "-" "Mozilla/5.0 (l9scan/2.0.03e27343e25353e2236313; +https://leakix.net)"
164.90.228.79 - - [02/Jul/2026:13:12:06 +0330] "GET /console/ HTTP/1.1" 301 276 "-" "Mozilla/5.0 (l9scan/2.0.03e27343e25353e2236313; +https://leakix.net)"
164.90.228.79 - - [02/Jul/2026:13:12:07 +0330] "GET /server HTTP/1.1" 200 30772 "-" "Mozilla/5.0 (l9scan/2.0.03e27343e25353e2236313; +https://leakix.net)"
147.182.149.75 - - [02/Jul/2026:13:12:07 +0330] "POST /graphql HTTP/1.1" 405 99 "-" "Mozilla/5.0 (l9scan/2.0.03e27343e25353e2236313; +https://leakix.net)"
178.16.54.137 - - [02/Jul/2026:13:12:07 +0330] "GET /.env.save HTTP/1.1" 200 30772 "-" "Mozilla/5.0 (Macintosh; Intel Mac OS X 10_15_7) AppleWebKit/537.36 (KHTML, like Gecko, Yokohama Institute of Information Security  https://www.iisec.ac.jp) Chrome/124.0.0.0 Safari/537.36"
147.182.149.75 - - [02/Jul/2026:13:12:07 +0330] "POST /api HTTP/1.1" 405 99 "-" "Mozilla/5.0 (l9scan/2.0.03e27343e25353e2236313; +https://leakix.net)"
147.182.149.75 - - [02/Jul/2026:13:12:08 +0330] "POST /api/graphql HTTP/1.1" 405 99 "-" "Mozilla/5.0 (l9scan/2.0.03e27343e25353e2236313; +https://leakix.net)"
178.16.54.137 - - [02/Jul/2026:13:12:08 +0330] "GET /.env.bak HTTP/1.1" 200 30772 "-" "Mozilla/5.0 (Macintosh; Intel Mac OS X 10_15_7) AppleWebKit/537.36 (KHTML, like Gecko, Yokohama Institute of Information Security  https://www.iisec.ac.jp) Chrome/124.0.0.0 Safari/537.36"
164.90.228.79 - - [02/Jul/2026:13:12:08 +0330] "GET /server-status HTTP/1.1" 200 30772 "-" "Mozilla/5.0 (l9scan/2.0.03e27343e25353e2236313; +https://leakix.net)"
147.182.149.75 - - [02/Jul/2026:13:12:08 +0330] "POST /graphql/api HTTP/1.1" 405 99 "-" "Mozilla/5.0 (l9scan/2.0.03e27343e25353e2236313; +https://leakix.net)"
147.182.149.75 - - [02/Jul/2026:13:12:08 +0330] "POST /api/gql HTTP/1.1" 405 99 "-" "Mozilla/5.0 (l9scan/2.0.03e27343e25353e2236313; +https://leakix.net)"
147.182.149.75 - - [02/Jul/2026:13:12:09 +0330] "GET /s/03e27343e25353e2236313/_/;/META-INF/maven/com.atlassian.jira/jira-webapp-dist/pom.properties HTTP/1.1" 200 30796 "-" "Mozilla/5.0 (l9scan/2.0.03e27343e25353e2236313; +https://leakix.net)"
178.16.54.137 - - [02/Jul/2026:13:12:09 +0330] "GET /.env.prod HTTP/1.1" 200 30772 "-" "Mozilla/5.0 (Macintosh; Intel Mac OS X 10_15_7) AppleWebKit/537.36 (KHTML, like Gecko, Yokohama Institute of Information Security  https://www.iisec.ac.jp) Chrome/124.0.0.0 Safari/537.36"
164.90.228.79 - - [02/Jul/2026:13:12:10 +0330] "GET /about HTTP/1.1" 200 30772 "-" "Mozilla/5.0 (l9scan/2.0.03e27343e25353e2236313; +https://leakix.net)"
147.182.149.75 - - [02/Jul/2026:13:12:10 +0330] "GET /config.json HTTP/1.1" 200 30796 "-" "Mozilla/5.0 (l9scan/2.0.03e27343e25353e2236313; +https://leakix.net)"
178.16.54.137 - - [02/Jul/2026:13:12:10 +0330] "GET /.env.production HTTP/1.1" 200 30772 "-" "Mozilla/5.0 (Macintosh; Intel Mac OS X 10_15_7) AppleWebKit/537.36 (KHTML, like Gecko, Yokohama Institute of Information Security  https://www.iisec.ac.jp) Chrome/124.0.0.0 Safari/537.36"
164.90.228.79 - - [02/Jul/2026:13:12:10 +0330] "GET /login.action HTTP/1.1" 200 30772 "-" "Mozilla/5.0 (l9scan/2.0.03e27343e25353e2236313; +https://leakix.net)"
147.182.149.75 - - [02/Jul/2026:13:12:11 +0330] "GET /telescope/requests HTTP/1.1" 200 30796 "-" "Mozilla/5.0 (l9scan/2.0.03e27343e25353e2236313; +https://leakix.net)"
164.90.228.79 - - [02/Jul/2026:13:12:11 +0330] "GET / HTTP/1.1" 200 31692 "-" "Mozilla/5.0 (l9scan/2.0.03e27343e25353e2236313; +https://leakix.net)"
147.182.149.75 - - [02/Jul/2026:13:12:12 +0330] "GET /info.php HTTP/1.1" 403 30796 "-" "Mozilla/5.0 (l9scan/2.0.03e27343e25353e2236313; +https://leakix.net)"
164.90.228.79 - - [02/Jul/2026:13:12:12 +0330] "GET /___proxy_subdomain_whm/login HTTP/1.1" 200 30772 "-" "Mozilla/5.0 (l9scan/2.0.03e27343e25353e2236313; +https://leakix.net)"
164.90.228.79 - - [02/Jul/2026:13:12:13 +0330] "GET /___proxy_subdomain_cpanel HTTP/1.1" 200 30772 "-" "Mozilla/5.0 (l9scan/2.0.03e27343e25353e2236313; +https://leakix.net)"
147.182.149.75 - - [02/Jul/2026:13:12:13 +0330] "GET /.well-known/security.txt HTTP/1.1" 200 30796 "-" "Mozilla/5.0 (l9scan/2.0.03e27343e25353e2236313; +https://leakix.net)"
178.16.54.137 - - [02/Jul/2026:13:12:13 +0330] "GET /.env.staging HTTP/1.1" 200 30772 "-" "Mozilla/5.0 (Macintosh; Intel Mac OS X 10_15_7) AppleWebKit/537.36 (KHTML, like Gecko, Yokohama Institute of Information Security  https://www.iisec.ac.jp) Chrome/124.0.0.0 Safari/537.36"
164.90.228.79 - - [02/Jul/2026:13:12:13 +0330] "GET /v2/_catalog HTTP/1.1" 200 30772 "-" "Mozilla/5.0 (l9scan/2.0.03e27343e25353e2236313; +https://leakix.net)"
147.182.149.75 - - [02/Jul/2026:13:12:14 +0330] "GET /actuator/env HTTP/1.1" 200 30796 "-" "Mozilla/5.0 (l9scan/2.0.03e27343e25353e2236313; +https://leakix.net)"
147.182.149.75 - - [02/Jul/2026:13:12:15 +0330] "GET /trace.axd HTTP/1.1" 200 30796 "-" "Mozilla/5.0 (l9scan/2.0.03e27343e25353e2236313; +https://leakix.net)"
164.90.228.79 - - [02/Jul/2026:13:12:15 +0330] "GET /.DS_Store HTTP/1.1" 200 30772 "-" "Mozilla/5.0 (l9scan/2.0.03e27343e25353e2236313; +https://leakix.net)"
164.90.228.79 - - [02/Jul/2026:13:12:16 +0330] "GET /.env HTTP/1.1" 200 30772 "-" "Mozilla/5.0 (l9scan/2.0.03e27343e25353e2236313; +https://leakix.net)"
147.182.149.75 - - [02/Jul/2026:13:12:16 +0330] "GET /@vite/env HTTP/1.1" 200 30796 "-" "Mozilla/5.0 (l9scan/2.0.03e27343e25353e2236313; +https://leakix.net)"
178.16.54.137 - - [02/Jul/2026:13:12:16 +0330] "GET /.env.local HTTP/1.1" 200 30772 "-" "Mozilla/5.0 (Macintosh; Intel Mac OS X 10_15_7) AppleWebKit/537.36 (KHTML, like Gecko, Yokohama Institute of Information Security  https://www.iisec.ac.jp) Chrome/124.0.0.0 Safari/537.36"
147.182.149.75 - - [02/Jul/2026:13:12:17 +0330] "GET /.vscode/sftp.json HTTP/1.1" 200 30796 "-" "Mozilla/5.0 (l9scan/2.0.03e27343e25353e2236313; +https://leakix.net)"
164.90.228.79 - - [02/Jul/2026:13:12:18 +0330] "GET /ecp/Current/exporttool/microsoft.exchange.ediscovery.exporttool.application HTTP/1.1" 200 30772 "-" "Mozilla/5.0 (l9scan/2.0.03e27343e25353e2236313; +https://leakix.net)"
147.182.149.75 - - [02/Jul/2026:13:12:18 +0330] "OPTIONS / HTTP/1.1" 200 - "-" "Mozilla/5.0 (l9scan/2.0.03e27343e25353e2236313; +https://leakix.net)"
147.182.149.75 - - [02/Jul/2026:13:12:19 +0330] "GET /?rest_route=/wp/v2/users/ HTTP/1.1" 200 31716 "-" "Mozilla/5.0 (l9scan/2.0.03e27343e25353e2236313; +https://leakix.net)"
178.16.54.137 - - [02/Jul/2026:13:12:19 +0330] "GET /env HTTP/1.1" 200 30772 "-" "Mozilla/5.0 (Macintosh; Intel Mac OS X 10_15_7) AppleWebKit/537.36 (KHTML, like Gecko, Yokohama Institute of Information Security  https://www.iisec.ac.jp) Chrome/124.0.0.0 Safari/537.36"
164.90.228.79 - - [02/Jul/2026:13:12:20 +0330] "GET /.git/config HTTP/1.1" 200 30772 "-" "Mozilla/5.0 (l9scan/2.0.03e27343e25353e2236313; +https://leakix.net)"
147.182.149.75 - - [02/Jul/2026:13:12:20 +0330] "GET /debug/default/view?panel=config HTTP/1.1" 200 30796 "-" "Mozilla/5.0 (l9scan/2.0.03e27343e25353e2236313; +https://leakix.net)"
103.4.250.69 - - [02/Jul/2026:13:12:21 +0330] "GET / HTTP/1.1" 200 31692 "-" "Mozilla/5.0 (X11; Linux x86_64) AppleWebKit/537.36 (KHTML, like Gecko) Chrome/131.0.0.0 Safari/537.36"
164.90.228.79 - - [02/Jul/2026:13:12:21 +0330] "POST /graphql HTTP/1.1" 405 99 "-" "Mozilla/5.0 (l9scan/2.0.03e27343e25353e2236313; +https://leakix.net)"
164.90.228.79 - - [02/Jul/2026:13:12:21 +0330] "POST /api HTTP/1.1" 405 99 "-" "Mozilla/5.0 (l9scan/2.0.03e27343e25353e2236313; +https://leakix.net)"
164.90.228.79 - - [02/Jul/2026:13:12:23 +0330] "POST /api/graphql HTTP/1.1" 405 99 "-" "Mozilla/5.0 (l9scan/2.0.03e27343e25353e2236313; +https://leakix.net)"
164.90.228.79 - - [02/Jul/2026:13:12:23 +0330] "POST /graphql/api HTTP/1.1" 405 99 "-" "Mozilla/5.0 (l9scan/2.0.03e27343e25353e2236313; +https://leakix.net)"
103.196.9.88 - - [02/Jul/2026:13:12:24 +0330] "GET / HTTP/1.1" 200 31692 "-" "Mozilla/5.0 (Windows NT 10.0; Win64; x64) AppleWebKit/537.36 (KHTML, like Gecko) Chrome/131.0.0.0 Safari/537.36"
178.16.54.137 - - [02/Jul/2026:13:12:24 +0330] "GET /config/.env HTTP/1.1" 200 30772 "-" "Mozilla/5.0 (Macintosh; Intel Mac OS X 10_15_7) AppleWebKit/537.36 (KHTML, like Gecko, Yokohama Institute of Information Security  https://www.iisec.ac.jp) Chrome/124.0.0.0 Safari/537.36"
164.90.228.79 - - [02/Jul/2026:13:12:25 +0330] "POST /api/gql HTTP/1.1" 405 99 "-" "Mozilla/5.0 (l9scan/2.0.03e27343e25353e2236313; +https://leakix.net)"
103.4.251.184 - - [02/Jul/2026:13:12:25 +0330] "GET / HTTP/1.1" 200 31692 "-" "Mozilla/5.0 (Windows NT 10.0; Win64; x64) AppleWebKit/537.36 (KHTML, like Gecko) Chrome/130.0.0.0 Safari/537.36"
164.90.228.79 - - [02/Jul/2026:13:12:25 +0330] "GET /s/03e27343e25353e2236313/_/;/META-INF/maven/com.atlassian.jira/jira-webapp-dist/pom.properties HTTP/1.1" 200 30772 "-" "Mozilla/5.0 (l9scan/2.0.03e27343e25353e2236313; +https://leakix.net)"
164.90.228.79 - - [02/Jul/2026:13:12:27 +0330] "GET /config.json HTTP/1.1" 200 30772 "-" "Mozilla/5.0 (l9scan/2.0.03e27343e25353e2236313; +https://leakix.net)"
104.252.191.166 - - [02/Jul/2026:13:12:27 +0330] "GET / HTTP/1.1" 200 31692 "-" "Mozilla/5.0 (X11; Linux x86_64) AppleWebKit/537.36 (KHTML, like Gecko) Chrome/130.0.0.0 Safari/537.36"
164.90.228.79 - - [02/Jul/2026:13:12:27 +0330] "GET /telescope/requests HTTP/1.1" 200 30772 "-" "Mozilla/5.0 (l9scan/2.0.03e27343e25353e2236313; +https://leakix.net)"
178.16.54.137 - - [02/Jul/2026:13:12:28 +0330] "GET /app/.env HTTP/1.1" 200 30772 "-" "Mozilla/5.0 (Macintosh; Intel Mac OS X 10_15_7) AppleWebKit/537.36 (KHTML, like Gecko, Yokohama Institute of Information Security  https://www.iisec.ac.jp) Chrome/124.0.0.0 Safari/537.36"
164.90.228.79 - - [02/Jul/2026:13:12:29 +0330] "GET /info.php HTTP/1.1" 403 30772 "-" "Mozilla/5.0 (l9scan/2.0.03e27343e25353e2236313; +https://leakix.net)"
164.90.228.79 - - [02/Jul/2026:13:12:29 +0330] "GET /.well-known/security.txt HTTP/1.1" 200 30772 "-" "Mozilla/5.0 (l9scan/2.0.03e27343e25353e2236313; +https://leakix.net)"
164.90.228.79 - - [02/Jul/2026:13:12:31 +0330] "GET /actuator/env HTTP/1.1" 200 30772 "-" "Mozilla/5.0 (l9scan/2.0.03e27343e25353e2236313; +https://leakix.net)"
164.90.228.79 - - [02/Jul/2026:13:12:32 +0330] "GET /trace.axd HTTP/1.1" 200 30772 "-" "Mozilla/5.0 (l9scan/2.0.03e27343e25353e2236313; +https://leakix.net)"
178.16.54.137 - - [02/Jul/2026:13:12:32 +0330] "GET /../.env HTTP/1.1" 400 30772 "-" "Mozilla/5.0 (Macintosh; Intel Mac OS X 10_15_7) AppleWebKit/537.36 (KHTML, like Gecko, Yokohama Institute of Information Security  https://www.iisec.ac.jp) Chrome/124.0.0.0 Safari/537.36"
164.90.228.79 - - [02/Jul/2026:13:12:33 +0330] "GET /@vite/env HTTP/1.1" 200 30772 "-" "Mozilla/5.0 (l9scan/2.0.03e27343e25353e2236313; +https://leakix.net)"
164.90.228.79 - - [02/Jul/2026:13:12:33 +0330] "GET /.vscode/sftp.json HTTP/1.1" 200 30772 "-" "Mozilla/5.0 (l9scan/2.0.03e27343e25353e2236313; +https://leakix.net)"
164.90.228.79 - - [02/Jul/2026:13:12:35 +0330] "OPTIONS / HTTP/1.1" 200 - "-" "Mozilla/5.0 (l9scan/2.0.03e27343e25353e2236313; +https://leakix.net)"
103.4.250.69 - - [02/Jul/2026:13:12:35 +0330] "GET / HTTP/1.1" 200 31692 "-" "Mozilla/5.0 (X11; Linux x86_64) AppleWebKit/537.36 (KHTML, like Gecko) Chrome/131.0.0.0 Safari/537.36"
164.90.228.79 - - [02/Jul/2026:13:12:36 +0330] "GET /?rest_route=/wp/v2/users/ HTTP/1.1" 200 31692 "-" "Mozilla/5.0 (l9scan/2.0.03e27343e25353e2236313; +https://leakix.net)"
164.90.228.79 - - [02/Jul/2026:13:12:37 +0330] "GET /debug/default/view?panel=config HTTP/1.1" 200 30772 "-" "Mozilla/5.0 (l9scan/2.0.03e27343e25353e2236313; +https://leakix.net)"
103.4.251.184 - - [02/Jul/2026:13:12:37 +0330] "GET / HTTP/1.1" 200 31692 "-" "Mozilla/5.0 (X11; Linux x86_64) AppleWebKit/537.36 (KHTML, like Gecko) Chrome/130.0.0.0 Safari/537.36"
103.4.251.184 - - [02/Jul/2026:13:12:38 +0330] "GET // HTTP/1.1" 200 31692 "-" "Mozilla/5.0 (X11; Linux x86_64) AppleWebKit/537.36 (KHTML, like Gecko) Chrome/130.0.0.0 Safari/537.36"
103.4.251.184 - - [02/Jul/2026:13:12:38 +0330] "GET /build/assets/main.fcd554a6.js HTTP/1.1" 200 915011 "-" "Mozilla/5.0 (X11; Linux x86_64) AppleWebKit/537.36 (KHTML, like Gecko) Chrome/130.0.0.0 Safari/537.36"
103.4.251.184 - - [02/Jul/2026:13:12:38 +0330] "GET /+ft%29,new%20URL%28ft,mt%29%7Dlet%20gt=%7Bget%20action%28%29%7Breturn%20it%7D,get%20location%28%29%7Breturn%20$%28nt,st%29%7D,listen%28yt%29%7Bif%28ot%29throw%20new%20Error%28 HTTP/1.1" 200 30772 "-" "Mozilla/5.0 (X11; Linux x86_64) AppleWebKit/537.36 (KHTML, like Gecko) Chrome/130.0.0.0 Safari/537.36"
103.4.251.184 - - [02/Jul/2026:13:12:38 +0330] "GET / HTTP/1.1" 200 31692 "-" "Mozilla/5.0 (X11; Linux x86_64) AppleWebKit/537.36 (KHTML, like Gecko) Chrome/130.0.0.0 Safari/537.36"
103.4.251.184 - - [02/Jul/2026:13:12:39 +0330] "GET /build/assets/billing-page-routes.4de89634.js HTTP/1.1" 200 15750 "-" "Mozilla/5.0 (X11; Linux x86_64) AppleWebKit/537.36 (KHTML, like Gecko) Chrome/130.0.0.0 Safari/537.36"
103.4.251.184 - - [02/Jul/2026:13:12:39 +0330] "GET /build/assets/+ft%29,new%20URL%28ft,mt%29%7Dlet%20gt=%7Bget%20action%28%29%7Breturn%20it%7D,get%20location%28%29%7Breturn%20$%28nt,st%29%7D,listen%28yt%29%7Bif%28ot%29throw%20new%20Error%28 HTTP/1.1" 200 30772 "-" "Mozilla/5.0 (X11; Linux x86_64) AppleWebKit/537.36 (KHTML, like Gecko) Chrome/130.0.0.0 Safari/537.36"
103.4.251.184 - - [02/Jul/2026:13:12:39 +0330] "GET /build/assets/main.fcd554a6.js HTTP/1.1" 200 915011 "-" "Mozilla/5.0 (X11; Linux x86_64) AppleWebKit/537.36 (KHTML, like Gecko) Chrome/130.0.0.0 Safari/537.36"
103.4.251.184 - - [02/Jul/2026:13:12:39 +0330] "GET / HTTP/1.1" 200 31692 "-" "Mozilla/5.0 (X11; Linux x86_64) AppleWebKit/537.36 (KHTML, like Gecko) Chrome/130.0.0.0 Safari/537.36"
103.4.251.184 - - [02/Jul/2026:13:12:39 +0330] "GET /build/assets/checkout-routes.f5015e4a.js HTTP/1.1" 200 11402 "-" "Mozilla/5.0 (X11; Linux x86_64) AppleWebKit/537.36 (KHTML, like Gecko) Chrome/130.0.0.0 Safari/537.36"
103.4.251.184 - - [02/Jul/2026:13:12:40 +0330] "GET /build/assets/swagger-api-docs-page.45e49e9a.js HTTP/1.1" 200 1003458 "-" "Mozilla/5.0 (X11; Linux x86_64) AppleWebKit/537.36 (KHTML, like Gecko) Chrome/130.0.0.0 Safari/537.36"
103.4.251.184 - - [02/Jul/2026:13:12:40 +0330] "GET /build/assets/drive-routes.b8ebac1d.js HTTP/1.1" 200 98172 "-" "Mozilla/5.0 (X11; Linux x86_64) AppleWebKit/537.36 (KHTML, like Gecko) Chrome/130.0.0.0 Safari/537.36"
103.4.251.184 - - [02/Jul/2026:13:12:40 +0330] "GET /register HTTP/1.1" 200 30772 "-" "Mozilla/5.0 (X11; Linux x86_64) AppleWebKit/537.36 (KHTML, like Gecko) Chrome/130.0.0.0 Safari/537.36"
103.4.251.184 - - [02/Jul/2026:13:12:40 +0330] "GET /login HTTP/1.1" 200 30772 "-" "Mozilla/5.0 (X11; Linux x86_64) AppleWebKit/537.36 (KHTML, like Gecko) Chrome/130.0.0.0 Safari/537.36"
103.4.251.184 - - [02/Jul/2026:13:12:40 +0330] "GET /workspace/join/login HTTP/1.1" 200 30772 "-" "Mozilla/5.0 (X11; Linux x86_64) AppleWebKit/537.36 (KHTML, like Gecko) Chrome/130.0.0.0 Safari/537.36"
103.4.251.184 - - [02/Jul/2026:13:12:40 +0330] "GET /account-settings HTTP/1.1" 200 30772 "-" "Mozilla/5.0 (X11; Linux x86_64) AppleWebKit/537.36 (KHTML, like Gecko) Chrome/130.0.0.0 Safari/537.36"
103.4.251.184 - - [02/Jul/2026:13:12:41 +0330] "GET /password/reset/:token HTTP/1.1" 200 30772 "-" "Mozilla/5.0 (X11; Linux x86_64) AppleWebKit/537.36 (KHTML, like Gecko) Chrome/130.0.0.0 Safari/537.36"
103.4.251.184 - - [02/Jul/2026:13:12:41 +0330] "GET /notifications HTTP/1.1" 200 30772 "-" "Mozilla/5.0 (X11; Linux x86_64) AppleWebKit/537.36 (KHTML, like Gecko) Chrome/130.0.0.0 Safari/537.36"
103.4.251.184 - - [02/Jul/2026:13:12:41 +0330] "GET /build/assets/admin-routes.80e2a08a.js HTTP/1.1" 200 199153 "-" "Mozilla/5.0 (X11; Linux x86_64) AppleWebKit/537.36 (KHTML, like Gecko) Chrome/130.0.0.0 Safari/537.36"
103.4.251.184 - - [02/Jul/2026:13:12:41 +0330] "GET /workspace/join/register HTTP/1.1" 200 30772 "-" "Mozilla/5.0 (X11; Linux x86_64) AppleWebKit/537.36 (KHTML, like Gecko) Chrome/130.0.0.0 Safari/537.36"
103.4.251.184 - - [02/Jul/2026:13:12:41 +0330] "GET /pricing HTTP/1.1" 200 30772 "-" "Mozilla/5.0 (X11; Linux x86_64) AppleWebKit/537.36 (KHTML, like Gecko) Chrome/130.0.0.0 Safari/537.36"
103.4.251.184 - - [02/Jul/2026:13:12:41 +0330] "GET /notifications/settings HTTP/1.1" 200 30772 "-" "Mozilla/5.0 (X11; Linux x86_64) AppleWebKit/537.36 (KHTML, like Gecko) Chrome/130.0.0.0 Safari/537.36"
103.4.251.184 - - [02/Jul/2026:13:12:41 +0330] "GET /drive/* HTTP/1.1" 200 30772 "-" "Mozilla/5.0 (X11; Linux x86_64) AppleWebKit/537.36 (KHTML, like Gecko) Chrome/130.0.0.0 Safari/537.36"
103.4.251.184 - - [02/Jul/2026:13:12:42 +0330] "GET /admin/* HTTP/1.1" 200 30772 "-" "Mozilla/5.0 (X11; Linux x86_64) AppleWebKit/537.36 (KHTML, like Gecko) Chrome/130.0.0.0 Safari/537.36"
103.4.251.184 - - [02/Jul/2026:13:12:42 +0330] "GET / HTTP/1.1" 200 31692 "-" "Mozilla/5.0 (X11; Linux x86_64) AppleWebKit/537.36 (KHTML, like Gecko) Chrome/130.0.0.0 Safari/537.36"
103.4.251.184 - - [02/Jul/2026:13:12:42 +0330] "GET /build/assets/Edit.5be662f9.js HTTP/1.1" 200 3627 "-" "Mozilla/5.0 (X11; Linux x86_64) AppleWebKit/537.36 (KHTML, like Gecko) Chrome/130.0.0.0 Safari/537.36"
103.4.251.184 - - [02/Jul/2026:13:12:42 +0330] "GET /build/assets/OpenInNew.a526f51f.js HTTP/1.1" 200 466 "-" "Mozilla/5.0 (X11; Linux x86_64) AppleWebKit/537.36 (KHTML, like Gecko) Chrome/130.0.0.0 Safari/537.36"
103.4.251.184 - - [02/Jul/2026:13:12:42 +0330] "GET /build/assets/use-resume-subscription.c9b7d602.js HTTP/1.1" 200 639 "-" "Mozilla/5.0 (X11; Linux x86_64) AppleWebKit/537.36 (KHTML, like Gecko) Chrome/130.0.0.0 Safari/537.36"
103.4.251.184 - - [02/Jul/2026:13:12:42 +0330] "GET /billing/change-plan HTTP/1.1" 200 30772 "-" "Mozilla/5.0 (X11; Linux x86_64) AppleWebKit/537.36 (KHTML, like Gecko) Chrome/130.0.0.0 Safari/537.36"
103.4.251.184 - - [02/Jul/2026:13:12:42 +0330] "GET /build/assets/billing-redirect-message.a4baf26f.js HTTP/1.1" 200 4611 "-" "Mozilla/5.0 (X11; Linux x86_64) AppleWebKit/537.36 (KHTML, like Gecko) Chrome/130.0.0.0 Safari/537.36"
103.4.251.184 - - [02/Jul/2026:13:12:42 +0330] "GET /billing HTTP/1.1" 200 30772 "-" "Mozilla/5.0 (X11; Linux x86_64) AppleWebKit/537.36 (KHTML, like Gecko) Chrome/130.0.0.0 Safari/537.36"
103.4.251.184 - - [02/Jul/2026:13:12:42 +0330] "GET /drive/recent HTTP/1.1" 200 30772 "-" "Mozilla/5.0 (X11; Linux x86_64) AppleWebKit/537.36 (KHTML, like Gecko) Chrome/130.0.0.0 Safari/537.36"
103.4.251.184 - - [02/Jul/2026:13:12:43 +0330] "GET /drive/trash HTTP/1.1" 200 30772 "-" "Mozilla/5.0 (X11; Linux x86_64) AppleWebKit/537.36 (KHTML, like Gecko) Chrome/130.0.0.0 Safari/537.36"
103.4.251.184 - - [02/Jul/2026:13:12:43 +0330] "GET /drive/search HTTP/1.1" 200 30772 "-" "Mozilla/5.0 (X11; Linux x86_64) AppleWebKit/537.36 (KHTML, like Gecko) Chrome/130.0.0.0 Safari/537.36"
103.4.251.184 - - [02/Jul/2026:13:12:43 +0330] "GET /drive/shares HTTP/1.1" 200 30772 "-" "Mozilla/5.0 (X11; Linux x86_64) AppleWebKit/537.36 (KHTML, like Gecko) Chrome/130.0.0.0 Safari/537.36"
103.4.251.184 - - [02/Jul/2026:13:12:43 +0330] "GET /drive/starred HTTP/1.1" 200 30772 "-" "Mozilla/5.0 (X11; Linux x86_64) AppleWebKit/537.36 (KHTML, like Gecko) Chrome/130.0.0.0 Safari/537.36"
103.4.251.184 - - [02/Jul/2026:13:12:43 +0330] "GET /build/assets/UnfoldMore.a50d7b82.js HTTP/1.1" 200 273 "-" "Mozilla/5.0 (X11; Linux x86_64) AppleWebKit/537.36 (KHTML, like Gecko) Chrome/130.0.0.0 Safari/537.36"
103.4.251.184 - - [02/Jul/2026:13:12:43 +0330] "GET /build/assets/Info.5c8dba99.js HTTP/1.1" 200 6142 "-" "Mozilla/5.0 (X11; Linux x86_64) AppleWebKit/537.36 (KHTML, like Gecko) Chrome/130.0.0.0 Safari/537.36"
103.4.251.184 - - [02/Jul/2026:13:12:43 +0330] "GET /recent HTTP/1.1" 200 30772 "-" "Mozilla/5.0 (X11; Linux x86_64) AppleWebKit/537.36 (KHTML, like Gecko) Chrome/130.0.0.0 Safari/537.36"
103.4.251.184 - - [02/Jul/2026:13:12:43 +0330] "GET /search HTTP/1.1" 200 30772 "-" "Mozilla/5.0 (X11; Linux x86_64) AppleWebKit/537.36 (KHTML, like Gecko) Chrome/130.0.0.0 Safari/537.36"
103.4.251.184 - - [02/Jul/2026:13:12:44 +0330] "GET /shares HTTP/1.1" 200 30772 "-" "Mozilla/5.0 (X11; Linux x86_64) AppleWebKit/537.36 (KHTML, like Gecko) Chrome/130.0.0.0 Safari/537.36"
103.4.251.184 - - [02/Jul/2026:13:12:44 +0330] "GET /starred HTTP/1.1" 200 30772 "-" "Mozilla/5.0 (X11; Linux x86_64) AppleWebKit/537.36 (KHTML, like Gecko) Chrome/130.0.0.0 Safari/537.36"
103.4.251.184 - - [02/Jul/2026:13:12:44 +0330] "GET /trash HTTP/1.1" 200 30772 "-" "Mozilla/5.0 (X11; Linux x86_64) AppleWebKit/537.36 (KHTML, like Gecko) Chrome/130.0.0.0 Safari/537.36"
103.4.251.184 - - [02/Jul/2026:13:12:44 +0330] "GET /folders/:hash HTTP/1.1" 200 30772 "-" "Mozilla/5.0 (X11; Linux x86_64) AppleWebKit/537.36 (KHTML, like Gecko) Chrome/130.0.0.0 Safari/537.36"
103.4.251.184 - - [02/Jul/2026:13:12:44 +0330] "GET / HTTP/1.1" 200 31692 "-" "Mozilla/5.0 (X11; Linux x86_64) AppleWebKit/537.36 (KHTML, like Gecko) Chrome/130.0.0.0 Safari/537.36"
103.4.251.184 - - [02/Jul/2026:13:12:44 +0330] "GET /build/assets/swagger-api-docs-page.45e49e9a.js HTTP/1.1" 200 1003458 "-" "Mozilla/5.0 (X11; Linux x86_64) AppleWebKit/537.36 (KHTML, like Gecko) Chrome/130.0.0.0 Safari/537.36"
103.4.251.184 - - [02/Jul/2026:13:12:45 +0330] "GET / HTTP/1.1" 200 31692 "-" "Mozilla/5.0 (X11; Linux x86_64) AppleWebKit/537.36 (KHTML, like Gecko) Chrome/130.0.0.0 Safari/537.36"
103.4.251.184 - - [02/Jul/2026:13:12:45 +0330] "GET /build/assets/index.9b3ee2f7.js HTTP/1.1" 200 763 "-" "Mozilla/5.0 (X11; Linux x86_64) AppleWebKit/537.36 (KHTML, like Gecko) Chrome/130.0.0.0 Safari/537.36"
103.4.251.184 - - [02/Jul/2026:13:12:45 +0330] "GET /build/assets/swagger-api-docs-page.45e49e9a.js HTTP/1.1" 200 1003458 "-" "Mozilla/5.0 (X11; Linux x86_64) AppleWebKit/537.36 (KHTML, like Gecko) Chrome/130.0.0.0 Safari/537.36"
103.4.251.184 - - [02/Jul/2026:13:12:45 +0330] "GET /build/assets/format.eba72cc5.js HTTP/1.1" 200 1213 "-" "Mozilla/5.0 (X11; Linux x86_64) AppleWebKit/537.36 (KHTML, like Gecko) Chrome/130.0.0.0 Safari/537.36"
103.4.251.184 - - [02/Jul/2026:13:12:45 +0330] "GET /build/assets/text-editor.ee7a4592.js HTTP/1.1" 200 512739 "-" "Mozilla/5.0 (X11; Linux x86_64) AppleWebKit/537.36 (KHTML, like Gecko) Chrome/130.0.0.0 Safari/537.36"
103.4.251.184 - - [02/Jul/2026:13:12:46 +0330] "GET /build/assets/primary-features HTTP/1.1" 200 30772 "-" "Mozilla/5.0 (X11; Linux x86_64) AppleWebKit/537.36 (KHTML, like Gecko) Chrome/130.0.0.0 Safari/537.36"
103.4.251.184 - - [02/Jul/2026:13:12:46 +0330] "GET /build/assets/admin-report-page.85e8c7b3.js HTTP/1.1" 200 11924 "-" "Mozilla/5.0 (X11; Linux x86_64) AppleWebKit/537.36 (KHTML, like Gecko) Chrome/130.0.0.0 Safari/537.36"
103.4.251.184 - - [02/Jul/2026:13:12:46 +0330] "GET /build/assets/secondary-features HTTP/1.1" 200 30772 "-" "Mozilla/5.0 (X11; Linux x86_64) AppleWebKit/537.36 (KHTML, like Gecko) Chrome/130.0.0.0 Safari/537.36"
103.4.251.184 - - [02/Jul/2026:13:12:46 +0330] "GET /build/assets/icon-list.5ddc2d93.js HTTP/1.1" 200 643185 "-" "Mozilla/5.0 (X11; Linux x86_64) AppleWebKit/537.36 (KHTML, like Gecko) Chrome/130.0.0.0 Safari/537.36"
103.4.251.184 - - [02/Jul/2026:13:12:46 +0330] "GET /build/assets/general HTTP/1.1" 200 30772 "-" "Mozilla/5.0 (X11; Linux x86_64) AppleWebKit/537.36 (KHTML, like Gecko) Chrome/130.0.0.0 Safari/537.36"
103.4.251.184 - - [02/Jul/2026:13:12:46 +0330] "GET /build/assets/action-buttons HTTP/1.1" 200 30772 "-" "Mozilla/5.0 (X11; Linux x86_64) AppleWebKit/537.36 (KHTML, like Gecko) Chrome/130.0.0.0 Safari/537.36"
103.4.251.184 - - [02/Jul/2026:13:12:46 +0330] "GET /build/assets/ace-editor.629df466.js HTTP/1.1" 200 584617 "-" "Mozilla/5.0 (X11; Linux x86_64) AppleWebKit/537.36 (KHTML, like Gecko) Chrome/130.0.0.0 Safari/537.36"
103.4.251.184 - - [02/Jul/2026:13:12:47 +0330] "GET /build/assets/TaskAlt.cb080f03.js HTTP/1.1" 200 429 "-" "Mozilla/5.0 (X11; Linux x86_64) AppleWebKit/537.36 (KHTML, like Gecko) Chrome/130.0.0.0 Safari/537.36"
103.4.251.184 - - [02/Jul/2026:13:12:47 +0330] "GET / HTTP/1.1" 200 31692 "-" "Mozilla/5.0 (X11; Linux x86_64) AppleWebKit/537.36 (KHTML, like Gecko) Chrome/130.0.0.0 Safari/537.36"
103.4.251.184 - - [02/Jul/2026:13:12:47 +0330] "GET / HTTP/1.1" 200 31692 "-" "Mozilla/5.0 (X11; Linux x86_64) AppleWebKit/537.36 (KHTML, like Gecko) Chrome/130.0.0.0 Safari/537.36"
103.4.251.184 - - [02/Jul/2026:13:12:47 +0330] "GET /build/assets/file-entry-index-filters.398da9db.js HTTP/1.1" 200 78702 "-" "Mozilla/5.0 (X11; Linux x86_64) AppleWebKit/537.36 (KHTML, like Gecko) Chrome/130.0.0.0 Safari/537.36"
103.4.251.184 - - [02/Jul/2026:13:12:47 +0330] "GET /build/assets/ArrowBack.953d9159.js HTTP/1.1" 200 217 "-" "Mozilla/5.0 (X11; Linux x86_64) AppleWebKit/537.36 (KHTML, like Gecko) Chrome/130.0.0.0 Safari/537.36"
103.4.251.184 - - [02/Jul/2026:13:12:47 +0330] "GET /build/assets/TrendingUp.90fad761.js HTTP/1.1" 200 436 "-" "Mozilla/5.0 (X11; Linux x86_64) AppleWebKit/537.36 (KHTML, like Gecko) Chrome/130.0.0.0 Safari/537.36"
103.4.251.184 - - [02/Jul/2026:13:12:47 +0330] "GET /build/assets/lazy-chart.6dde381a.js HTTP/1.1" 200 194118 "-" "Mozilla/5.0 (X11; Linux x86_64) AppleWebKit/537.36 (KHTML, like Gecko) Chrome/130.0.0.0 Safari/537.36"
65.21.124.77 - - [02/Jul/2026:13:13:45 +0330] "GET / HTTP/1.1" 200 31716 "-" "Mozilla/5.0 (Windows NT 10.0; Win64; x64) AppleWebKit/537.36 (KHTML, like Gecko) Chrome/124.0.0.0 Safari/537.36"
65.21.124.77 - - [02/Jul/2026:13:13:45 +0330] "GET / HTTP/1.1" 200 31692 "-" "Mozilla/5.0 (Windows NT 10.0; Win64; x64) AppleWebKit/537.36 (KHTML, like Gecko) Chrome/124.0.0.0 Safari/537.36"
65.21.124.77 - - [02/Jul/2026:13:13:45 +0330] "GET /build/assets/main.fcd554a6.js HTTP/1.1" 200 915011 "-" "Mozilla/5.0 (Windows NT 10.0; Win64; x64) AppleWebKit/537.36 (KHTML, like Gecko) Chrome/124.0.0.0 Safari/537.36"
65.21.124.77 - - [02/Jul/2026:13:13:45 +0330] "GET /build/assets/main.fcd554a6.js HTTP/1.1" 200 915011 "-" "Mozilla/5.0 (Windows NT 10.0; Win64; x64) AppleWebKit/537.36 (KHTML, like Gecko) Chrome/124.0.0.0 Safari/537.36"
185.209.196.178 - - [02/Jul/2026:13:13:54 +0330] "GET / HTTP/1.1" 200 31692 "https://file.nepi.ir" "Mozilla/5.0 (Macintosh; Intel Mac OS X 13_4_1) AppleWebKit/605.1.15 (KHTML, like Gecko) Version/16.5 Safari/605.1.15"
185.209.196.178 - - [02/Jul/2026:13:13:56 +0330] "GET /favicon/icon-144x144.png HTTP/1.1" 200 8074 "https://file.nepi.ir" "Mozilla/5.0 (Macintosh; Intel Mac OS X 13_4_1) AppleWebKit/605.1.15 (KHTML, like Gecko) Version/16.5 Safari/605.1.15"
143.244.47.86 - - [02/Jul/2026:13:15:17 +0330] "HEAD / HTTP/1.1" 200 - "-" "Mozilla/5.0 (Windows NT 10.0; Win64; x64) AppleWebKit/537.36 (KHTML, like Gecko) Chrome/58.0.3029.110 Safari/537.3"
143.244.47.86 - - [02/Jul/2026:13:15:18 +0330] "HEAD / HTTP/1.1" 200 - "-" "Mozilla/5.0 (Windows NT 10.0; Win64; x64) AppleWebKit/537.36 (KHTML, like Gecko) Chrome/58.0.3029.110 Safari/537.3"
143.244.47.86 - - [02/Jul/2026:13:15:28 +0330] "GET / HTTP/1.1" 200 31716 "-" "Mozilla/5.0 (X11; Linux x86_64) AppleWebKit/537.36 (KHTML, like Gecko) HeadlessChrome/148.0.7778.96 Safari/537.36"
143.244.47.86 - - [02/Jul/2026:13:15:28 +0330] "GET /build/assets/main.fcd554a6.js HTTP/1.1" 200 915011 "-" "Mozilla/5.0 (X11; Linux x86_64) AppleWebKit/537.36 (KHTML, like Gecko) HeadlessChrome/148.0.7778.96 Safari/537.36"
185.209.196.178 - - [02/Jul/2026:13:15:37 +0330] "GET / HTTP/1.1" 200 31716 "https://www.file.nepi.ir" "Mozilla/5.0 (Windows NT 10.0; Win64; x64; rv:95.0) Gecko/20100101 Firefox/95.0"
185.209.196.178 - - [02/Jul/2026:13:15:41 +0330] "GET /favicon/icon-144x144.png HTTP/1.1" 200 8074 "https://www.file.nepi.ir" "Mozilla/5.0 (Windows NT 10.0; Win64; x64; rv:95.0) Gecko/20100101 Firefox/95.0"
52.230.100.152 - - [02/Jul/2026:13:25:16 +0330] "GET / HTTP/1.1" 200 31692 "-" "Mozilla/5.0 (Windows NT 10.0; Win64; x64) AppleWebKit/537.36 (KHTML, like Gecko) Chrome/124.0.0.0 Safari/537.36"
52.230.100.152 - - [02/Jul/2026:13:25:16 +0330] "GET / HTTP/1.1" 200 31716 "-" "Mozilla/5.0 (Windows NT 10.0; Win64; x64) AppleWebKit/537.36 (KHTML, like Gecko) Chrome/124.0.0.0 Safari/537.36"
34.244.142.254 - - [02/Jul/2026:13:27:35 +0330] "GET / HTTP/1.1" 200 31692 "-" "Mozilla/5.0 (X11; Linux x86_64) AppleWebKit/537.36 Chrome/120 Safari/537.36"
34.244.142.254 - - [02/Jul/2026:13:27:35 +0330] "GET / HTTP/1.1" 200 31716 "-" "Mozilla/5.0 (X11; Linux x86_64) AppleWebKit/537.36 Chrome/120 Safari/537.36"
91.231.89.32 - - [02/Jul/2026:13:57:19 +0330] "GET / HTTP/1.1" 200 31692 "-" "Mozilla/5.0 (X11; Ubuntu; Linux x86_64; rv:134.0) Gecko/20100101 Firefox/134.0"
91.231.89.126 - - [02/Jul/2026:14:03:44 +0330] "GET / HTTP/1.1" 200 31716 "-" "Mozilla/5.0 (X11; Ubuntu; Linux x86_64; rv:134.0) Gecko/20100101 Firefox/134.0"
103.4.251.55 - - [02/Jul/2026:14:16:00 +0330] "GET / HTTP/1.1" 200 31692 "-" "Mozilla/5.0 (Windows NT 10.0; Win64; x64) AppleWebKit/537.36 (KHTML, like Gecko) Chrome/130.0.0.0 Safari/537.36"
104.164.126.9 - - [02/Jul/2026:14:16:03 +0330] "GET / HTTP/1.1" 200 31692 "-" "Mozilla/5.0 (Macintosh; Intel Mac OS X 10_15_7) AppleWebKit/537.36 (KHTML, like Gecko) Chrome/130.0.0.0 Safari/537.36"
103.4.251.55 - - [02/Jul/2026:14:16:09 +0330] "GET / HTTP/1.1" 200 31692 "-" "Mozilla/5.0 (X11; Linux x86_64) AppleWebKit/537.36 (KHTML, like Gecko) Chrome/130.0.0.0 Safari/537.36"
103.4.251.55 - - [02/Jul/2026:14:16:09 +0330] "GET /build/assets/main.fcd554a6.js HTTP/1.1" 200 915011 "-" "Mozilla/5.0 (X11; Linux x86_64) AppleWebKit/537.36 (KHTML, like Gecko) Chrome/130.0.0.0 Safari/537.36"
103.4.251.55 - - [02/Jul/2026:14:16:09 +0330] "GET // HTTP/1.1" 200 31692 "-" "Mozilla/5.0 (X11; Linux x86_64) AppleWebKit/537.36 (KHTML, like Gecko) Chrome/130.0.0.0 Safari/537.36"
103.4.251.55 - - [02/Jul/2026:14:16:10 +0330] "GET /build/assets/checkout-routes.f5015e4a.js HTTP/1.1" 200 11402 "-" "Mozilla/5.0 (X11; Linux x86_64) AppleWebKit/537.36 (KHTML, like Gecko) Chrome/130.0.0.0 Safari/537.36"
103.4.251.55 - - [02/Jul/2026:14:16:10 +0330] "GET /+ft%29,new%20URL%28ft,mt%29%7Dlet%20gt=%7Bget%20action%28%29%7Breturn%20it%7D,get%20location%28%29%7Breturn%20$%28nt,st%29%7D,listen%28yt%29%7Bif%28ot%29throw%20new%20Error%28 HTTP/1.1" 200 30772 "-" "Mozilla/5.0 (X11; Linux x86_64) AppleWebKit/537.36 (KHTML, like Gecko) Chrome/130.0.0.0 Safari/537.36"
103.4.251.55 - - [02/Jul/2026:14:16:10 +0330] "GET / HTTP/1.1" 200 31692 "-" "Mozilla/5.0 (X11; Linux x86_64) AppleWebKit/537.36 (KHTML, like Gecko) Chrome/130.0.0.0 Safari/537.36"
103.4.251.55 - - [02/Jul/2026:14:16:10 +0330] "GET /build/assets/+ft%29,new%20URL%28ft,mt%29%7Dlet%20gt=%7Bget%20action%28%29%7Breturn%20it%7D,get%20location%28%29%7Breturn%20$%28nt,st%29%7D,listen%28yt%29%7Bif%28ot%29throw%20new%20Error%28 HTTP/1.1" 200 30772 "-" "Mozilla/5.0 (X11; Linux x86_64) AppleWebKit/537.36 (KHTML, like Gecko) Chrome/130.0.0.0 Safari/537.36"
103.4.251.55 - - [02/Jul/2026:14:16:10 +0330] "GET /build/assets/main.fcd554a6.js HTTP/1.1" 200 915011 "-" "Mozilla/5.0 (X11; Linux x86_64) AppleWebKit/537.36 (KHTML, like Gecko) Chrome/130.0.0.0 Safari/537.36"
103.4.251.55 - - [02/Jul/2026:14:16:10 +0330] "GET /build/assets/billing-page-routes.4de89634.js HTTP/1.1" 200 15750 "-" "Mozilla/5.0 (X11; Linux x86_64) AppleWebKit/537.36 (KHTML, like Gecko) Chrome/130.0.0.0 Safari/537.36"
103.4.251.55 - - [02/Jul/2026:14:16:10 +0330] "GET /register HTTP/1.1" 200 30772 "-" "Mozilla/5.0 (X11; Linux x86_64) AppleWebKit/537.36 (KHTML, like Gecko) Chrome/130.0.0.0 Safari/537.36"
103.4.251.55 - - [02/Jul/2026:14:16:10 +0330] "GET /build/assets/admin-routes.80e2a08a.js HTTP/1.1" 200 199153 "-" "Mozilla/5.0 (X11; Linux x86_64) AppleWebKit/537.36 (KHTML, like Gecko) Chrome/130.0.0.0 Safari/537.36"
103.4.251.55 - - [02/Jul/2026:14:16:11 +0330] "GET /build/assets/drive-routes.b8ebac1d.js HTTP/1.1" 200 98172 "-" "Mozilla/5.0 (X11; Linux x86_64) AppleWebKit/537.36 (KHTML, like Gecko) Chrome/130.0.0.0 Safari/537.36"
103.4.251.55 - - [02/Jul/2026:14:16:11 +0330] "GET /build/assets/swagger-api-docs-page.45e49e9a.js HTTP/1.1" 200 1003458 "-" "Mozilla/5.0 (X11; Linux x86_64) AppleWebKit/537.36 (KHTML, like Gecko) Chrome/130.0.0.0 Safari/537.36"
103.4.251.55 - - [02/Jul/2026:14:16:11 +0330] "GET / HTTP/1.1" 200 31692 "-" "Mozilla/5.0 (X11; Linux x86_64) AppleWebKit/537.36 (KHTML, like Gecko) Chrome/130.0.0.0 Safari/537.36"
103.4.251.55 - - [02/Jul/2026:14:16:11 +0330] "GET /login HTTP/1.1" 200 30772 "-" "Mozilla/5.0 (X11; Linux x86_64) AppleWebKit/537.36 (KHTML, like Gecko) Chrome/130.0.0.0 Safari/537.36"
103.4.251.55 - - [02/Jul/2026:14:16:11 +0330] "GET /workspace/join/register HTTP/1.1" 200 30772 "-" "Mozilla/5.0 (X11; Linux x86_64) AppleWebKit/537.36 (KHTML, like Gecko) Chrome/130.0.0.0 Safari/537.36"
103.4.251.55 - - [02/Jul/2026:14:16:11 +0330] "GET /workspace/join/login HTTP/1.1" 200 30772 "-" "Mozilla/5.0 (X11; Linux x86_64) AppleWebKit/537.36 (KHTML, like Gecko) Chrome/130.0.0.0 Safari/537.36"
103.4.251.55 - - [02/Jul/2026:14:16:12 +0330] "GET /notifications HTTP/1.1" 200 30772 "-" "Mozilla/5.0 (X11; Linux x86_64) AppleWebKit/537.36 (KHTML, like Gecko) Chrome/130.0.0.0 Safari/537.36"
103.4.251.55 - - [02/Jul/2026:14:16:12 +0330] "GET /notifications/settings HTTP/1.1" 200 30772 "-" "Mozilla/5.0 (X11; Linux x86_64) AppleWebKit/537.36 (KHTML, like Gecko) Chrome/130.0.0.0 Safari/537.36"
103.4.251.55 - - [02/Jul/2026:14:16:12 +0330] "GET /drive/* HTTP/1.1" 200 30772 "-" "Mozilla/5.0 (X11; Linux x86_64) AppleWebKit/537.36 (KHTML, like Gecko) Chrome/130.0.0.0 Safari/537.36"
103.4.251.55 - - [02/Jul/2026:14:16:12 +0330] "GET /admin/* HTTP/1.1" 200 30772 "-" "Mozilla/5.0 (X11; Linux x86_64) AppleWebKit/537.36 (KHTML, like Gecko) Chrome/130.0.0.0 Safari/537.36"
103.4.251.55 - - [02/Jul/2026:14:16:12 +0330] "GET /password/reset/:token HTTP/1.1" 200 30772 "-" "Mozilla/5.0 (X11; Linux x86_64) AppleWebKit/537.36 (KHTML, like Gecko) Chrome/130.0.0.0 Safari/537.36"
103.4.251.55 - - [02/Jul/2026:14:16:12 +0330] "GET /account-settings HTTP/1.1" 200 30772 "-" "Mozilla/5.0 (X11; Linux x86_64) AppleWebKit/537.36 (KHTML, like Gecko) Chrome/130.0.0.0 Safari/537.36"
103.4.251.55 - - [02/Jul/2026:14:16:12 +0330] "GET /pricing HTTP/1.1" 200 30772 "-" "Mozilla/5.0 (X11; Linux x86_64) AppleWebKit/537.36 (KHTML, like Gecko) Chrome/130.0.0.0 Safari/537.36"
103.4.251.55 - - [02/Jul/2026:14:16:12 +0330] "GET /build/assets/billing-redirect-message.a4baf26f.js HTTP/1.1" 200 4611 "-" "Mozilla/5.0 (X11; Linux x86_64) AppleWebKit/537.36 (KHTML, like Gecko) Chrome/130.0.0.0 Safari/537.36"
103.4.251.55 - - [02/Jul/2026:14:16:13 +0330] "GET /billing HTTP/1.1" 200 30772 "-" "Mozilla/5.0 (X11; Linux x86_64) AppleWebKit/537.36 (KHTML, like Gecko) Chrome/130.0.0.0 Safari/537.36"
103.4.251.55 - - [02/Jul/2026:14:16:13 +0330] "GET / HTTP/1.1" 200 31692 "-" "Mozilla/5.0 (X11; Linux x86_64) AppleWebKit/537.36 (KHTML, like Gecko) Chrome/130.0.0.0 Safari/537.36"
103.4.251.55 - - [02/Jul/2026:14:16:13 +0330] "GET /build/assets/Edit.5be662f9.js HTTP/1.1" 200 3627 "-" "Mozilla/5.0 (X11; Linux x86_64) AppleWebKit/537.36 (KHTML, like Gecko) Chrome/130.0.0.0 Safari/537.36"
103.4.251.55 - - [02/Jul/2026:14:16:13 +0330] "GET /build/assets/OpenInNew.a526f51f.js HTTP/1.1" 200 466 "-" "Mozilla/5.0 (X11; Linux x86_64) AppleWebKit/537.36 (KHTML, like Gecko) Chrome/130.0.0.0 Safari/537.36"
103.4.251.55 - - [02/Jul/2026:14:16:13 +0330] "GET /build/assets/use-resume-subscription.c9b7d602.js HTTP/1.1" 200 639 "-" "Mozilla/5.0 (X11; Linux x86_64) AppleWebKit/537.36 (KHTML, like Gecko) Chrome/130.0.0.0 Safari/537.36"
103.4.251.55 - - [02/Jul/2026:14:16:13 +0330] "GET /billing/change-plan HTTP/1.1" 200 30772 "-" "Mozilla/5.0 (X11; Linux x86_64) AppleWebKit/537.36 (KHTML, like Gecko) Chrome/130.0.0.0 Safari/537.36"
103.4.251.55 - - [02/Jul/2026:14:16:13 +0330] "GET /build/assets/primary-features HTTP/1.1" 200 30772 "-" "Mozilla/5.0 (X11; Linux x86_64) AppleWebKit/537.36 (KHTML, like Gecko) Chrome/130.0.0.0 Safari/537.36"
103.4.251.55 - - [02/Jul/2026:14:16:13 +0330] "GET /build/assets/ace-editor.629df466.js HTTP/1.1" 200 584617 "-" "Mozilla/5.0 (X11; Linux x86_64) AppleWebKit/537.36 (KHTML, like Gecko) Chrome/130.0.0.0 Safari/537.36"
103.4.251.55 - - [02/Jul/2026:14:16:14 +0330] "GET /build/assets/admin-report-page.85e8c7b3.js HTTP/1.1" 200 11924 "-" "Mozilla/5.0 (X11; Linux x86_64) AppleWebKit/537.36 (KHTML, like Gecko) Chrome/130.0.0.0 Safari/537.36"
103.4.251.55 - - [02/Jul/2026:14:16:14 +0330] "GET /build/assets/action-buttons HTTP/1.1" 200 30772 "-" "Mozilla/5.0 (X11; Linux x86_64) AppleWebKit/537.36 (KHTML, like Gecko) Chrome/130.0.0.0 Safari/537.36"
103.4.251.55 - - [02/Jul/2026:14:16:14 +0330] "GET /build/assets/icon-list.5ddc2d93.js HTTP/1.1" 200 643185 "-" "Mozilla/5.0 (X11; Linux x86_64) AppleWebKit/537.36 (KHTML, like Gecko) Chrome/130.0.0.0 Safari/537.36"
103.4.251.55 - - [02/Jul/2026:14:16:14 +0330] "GET /build/assets/text-editor.ee7a4592.js HTTP/1.1" 200 512739 "-" "Mozilla/5.0 (X11; Linux x86_64) AppleWebKit/537.36 (KHTML, like Gecko) Chrome/130.0.0.0 Safari/537.36"
103.4.251.55 - - [02/Jul/2026:14:16:14 +0330] "GET /build/assets/general HTTP/1.1" 200 30772 "-" "Mozilla/5.0 (X11; Linux x86_64) AppleWebKit/537.36 (KHTML, like Gecko) Chrome/130.0.0.0 Safari/537.36"
103.4.251.55 - - [02/Jul/2026:14:16:14 +0330] "GET /build/assets/secondary-features HTTP/1.1" 200 30772 "-" "Mozilla/5.0 (X11; Linux x86_64) AppleWebKit/537.36 (KHTML, like Gecko) Chrome/130.0.0.0 Safari/537.36"
103.4.251.55 - - [02/Jul/2026:14:16:14 +0330] "GET /drive/shares HTTP/1.1" 200 30772 "-" "Mozilla/5.0 (X11; Linux x86_64) AppleWebKit/537.36 (KHTML, like Gecko) Chrome/130.0.0.0 Safari/537.36"
103.4.251.55 - - [02/Jul/2026:14:16:15 +0330] "GET /search HTTP/1.1" 200 30772 "-" "Mozilla/5.0 (X11; Linux x86_64) AppleWebKit/537.36 (KHTML, like Gecko) Chrome/130.0.0.0 Safari/537.36"
103.4.251.55 - - [02/Jul/2026:14:16:15 +0330] "GET /drive/recent HTTP/1.1" 200 30772 "-" "Mozilla/5.0 (X11; Linux x86_64) AppleWebKit/537.36 (KHTML, like Gecko) Chrome/130.0.0.0 Safari/537.36"
103.4.251.55 - - [02/Jul/2026:14:16:15 +0330] "GET /build/assets/Info.5c8dba99.js HTTP/1.1" 200 6142 "-" "Mozilla/5.0 (X11; Linux x86_64) AppleWebKit/537.36 (KHTML, like Gecko) Chrome/130.0.0.0 Safari/537.36"
103.4.251.55 - - [02/Jul/2026:14:16:15 +0330] "GET /drive/search HTTP/1.1" 200 30772 "-" "Mozilla/5.0 (X11; Linux x86_64) AppleWebKit/537.36 (KHTML, like Gecko) Chrome/130.0.0.0 Safari/537.36"
103.4.251.55 - - [02/Jul/2026:14:16:15 +0330] "GET /shares HTTP/1.1" 200 30772 "-" "Mozilla/5.0 (X11; Linux x86_64) AppleWebKit/537.36 (KHTML, like Gecko) Chrome/130.0.0.0 Safari/537.36"
103.4.251.55 - - [02/Jul/2026:14:16:15 +0330] "GET /trash HTTP/1.1" 200 30772 "-" "Mozilla/5.0 (X11; Linux x86_64) AppleWebKit/537.36 (KHTML, like Gecko) Chrome/130.0.0.0 Safari/537.36"
103.4.251.55 - - [02/Jul/2026:14:16:15 +0330] "GET /starred HTTP/1.1" 200 30772 "-" "Mozilla/5.0 (X11; Linux x86_64) AppleWebKit/537.36 (KHTML, like Gecko) Chrome/130.0.0.0 Safari/537.36"
103.4.251.55 - - [02/Jul/2026:14:16:15 +0330] "GET /build/assets/UnfoldMore.a50d7b82.js HTTP/1.1" 200 273 "-" "Mozilla/5.0 (X11; Linux x86_64) AppleWebKit/537.36 (KHTML, like Gecko) Chrome/130.0.0.0 Safari/537.36"
103.4.251.55 - - [02/Jul/2026:14:16:15 +0330] "GET /drive/trash HTTP/1.1" 200 30772 "-" "Mozilla/5.0 (X11; Linux x86_64) AppleWebKit/537.36 (KHTML, like Gecko) Chrome/130.0.0.0 Safari/537.36"
103.4.251.55 - - [02/Jul/2026:14:16:15 +0330] "GET /recent HTTP/1.1" 200 30772 "-" "Mozilla/5.0 (X11; Linux x86_64) AppleWebKit/537.36 (KHTML, like Gecko) Chrome/130.0.0.0 Safari/537.36"
103.4.251.55 - - [02/Jul/2026:14:16:15 +0330] "GET /drive/starred HTTP/1.1" 200 30772 "-" "Mozilla/5.0 (X11; Linux x86_64) AppleWebKit/537.36 (KHTML, like Gecko) Chrome/130.0.0.0 Safari/537.36"
103.4.251.55 - - [02/Jul/2026:14:16:15 +0330] "GET /build/assets/index.9b3ee2f7.js HTTP/1.1" 200 763 "-" "Mozilla/5.0 (X11; Linux x86_64) AppleWebKit/537.36 (KHTML, like Gecko) Chrome/130.0.0.0 Safari/537.36"
103.4.251.55 - - [02/Jul/2026:14:16:15 +0330] "GET /build/assets/TrendingUp.90fad761.js HTTP/1.1" 200 436 "-" "Mozilla/5.0 (X11; Linux x86_64) AppleWebKit/537.36 (KHTML, like Gecko) Chrome/130.0.0.0 Safari/537.36"
103.4.251.55 - - [02/Jul/2026:14:16:15 +0330] "GET /build/assets/format.eba72cc5.js HTTP/1.1" 200 1213 "-" "Mozilla/5.0 (X11; Linux x86_64) AppleWebKit/537.36 (KHTML, like Gecko) Chrome/130.0.0.0 Safari/537.36"
103.4.251.55 - - [02/Jul/2026:14:16:15 +0330] "GET /build/assets/TaskAlt.cb080f03.js HTTP/1.1" 200 429 "-" "Mozilla/5.0 (X11; Linux x86_64) AppleWebKit/537.36 (KHTML, like Gecko) Chrome/130.0.0.0 Safari/537.36"
103.4.251.55 - - [02/Jul/2026:14:16:15 +0330] "GET /build/assets/ArrowBack.953d9159.js HTTP/1.1" 200 217 "-" "Mozilla/5.0 (X11; Linux x86_64) AppleWebKit/537.36 (KHTML, like Gecko) Chrome/130.0.0.0 Safari/537.36"
103.4.251.55 - - [02/Jul/2026:14:16:15 +0330] "GET /folders/:hash HTTP/1.1" 200 30772 "-" "Mozilla/5.0 (X11; Linux x86_64) AppleWebKit/537.36 (KHTML, like Gecko) Chrome/130.0.0.0 Safari/537.36"
