HEX
Server: Apache
System: Linux server1.ariadata.co 4.18.0-553.120.1.el8_10.x86_64 #1 SMP Mon Apr 20 18:04:27 EDT 2026 x86_64
User: nepi (1051)
PHP: 7.4.33
Disabled: exec,passthru,shell_exec,system,show_source,popen,proc_open
Upload Files
File: /home/nepi/logs/pish.nepi.ir-ssl_log.bkup
157.90.174.226 - - [01/Jul/2026:15:41:43 +0330] "GET /wp-login.php HTTP/1.1" 200 6129 "-" "Mozilla/5.0 (X11; Linux x86_64) AppleWebKit/537.36 (KHTML, like Gecko) Chrome/133.0.0.0 Safari/537.36"
157.90.174.226 - - [01/Jul/2026:15:41:43 +0330] "POST /wp-login.php HTTP/1.1" 200 6603 "https://pish.nepi.ir/wp-login.php" "Mozilla/5.0 (X11; Linux x86_64) AppleWebKit/537.36 (KHTML, like Gecko) Chrome/133.0.0.0 Safari/537.36"
159.89.172.48 - - [01/Jul/2026:15:54:51 +0330] "GET /wp-login.php HTTP/1.1" 200 6129 "-" "Mozilla/5.0 (X11; Ubuntu; Linux x86_64) AppleWebKit/537.36 (KHTML, like Gecko) Chrome/133.0.0.0 Safari/537.36"
159.89.172.48 - - [01/Jul/2026:15:54:51 +0330] "POST /wp-login.php HTTP/1.1" 200 6603 "https://pish.nepi.ir/wp-login.php" "Mozilla/5.0 (X11; Ubuntu; Linux x86_64) AppleWebKit/537.36 (KHTML, like Gecko) Chrome/133.0.0.0 Safari/537.36"
147.135.22.97 - - [01/Jul/2026:16:06:55 +0330] "GET /wp-login.php HTTP/1.1" 200 6129 "-" "Mozilla/5.0 (X11; Linux x86_64; rv:133.0) Gecko/20100101 Firefox/133.0"
147.135.22.97 - - [01/Jul/2026:16:06:56 +0330] "POST /wp-login.php HTTP/1.1" 200 6603 "https://pish.nepi.ir/wp-login.php" "Mozilla/5.0 (X11; Linux x86_64; rv:133.0) Gecko/20100101 Firefox/133.0"
162.55.47.0 - - [01/Jul/2026:16:19:08 +0330] "POST /wp-cron.php?doing_wp_cron=1782910148.9176120758056640625000 HTTP/1.1" 200 - "-" "WordPress/6.9.4; https://pish.nepi.ir"
185.70.185.130 - - [01/Jul/2026:16:19:08 +0330] "GET /wp-login.php HTTP/1.1" 200 6129 "-" "Mozilla/5.0 (Windows NT 10.0; Win64; x64) AppleWebKit/537.36 (KHTML, like Gecko) Chrome/133.0.0.0 Safari/537.36 Edg/133.0.0.0"
185.70.185.130 - - [01/Jul/2026:16:19:09 +0330] "POST /wp-login.php HTTP/1.1" 200 6603 "https://pish.nepi.ir/wp-login.php" "Mozilla/5.0 (Windows NT 10.0; Win64; x64) AppleWebKit/537.36 (KHTML, like Gecko) Chrome/133.0.0.0 Safari/537.36 Edg/133.0.0.0"
57.141.20.13 - - [01/Jul/2026:16:23:35 +0330] "GET /blog/load-more-pagination-elementor/ HTTP/1.1" 200 62291 "-" "meta-externalagent/1.1 (+https://developers.facebook.com/docs/sharing/webmasters/crawler)"
52.232.35.131 - - [01/Jul/2026:16:31:43 +0330] "GET /wp-login.php HTTP/1.1" 200 6129 "-" "Mozilla/5.0 (Windows NT 10.0; Win64; x64; rv:133.0) Gecko/20100101 Firefox/133.0"
52.232.35.131 - - [01/Jul/2026:16:31:43 +0330] "POST /wp-login.php HTTP/1.1" 200 6603 "https://pish.nepi.ir/wp-login.php" "Mozilla/5.0 (Windows NT 10.0; Win64; x64; rv:133.0) Gecko/20100101 Firefox/133.0"
57.141.20.14 - - [01/Jul/2026:16:36:22 +0330] "GET /blog/classic-metro/ HTTP/1.1" 200 59799 "-" "meta-externalagent/1.1 (+https://developers.facebook.com/docs/sharing/webmasters/crawler)"
143.198.203.76 - - [01/Jul/2026:16:42:33 +0330] "GET /wp-login.php HTTP/1.1" 200 6129 "-" "Mozilla/5.0 (Windows NT 10.0; Win64; x64) AppleWebKit/537.36 (KHTML, like Gecko) Chrome/120.0.0.0 Safari/537.36"
143.198.203.76 - - [01/Jul/2026:16:42:34 +0330] "POST /wp-login.php HTTP/1.1" 200 6603 "https://pish.nepi.ir/wp-login.php" "Mozilla/5.0 (Windows NT 10.0; Win64; x64) AppleWebKit/537.36 (KHTML, like Gecko) Chrome/120.0.0.0 Safari/537.36"
57.141.20.73 - - [01/Jul/2026:16:42:36 +0330] "GET /project/unicolor-87/ HTTP/1.1" 200 49660 "-" "meta-externalagent/1.1 (+https://developers.facebook.com/docs/sharing/webmasters/crawler)"
57.141.20.20 - - [01/Jul/2026:16:42:38 +0330] "GET /wp-includes/js/imagesloaded.min.js?ver=5.0.0 HTTP/1.1" 200 5520 "https://pish.nepi.ir/project/unicolor-87/" "meta-externalagent/1.1 (+https://developers.facebook.com/docs/sharing/webmasters/crawler)"
57.141.20.53 - - [01/Jul/2026:16:42:38 +0330] "GET /wp-includes/css/dist/block-library/style.min.css?ver=6.9.4 HTTP/1.1" 200 119358 "https://pish.nepi.ir/project/unicolor-87/" "meta-externalagent/1.1 (+https://developers.facebook.com/docs/sharing/webmasters/crawler)"
57.141.20.49 - - [01/Jul/2026:16:42:38 +0330] "GET /wp-includes/js/jquery/jquery.min.js?ver=3.7.1 HTTP/1.1" 200 87553 "https://pish.nepi.ir/project/unicolor-87/" "meta-externalagent/1.1 (+https://developers.facebook.com/docs/sharing/webmasters/crawler)"
57.141.20.14 - - [01/Jul/2026:16:42:38 +0330] "GET /wp-content/themes/ohio/assets/js/libs/jquery.tilt.min.js?ver=6.9.4 HTTP/1.1" 200 5330 "https://pish.nepi.ir/project/unicolor-87/" "meta-externalagent/1.1 (+https://developers.facebook.com/docs/sharing/webmasters/crawler)"
57.141.20.60 - - [01/Jul/2026:16:42:38 +0330] "GET /wp-content/themes/ohio/assets/fonts/fa/css/all.css?ver=6.9.4 HTTP/1.1" 200 102217 "https://pish.nepi.ir/project/unicolor-87/" "meta-externalagent/1.1 (+https://developers.facebook.com/docs/sharing/webmasters/crawler)"
57.141.20.54 - - [01/Jul/2026:16:42:38 +0330] "GET /wp-content/plugins/js_composer/assets/js/dist/js_composer_front.min.js?ver=7.3 HTTP/1.1" 200 20757 "https://pish.nepi.ir/project/unicolor-87/" "meta-externalagent/1.1 (+https://developers.facebook.com/docs/sharing/webmasters/crawler)"
57.141.20.39 - - [01/Jul/2026:16:42:38 +0330] "GET /wp-content/plugins/js_composer/assets/css/js_composer.min.css?ver=7.3 HTTP/1.1" 200 464841 "https://pish.nepi.ir/project/unicolor-87/" "meta-externalagent/1.1 (+https://developers.facebook.com/docs/sharing/webmasters/crawler)"
57.141.20.47 - - [01/Jul/2026:16:42:39 +0330] "GET /wp-content/themes/ohio/assets/js/main.min.js?ver=3.3.3 HTTP/1.1" 200 68092 "https://pish.nepi.ir/project/unicolor-87/" "meta-externalagent/1.1 (+https://developers.facebook.com/docs/sharing/webmasters/crawler)"
57.141.20.25 - - [01/Jul/2026:16:42:39 +0330] "GET /wp-content/themes/ohio/assets/js/jquery.clb-slider.min.js?ver=6.9.4 HTTP/1.1" 200 14005 "https://pish.nepi.ir/project/unicolor-87/" "meta-externalagent/1.1 (+https://developers.facebook.com/docs/sharing/webmasters/crawler)"
57.141.20.27 - - [01/Jul/2026:16:42:39 +0330] "GET /wp-content/plugins/contact-form-7/includes/js/index.js?ver=5.8.5 HTTP/1.1" 200 13182 "https://pish.nepi.ir/project/unicolor-87/" "meta-externalagent/1.1 (+https://developers.facebook.com/docs/sharing/webmasters/crawler)"
57.141.20.43 - - [01/Jul/2026:16:42:39 +0330] "GET /wp-content/plugins/contact-form-7/includes/swv/js/index.js?ver=5.8.5 HTTP/1.1" 200 11117 "https://pish.nepi.ir/project/unicolor-87/" "meta-externalagent/1.1 (+https://developers.facebook.com/docs/sharing/webmasters/crawler)"
57.141.20.66 - - [01/Jul/2026:16:42:39 +0330] "GET /wp-includes/js/jquery/jquery.masonry.min.js?ver=3.1.2b HTTP/1.1" 200 1819 "https://pish.nepi.ir/project/unicolor-87/" "meta-externalagent/1.1 (+https://developers.facebook.com/docs/sharing/webmasters/crawler)"
57.141.20.42 - - [01/Jul/2026:16:42:39 +0330] "GET /wp-includes/js/masonry.min.js?ver=4.2.2 HTTP/1.1" 200 24138 "https://pish.nepi.ir/project/unicolor-87/" "meta-externalagent/1.1 (+https://developers.facebook.com/docs/sharing/webmasters/crawler)"
57.141.20.61 - - [01/Jul/2026:16:42:39 +0330] "GET /wp-content/plugins/contact-form-7/includes/css/styles.css?ver=5.8.5 HTTP/1.1" 200 2894 "https://pish.nepi.ir/project/unicolor-87/" "meta-externalagent/1.1 (+https://developers.facebook.com/docs/sharing/webmasters/crawler)"
57.141.20.8 - - [01/Jul/2026:16:42:40 +0330] "GET /wp-includes/js/wp-emoji-release.min.js?ver=6.9.4 HTTP/1.1" 200 22762 "https://pish.nepi.ir/project/unicolor-87/" "meta-externalagent/1.1 (+https://developers.facebook.com/docs/sharing/webmasters/crawler)"
57.141.20.73 - - [01/Jul/2026:16:42:40 +0330] "GET /wp-includes/js/comment-reply.min.js?ver=6.9.4 HTTP/1.1" 200 3026 "https://pish.nepi.ir/project/unicolor-87/" "meta-externalagent/1.1 (+https://developers.facebook.com/docs/sharing/webmasters/crawler)"
57.141.20.60 - - [01/Jul/2026:16:42:41 +0330] "GET /wp-content/plugins/slider-revolution/public/assets/js/rs6.min.js?ver=6.6.18 HTTP/1.1" 200 410153 "https://pish.nepi.ir/project/unicolor-87/" "meta-externalagent/1.1 (+https://developers.facebook.com/docs/sharing/webmasters/crawler)"
167.233.44.241 - - [01/Jul/2026:16:44:05 +0330] "GET /wp-login.php HTTP/1.1" 200 6129 "-" "Mozilla/5.0 (Macintosh; Intel Mac OS X 14_7_4) AppleWebKit/537.36 (KHTML, like Gecko) Chrome/133.0.0.0 Safari/537.36"
167.233.44.241 - - [01/Jul/2026:16:44:05 +0330] "POST /wp-login.php HTTP/1.1" 200 6603 "https://pish.nepi.ir/wp-login.php" "Mozilla/5.0 (Macintosh; Intel Mac OS X 14_7_4) AppleWebKit/537.36 (KHTML, like Gecko) Chrome/133.0.0.0 Safari/537.36"
57.141.20.37 - - [01/Jul/2026:16:46:38 +0330] "GET /blog/zoom-out-effect-elementor/ HTTP/1.1" 200 66760 "-" "meta-externalagent/1.1 (+https://developers.facebook.com/docs/sharing/webmasters/crawler)"
57.141.20.55 - - [01/Jul/2026:16:46:40 +0330] "GET /wp-content/plugins/elementor/assets/lib/swiper/v8/css/swiper.min.css?ver=8.4.5 HTTP/1.1" 200 16471 "https://pish.nepi.ir/blog/zoom-out-effect-elementor/" "meta-externalagent/1.1 (+https://developers.facebook.com/docs/sharing/webmasters/crawler)"
57.141.20.37 - - [01/Jul/2026:16:46:39 +0330] "GET /wp-content/plugins/elementor/assets/css/frontend-lite.min.css?ver=3.18.3 HTTP/1.1" 200 117332 "https://pish.nepi.ir/blog/zoom-out-effect-elementor/" "meta-externalagent/1.1 (+https://developers.facebook.com/docs/sharing/webmasters/crawler)"
57.141.20.20 - - [01/Jul/2026:16:46:40 +0330] "GET /wp-content/plugins/contact-form-7/includes/swv/js/index.js?ver=5.8.5 HTTP/1.1" 200 11117 "https://pish.nepi.ir/blog/zoom-out-effect-elementor/" "meta-externalagent/1.1 (+https://developers.facebook.com/docs/sharing/webmasters/crawler)"
57.141.20.73 - - [01/Jul/2026:16:46:40 +0330] "GET /wp-content/uploads/elementor/css/post-221633.css?ver=1754525442 HTTP/1.1" 200 337 "https://pish.nepi.ir/blog/zoom-out-effect-elementor/" "meta-externalagent/1.1 (+https://developers.facebook.com/docs/sharing/webmasters/crawler)"
57.141.20.12 - - [01/Jul/2026:16:46:40 +0330] "GET /wp-content/plugins/slider-revolution/public/assets/css/rs6.css?ver=6.6.18 HTTP/1.1" 200 58327 "https://pish.nepi.ir/blog/zoom-out-effect-elementor/" "meta-externalagent/1.1 (+https://developers.facebook.com/docs/sharing/webmasters/crawler)"
57.141.20.31 - - [01/Jul/2026:16:46:40 +0330] "GET /wp-content/plugins/js_composer/assets/lib/bower/isotope/dist/isotope.pkgd.min.js?ver=7.3 HTTP/1.1" 200 35722 "https://pish.nepi.ir/blog/zoom-out-effect-elementor/" "meta-externalagent/1.1 (+https://developers.facebook.com/docs/sharing/webmasters/crawler)"
57.141.20.8 - - [01/Jul/2026:16:46:40 +0330] "GET /wp-content/themes/ohio/assets/js/libs/aos.min.js?ver=6.9.4 HTTP/1.1" 200 14239 "https://pish.nepi.ir/blog/zoom-out-effect-elementor/" "meta-externalagent/1.1 (+https://developers.facebook.com/docs/sharing/webmasters/crawler)"
57.141.20.6 - - [01/Jul/2026:16:46:41 +0330] "GET /wp-content/plugins/elementor/assets/js/frontend-modules.min.js?ver=3.18.3 HTTP/1.1" 200 60173 "https://pish.nepi.ir/blog/zoom-out-effect-elementor/" "meta-externalagent/1.1 (+https://developers.facebook.com/docs/sharing/webmasters/crawler)"
57.141.20.1 - - [01/Jul/2026:16:46:41 +0330] "GET /wp-content/plugins/ohio-extra/elementor/widgets/recent-posts/handler.js?ver=1.0.0 HTTP/1.1" 200 357 "https://pish.nepi.ir/blog/zoom-out-effect-elementor/" "meta-externalagent/1.1 (+https://developers.facebook.com/docs/sharing/webmasters/crawler)"
57.141.20.64 - - [01/Jul/2026:16:46:41 +0330] "GET /wp-content/themes/ohio/assets/js/libs/jquery.compare.min.js?ver=1.0.0 HTTP/1.1" 200 2476 "https://pish.nepi.ir/blog/zoom-out-effect-elementor/" "meta-externalagent/1.1 (+https://developers.facebook.com/docs/sharing/webmasters/crawler)"
57.141.20.21 - - [01/Jul/2026:16:46:41 +0330] "GET /wp-includes/js/jquery/ui/core.min.js?ver=1.13.3 HTTP/1.1" 200 21464 "https://pish.nepi.ir/blog/zoom-out-effect-elementor/" "meta-externalagent/1.1 (+https://developers.facebook.com/docs/sharing/webmasters/crawler)"
57.141.20.60 - - [01/Jul/2026:16:46:41 +0330] "GET /wp-content/plugins/elementor/assets/js/frontend.min.js?ver=3.18.3 HTTP/1.1" 200 40436 "https://pish.nepi.ir/blog/zoom-out-effect-elementor/" "meta-externalagent/1.1 (+https://developers.facebook.com/docs/sharing/webmasters/crawler)"
57.141.20.51 - - [01/Jul/2026:16:46:41 +0330] "GET /wp-content/plugins/elementor/assets/js/webpack.runtime.min.js?ver=3.18.3 HTTP/1.1" 200 4997 "https://pish.nepi.ir/blog/zoom-out-effect-elementor/" "meta-externalagent/1.1 (+https://developers.facebook.com/docs/sharing/webmasters/crawler)"
57.141.20.51 - - [01/Jul/2026:16:46:41 +0330] "GET /wp-content/themes/ohio/assets/js/libs/jquery.event.move.min.js?ver=1.0.0 HTTP/1.1" 200 5537 "https://pish.nepi.ir/blog/zoom-out-effect-elementor/" "meta-externalagent/1.1 (+https://developers.facebook.com/docs/sharing/webmasters/crawler)"
57.141.20.69 - - [01/Jul/2026:16:46:41 +0330] "GET /wp-content/plugins/elementor/assets/lib/waypoints/waypoints.min.js?ver=4.0.2 HTTP/1.1" 200 12198 "https://pish.nepi.ir/blog/zoom-out-effect-elementor/" "meta-externalagent/1.1 (+https://developers.facebook.com/docs/sharing/webmasters/crawler)"
216.73.217.51 - - [01/Jul/2026:16:52:14 +0330] "GET /robots.txt HTTP/1.1" 200 113 "-" "Mozilla/5.0 AppleWebKit/537.36 (KHTML, like Gecko; compatible; ClaudeBot/1.0; +claudebot@anthropic.com)"
216.73.217.51 - - [01/Jul/2026:16:52:14 +0330] "GET /wp-sitemap.xml HTTP/1.1" 200 889 "-" "Mozilla/5.0 AppleWebKit/537.36 (KHTML, like Gecko; compatible; ClaudeBot/1.0; +claudebot@anthropic.com)"
57.141.20.53 - - [01/Jul/2026:17:00:17 +0330] "GET /blog/minimal-image-greyscale/ HTTP/1.1" 200 60338 "-" "meta-externalagent/1.1 (+https://developers.facebook.com/docs/sharing/webmasters/crawler)"
57.141.20.13 - - [01/Jul/2026:17:00:18 +0330] "GET /wp-includes/js/jquery/jquery-migrate.min.js?ver=3.4.1 HTTP/1.1" 200 13577 "https://pish.nepi.ir/blog/minimal-image-greyscale/" "meta-externalagent/1.1 (+https://developers.facebook.com/docs/sharing/webmasters/crawler)"
57.141.20.29 - - [01/Jul/2026:17:00:18 +0330] "GET /wp-content/themes/ohio/assets/js/libs/jquery.mega-menu.min.js?ver=6.9.4 HTTP/1.1" 200 15662 "https://pish.nepi.ir/blog/minimal-image-greyscale/" "meta-externalagent/1.1 (+https://developers.facebook.com/docs/sharing/webmasters/crawler)"
57.141.20.21 - - [01/Jul/2026:17:00:24 +0330] "GET /blog/minimal-image-greyscale/null HTTP/1.1" 404 38672 "https://pish.nepi.ir/blog/minimal-image-greyscale/" "meta-externalagent/1.1 (+https://developers.facebook.com/docs/sharing/webmasters/crawler)"
78.142.18.172 - - [01/Jul/2026:17:09:02 +0330] "GET /wp-login.php HTTP/1.1" 200 6129 "-" "Mozilla/5.0 (X11; CrOS x86_64 14541.0.0) AppleWebKit/537.36 (KHTML, like Gecko) Chrome/133.0.0.0 Safari/537.36"
78.142.18.172 - - [01/Jul/2026:17:09:02 +0330] "POST /wp-login.php HTTP/1.1" 200 6603 "https://pish.nepi.ir/wp-login.php" "Mozilla/5.0 (X11; CrOS x86_64 14541.0.0) AppleWebKit/537.36 (KHTML, like Gecko) Chrome/133.0.0.0 Safari/537.36"
162.55.47.0 - - [01/Jul/2026:17:10:14 +0330] "POST /wp-cron.php?doing_wp_cron=1782913214.3514320850372314453125 HTTP/1.1" 200 - "-" "WordPress/6.9.4; https://pish.nepi.ir"
57.141.20.1 - - [01/Jul/2026:17:10:14 +0330] "GET /wp-sitemap-taxonomies-post_format-1.xml HTTP/1.1" 200 244 "-" "meta-externalagent/1.1 (+https://developers.facebook.com/docs/sharing/webmasters/crawler)"
185.176.8.77 - - [01/Jul/2026:17:15:49 +0330] "GET /wp-login.php HTTP/1.1" 200 6129 "-" "Mozilla/5.0 (Windows NT 10.0; Win64; x64) AppleWebKit/537.36 (KHTML, like Gecko) Chrome/120.0.0.0 Safari/537.36"
185.176.8.77 - - [01/Jul/2026:17:15:49 +0330] "POST /wp-login.php HTTP/1.1" 200 6603 "https://pish.nepi.ir/wp-login.php" "Mozilla/5.0 (Windows NT 10.0; Win64; x64) AppleWebKit/537.36 (KHTML, like Gecko) Chrome/120.0.0.0 Safari/537.36"
162.55.47.0 - - [01/Jul/2026:17:19:48 +0330] "POST /wp-cron.php?doing_wp_cron=1782913788.8159608840942382812500 HTTP/1.1" 200 - "-" "WordPress/6.9.4; https://pish.nepi.ir"
57.141.20.2 - - [01/Jul/2026:17:19:48 +0330] "GET /project/a3-cascad-office-hub-in-sogne/ HTTP/1.1" 200 88570 "-" "meta-externalagent/1.1 (+https://developers.facebook.com/docs/sharing/webmasters/crawler)"
213.171.208.62 - - [01/Jul/2026:17:21:46 +0330] "GET /wp-login.php HTTP/1.1" 200 6129 "-" "Mozilla/5.0 (Windows NT 10.0; Win64; x64) AppleWebKit/537.36 (KHTML, like Gecko) Chrome/133.0.0.0 Safari/537.36"
213.171.208.62 - - [01/Jul/2026:17:21:47 +0330] "POST /wp-login.php HTTP/1.1" 200 6603 "https://pish.nepi.ir/wp-login.php" "Mozilla/5.0 (Windows NT 10.0; Win64; x64) AppleWebKit/537.36 (KHTML, like Gecko) Chrome/133.0.0.0 Safari/537.36"
158.51.50.11 - - [01/Jul/2026:17:34:27 +0330] "GET /wp-login.php HTTP/1.1" 200 6129 "-" "Mozilla/5.0 (Windows NT 10.0) AppleWebKit/537.36 (KHTML, like Gecko) Chrome/133.0.0.0 Safari/537.36"
158.51.50.11 - - [01/Jul/2026:17:34:28 +0330] "POST /wp-login.php HTTP/1.1" 200 6603 "https://pish.nepi.ir/wp-login.php" "Mozilla/5.0 (Windows NT 10.0) AppleWebKit/537.36 (KHTML, like Gecko) Chrome/133.0.0.0 Safari/537.36"
103.133.214.160 - - [01/Jul/2026:17:47:26 +0330] "GET /wp-login.php HTTP/1.1" 200 6129 "-" "Mozilla/5.0 (Macintosh; Intel Mac OS X 10_15_7) AppleWebKit/537.36 (KHTML, like Gecko) Chrome/133.0.0.0 Safari/537.36 Edg/133.0.0.0"
103.133.214.160 - - [01/Jul/2026:17:47:27 +0330] "POST /wp-login.php HTTP/1.1" 200 6603 "https://pish.nepi.ir/wp-login.php" "Mozilla/5.0 (Macintosh; Intel Mac OS X 10_15_7) AppleWebKit/537.36 (KHTML, like Gecko) Chrome/133.0.0.0 Safari/537.36 Edg/133.0.0.0"
141.94.240.62 - - [01/Jul/2026:18:00:10 +0330] "GET /wp-login.php HTTP/1.1" 200 6129 "-" "Mozilla/5.0 (Macintosh; Intel Mac OS X 10_15_7) AppleWebKit/605.1.15 (KHTML, like Gecko) Version/18.3 Safari/605.1.15"
141.94.240.62 - - [01/Jul/2026:18:00:10 +0330] "POST /wp-login.php HTTP/1.1" 200 6603 "https://pish.nepi.ir/wp-login.php" "Mozilla/5.0 (Macintosh; Intel Mac OS X 10_15_7) AppleWebKit/605.1.15 (KHTML, like Gecko) Version/18.3 Safari/605.1.15"
57.141.20.64 - - [01/Jul/2026:18:02:01 +0330] "GET /blog/minimal/ HTTP/1.1" 200 60086 "-" "meta-externalagent/1.1 (+https://developers.facebook.com/docs/sharing/webmasters/crawler)"
45.148.10.15 - - [01/Jul/2026:18:03:04 +0330] "GET / HTTP/1.1" 200 234312 "-" "Mozilla/5.0 (compatible; pathscan/1.0)"
45.148.10.15 - - [01/Jul/2026:18:03:09 +0330] "GET /1aepdauxh5gckln1asshynwhy HTTP/1.1" 404 38622 "-" "Mozilla/5.0 (compatible; pathscan/1.0)"
45.148.10.15 - - [01/Jul/2026:18:03:09 +0330] "GET /16tsyqz8hh6cypvxo9j05eguq.html HTTP/1.1" 404 38622 "-" "Mozilla/5.0 (compatible; pathscan/1.0)"
45.148.10.15 - - [01/Jul/2026:18:03:28 +0330] "GET /.babelrc HTTP/1.1" 404 38622 "-" "Mozilla/5.0 (compatible; pathscan/1.0)"
45.148.10.15 - - [01/Jul/2026:18:03:28 +0330] "GET /.c9/metadata/environment/.env HTTP/1.1" 404 38622 "-" "Mozilla/5.0 (compatible; pathscan/1.0)"
45.148.10.15 - - [01/Jul/2026:18:03:32 +0330] "GET /.circleci/config.yml HTTP/1.1" 404 38622 "-" "Mozilla/5.0 (compatible; pathscan/1.0)"
45.148.10.15 - - [01/Jul/2026:18:03:32 +0330] "GET /.debug HTTP/1.1" 404 38622 "-" "Mozilla/5.0 (compatible; pathscan/1.0)"
45.148.10.15 - - [01/Jul/2026:18:03:33 +0330] "GET /.debugbar HTTP/1.1" 404 38622 "-" "Mozilla/5.0 (compatible; pathscan/1.0)"
45.148.10.15 - - [01/Jul/2026:18:03:41 +0330] "GET /.editorconfig HTTP/1.1" 404 38622 "-" "Mozilla/5.0 (compatible; pathscan/1.0)"
45.148.10.15 - - [01/Jul/2026:18:03:42 +0330] "GET /.docker/.env HTTP/1.1" 404 38622 "-" "Mozilla/5.0 (compatible; pathscan/1.0)"
45.148.10.15 - - [01/Jul/2026:18:03:42 +0330] "GET /.env HTTP/1.1" 404 38622 "-" "Mozilla/5.0 (compatible; pathscan/1.0)"
45.148.10.15 - - [01/Jul/2026:18:03:42 +0330] "GET /.env.1 HTTP/1.1" 404 38622 "-" "Mozilla/5.0 (compatible; pathscan/1.0)"
45.148.10.15 - - [01/Jul/2026:18:03:45 +0330] "GET /.env.2 HTTP/1.1" 404 38622 "-" "Mozilla/5.0 (compatible; pathscan/1.0)"
45.148.10.15 - - [01/Jul/2026:18:03:46 +0330] "GET /.env.3 HTTP/1.1" 404 38622 "-" "Mozilla/5.0 (compatible; pathscan/1.0)"
45.148.10.15 - - [01/Jul/2026:18:04:00 +0330] "GET /.env.back HTTP/1.1" 404 38622 "-" "Mozilla/5.0 (compatible; pathscan/1.0)"
45.148.10.15 - - [01/Jul/2026:18:04:01 +0330] "GET /.env.backup HTTP/1.1" 404 38622 "-" "Mozilla/5.0 (compatible; pathscan/1.0)"
45.148.10.15 - - [01/Jul/2026:18:04:23 +0330] "GET /.env.development HTTP/1.1" 404 38622 "-" "Mozilla/5.0 (compatible; pathscan/1.0)"
45.148.10.15 - - [01/Jul/2026:18:04:24 +0330] "GET /.env.dev HTTP/1.1" 404 38622 "-" "Mozilla/5.0 (compatible; pathscan/1.0)"
45.148.10.15 - - [01/Jul/2026:18:04:29 +0330] "GET /.env.example HTTP/1.1" 404 38622 "-" "Mozilla/5.0 (compatible; pathscan/1.0)"
45.148.10.15 - - [01/Jul/2026:18:04:29 +0330] "GET /.env.dist HTTP/1.1" 404 38622 "-" "Mozilla/5.0 (compatible; pathscan/1.0)"
45.148.10.15 - - [01/Jul/2026:18:04:32 +0330] "GET /.env.local HTTP/1.1" 404 38622 "-" "Mozilla/5.0 (compatible; pathscan/1.0)"
45.148.10.15 - - [01/Jul/2026:18:04:32 +0330] "GET /.env.old HTTP/1.1" 404 38622 "-" "Mozilla/5.0 (compatible; pathscan/1.0)"
45.148.10.15 - - [01/Jul/2026:18:04:37 +0330] "GET /.env.production HTTP/1.1" 404 38622 "-" "Mozilla/5.0 (compatible; pathscan/1.0)"
45.148.10.15 - - [01/Jul/2026:18:04:39 +0330] "GET /.env.prod HTTP/1.1" 404 38622 "-" "Mozilla/5.0 (compatible; pathscan/1.0)"
45.148.10.15 - - [01/Jul/2026:18:04:40 +0330] "GET /.env.sample HTTP/1.1" 404 38622 "-" "Mozilla/5.0 (compatible; pathscan/1.0)"
45.148.10.15 - - [01/Jul/2026:18:04:41 +0330] "GET /.env.save HTTP/1.1" 404 38622 "-" "Mozilla/5.0 (compatible; pathscan/1.0)"
45.148.10.15 - - [01/Jul/2026:18:04:43 +0330] "GET /.env.save.1 HTTP/1.1" 404 38622 "-" "Mozilla/5.0 (compatible; pathscan/1.0)"
45.148.10.15 - - [01/Jul/2026:18:04:44 +0330] "GET /.env.suspected HTTP/1.1" 404 38622 "-" "Mozilla/5.0 (compatible; pathscan/1.0)"
45.148.10.15 - - [01/Jul/2026:18:04:45 +0330] "GET /.env.test HTTP/1.1" 404 38622 "-" "Mozilla/5.0 (compatible; pathscan/1.0)"
45.148.10.15 - - [01/Jul/2026:18:04:56 +0330] "GET /.env.www HTTP/1.1" 404 38622 "-" "Mozilla/5.0 (compatible; pathscan/1.0)"
45.148.10.15 - - [01/Jul/2026:18:04:56 +0330] "GET /.env.txt HTTP/1.1" 404 38622 "-" "Mozilla/5.0 (compatible; pathscan/1.0)"
162.55.47.0 - - [01/Jul/2026:18:12:33 +0330] "POST /wp-cron.php?doing_wp_cron=1782916953.4684970378875732421875 HTTP/1.1" 200 - "-" "WordPress/6.9.4; https://pish.nepi.ir"
103.82.195.111 - - [01/Jul/2026:18:12:33 +0330] "GET /wp-login.php HTTP/1.1" 200 6129 "-" "Mozilla/5.0 (X11; Linux i686) AppleWebKit/537.36 (KHTML, like Gecko) Chrome/133.0.0.0 Safari/537.36"
103.82.195.111 - - [01/Jul/2026:18:12:34 +0330] "POST /wp-login.php HTTP/1.1" 200 6603 "https://pish.nepi.ir/wp-login.php" "Mozilla/5.0 (X11; Linux i686) AppleWebKit/537.36 (KHTML, like Gecko) Chrome/133.0.0.0 Safari/537.36"
57.141.20.54 - - [01/Jul/2026:18:16:34 +0330] "GET /portfolio/fade-left-effect/ HTTP/1.1" 200 111163 "-" "meta-externalagent/1.1 (+https://developers.facebook.com/docs/sharing/webmasters/crawler)"
57.141.20.14 - - [01/Jul/2026:18:18:16 +0330] "GET /about/ HTTP/1.1" 200 43514 "-" "meta-externalagent/1.1 (+https://developers.facebook.com/docs/sharing/webmasters/crawler)"
162.55.47.0 - - [01/Jul/2026:18:20:00 +0330] "POST /wp-cron.php?doing_wp_cron=1782917400.7937920093536376953125 HTTP/1.1" 200 - "-" "WordPress/6.9.4; https://pish.nepi.ir"
185.176.8.77 - - [01/Jul/2026:18:20:00 +0330] "GET /wp-login.php HTTP/1.1" 200 6129 "-" "Mozilla/5.0 (Windows NT 10.0; Win64; x64) AppleWebKit/537.36 (KHTML, like Gecko) Chrome/120.0.0.0 Safari/537.36"
185.176.8.77 - - [01/Jul/2026:18:20:01 +0330] "POST /wp-login.php HTTP/1.1" 200 6603 "https://pish.nepi.ir/wp-login.php" "Mozilla/5.0 (Windows NT 10.0; Win64; x64) AppleWebKit/537.36 (KHTML, like Gecko) Chrome/120.0.0.0 Safari/537.36"
8.210.26.107 - - [01/Jul/2026:18:25:08 +0330] "GET /wp-login.php HTTP/1.1" 200 6129 "-" "Mozilla/5.0 (X11; CrOS x86_64 14541.0.0) AppleWebKit/537.36 (KHTML, like Gecko) Chrome/133.0.0.0 Safari/537.36"
8.210.26.107 - - [01/Jul/2026:18:25:09 +0330] "POST /wp-login.php HTTP/1.1" 200 6603 "https://pish.nepi.ir/wp-login.php" "Mozilla/5.0 (X11; CrOS x86_64 14541.0.0) AppleWebKit/537.36 (KHTML, like Gecko) Chrome/133.0.0.0 Safari/537.36"
57.141.20.12 - - [01/Jul/2026:18:26:02 +0330] "GET /accordion-widget/ HTTP/1.1" 200 72709 "-" "meta-externalagent/1.1 (+https://developers.facebook.com/docs/sharing/webmasters/crawler)"
57.141.20.64 - - [01/Jul/2026:18:26:04 +0330] "GET /wp-content/plugins/elementor/assets/lib/waypoints/waypoints.min.js?ver=4.0.2 HTTP/1.1" 200 12198 "https://pish.nepi.ir/accordion-widget/" "meta-externalagent/1.1 (+https://developers.facebook.com/docs/sharing/webmasters/crawler)"
57.141.20.18 - - [01/Jul/2026:18:26:04 +0330] "GET /wp-content/plugins/elementor/assets/js/frontend.min.js?ver=3.18.3 HTTP/1.1" 200 40436 "https://pish.nepi.ir/accordion-widget/" "meta-externalagent/1.1 (+https://developers.facebook.com/docs/sharing/webmasters/crawler)"
57.141.20.0 - - [01/Jul/2026:18:26:04 +0330] "GET /wp-content/uploads/elementor/css/post-203594.css?ver=1753722010 HTTP/1.1" 200 1636 "https://pish.nepi.ir/accordion-widget/" "meta-externalagent/1.1 (+https://developers.facebook.com/docs/sharing/webmasters/crawler)"
57.141.20.53 - - [01/Jul/2026:18:26:05 +0330] "GET /wp-content/themes/ohio/assets/fonts/ionicons/webfonts/ionicons.woff2?v=4.0.0 HTTP/1.1" 200 50580 "https://pish.nepi.ir/wp-content/themes/ohio/assets/fonts/ionicons/css/ionicons.min.css?ver=1.0.0" "meta-externalagent/1.1 (+https://developers.facebook.com/docs/sharing/webmasters/crawler)"
57.141.20.47 - - [01/Jul/2026:18:26:06 +0330] "GET /wp-content/plugins/slider-revolution/public/assets/js/rbtools.min.js?ver=6.6.18 HTTP/1.1" 200 165339 "https://pish.nepi.ir/accordion-widget/" "meta-externalagent/1.1 (+https://developers.facebook.com/docs/sharing/webmasters/crawler)"
57.141.20.38 - - [01/Jul/2026:18:28:57 +0330] "GET /project/worlds-relays-elementor-2/ HTTP/1.1" 200 131491 "-" "meta-externalagent/1.1 (+https://developers.facebook.com/docs/sharing/webmasters/crawler)"
57.141.20.5 - - [01/Jul/2026:18:29:22 +0330] "GET /portfolio-category/sports/ HTTP/1.1" 200 48623 "-" "meta-externalagent/1.1 (+https://developers.facebook.com/docs/sharing/webmasters/crawler)"
57.141.20.66 - - [01/Jul/2026:18:29:53 +0330] "GET /portfolio/onepage-with-smooth-scroll/ HTTP/1.1" 200 85674 "-" "meta-externalagent/1.1 (+https://developers.facebook.com/docs/sharing/webmasters/crawler)"
57.141.20.13 - - [01/Jul/2026:18:29:54 +0330] "GET /wp-includes/css/dist/block-library/style.min.css?ver=6.9.4 HTTP/1.1" 200 119358 "https://pish.nepi.ir/portfolio/onepage-with-smooth-scroll/" "meta-externalagent/1.1 (+https://developers.facebook.com/docs/sharing/webmasters/crawler)"
57.141.20.30 - - [01/Jul/2026:18:31:26 +0330] "GET /cart-2/ HTTP/1.1" 200 41877 "-" "meta-externalagent/1.1 (+https://developers.facebook.com/docs/sharing/webmasters/crawler)"
57.141.20.69 - - [01/Jul/2026:18:32:57 +0330] "GET /progress-bar-widget/ HTTP/1.1" 200 66479 "-" "meta-externalagent/1.1 (+https://developers.facebook.com/docs/sharing/webmasters/crawler)"
57.141.20.71 - - [01/Jul/2026:18:34:51 +0330] "GET /portfolio/load-more-pagination-text/ HTTP/1.1" 200 74596 "-" "meta-externalagent/1.1 (+https://developers.facebook.com/docs/sharing/webmasters/crawler)"
57.141.20.14 - - [01/Jul/2026:18:34:56 +0330] "GET /portfolio/load-more-pagination-text/null HTTP/1.1" 404 38679 "https://pish.nepi.ir/portfolio/load-more-pagination-text/" "meta-externalagent/1.1 (+https://developers.facebook.com/docs/sharing/webmasters/crawler)"
57.141.20.55 - - [01/Jul/2026:18:36:50 +0330] "GET /project/diseno-grafico/ HTTP/1.1" 200 49600 "-" "meta-externalagent/1.1 (+https://developers.facebook.com/docs/sharing/webmasters/crawler)"
199.189.225.167 - - [01/Jul/2026:18:37:57 +0330] "GET /wp-login.php HTTP/1.1" 200 6129 "-" "Mozilla/5.0 (Windows NT 10.0; Win64; x64) AppleWebKit/537.36 (KHTML, like Gecko) Chrome/133.0.0.0 Safari/537.36"
199.189.225.167 - - [01/Jul/2026:18:37:58 +0330] "POST /wp-login.php HTTP/1.1" 200 6603 "https://pish.nepi.ir/wp-login.php" "Mozilla/5.0 (Windows NT 10.0; Win64; x64) AppleWebKit/537.36 (KHTML, like Gecko) Chrome/133.0.0.0 Safari/537.36"
57.141.20.3 - - [01/Jul/2026:18:38:12 +0330] "GET /icon-box-widget/ HTTP/1.1" 200 80941 "-" "meta-externalagent/1.1 (+https://developers.facebook.com/docs/sharing/webmasters/crawler)"
57.141.20.28 - - [01/Jul/2026:18:43:16 +0330] "GET /portfolio/standard-pagination-outlined-elementor/ HTTP/1.1" 200 146255 "-" "meta-externalagent/1.1 (+https://developers.facebook.com/docs/sharing/webmasters/crawler)"
57.141.20.29 - - [01/Jul/2026:18:43:18 +0330] "GET /wp-content/themes/ohio/assets/js/libs/jquery.event.move.min.js?ver=1.0.0 HTTP/1.1" 200 5537 "https://pish.nepi.ir/portfolio/standard-pagination-outlined-elementor/" "meta-externalagent/1.1 (+https://developers.facebook.com/docs/sharing/webmasters/crawler)"
57.141.20.56 - - [01/Jul/2026:18:43:18 +0330] "GET /wp-content/uploads/elementor/css/post-222278.css?ver=1754401271 HTTP/1.1" 200 3348 "https://pish.nepi.ir/portfolio/standard-pagination-outlined-elementor/" "meta-externalagent/1.1 (+https://developers.facebook.com/docs/sharing/webmasters/crawler)"
57.141.20.33 - - [01/Jul/2026:18:43:18 +0330] "GET /wp-content/plugins/ohio-extra/elementor/widgets/recent-projects/handler.js?ver=1.0.0 HTTP/1.1" 200 1052 "https://pish.nepi.ir/portfolio/standard-pagination-outlined-elementor/" "meta-externalagent/1.1 (+https://developers.facebook.com/docs/sharing/webmasters/crawler)"
57.141.20.71 - - [01/Jul/2026:18:43:24 +0330] "GET /portfolio/standard-pagination-outlined-elementor/null HTTP/1.1" 404 38692 "https://pish.nepi.ir/portfolio/standard-pagination-outlined-elementor/" "meta-externalagent/1.1 (+https://developers.facebook.com/docs/sharing/webmasters/crawler)"
179.127.11.105 - - [01/Jul/2026:18:50:38 +0330] "GET /wp-login.php HTTP/1.1" 200 6129 "-" "Mozilla/5.0 (Windows NT 10.0) AppleWebKit/537.36 (KHTML, like Gecko) Chrome/133.0.0.0 Safari/537.36"
179.127.11.105 - - [01/Jul/2026:18:50:40 +0330] "POST /wp-login.php HTTP/1.1" 200 6603 "https://pish.nepi.ir/wp-login.php" "Mozilla/5.0 (Windows NT 10.0) AppleWebKit/537.36 (KHTML, like Gecko) Chrome/133.0.0.0 Safari/537.36"
57.141.20.57 - - [01/Jul/2026:18:51:23 +0330] "GET /blog/lazy-load-pagination-elementor/ HTTP/1.1" 200 62242 "-" "meta-externalagent/1.1 (+https://developers.facebook.com/docs/sharing/webmasters/crawler)"
57.141.20.0 - - [01/Jul/2026:18:52:56 +0330] "GET /blog/minimal-image-greyscale/ HTTP/1.1" 200 60338 "-" "meta-externalagent/1.1 (+https://developers.facebook.com/docs/sharing/webmasters/crawler)"
57.141.20.3 - - [01/Jul/2026:18:56:04 +0330] "GET /project/diseno-deporte/ HTTP/1.1" 200 90943 "-" "meta-externalagent/1.1 (+https://developers.facebook.com/docs/sharing/webmasters/crawler)"
57.141.20.0 - - [01/Jul/2026:18:56:06 +0330] "GET /wp-content/themes/ohio/assets/fonts/linea/software/css/style.css?ver=6.9.4 HTTP/1.1" 200 7209 "https://pish.nepi.ir/project/diseno-deporte/" "meta-externalagent/1.1 (+https://developers.facebook.com/docs/sharing/webmasters/crawler)"
57.141.20.52 - - [01/Jul/2026:18:56:07 +0330] "GET /wp-includes/js/comment-reply.min.js?ver=6.9.4 HTTP/1.1" 200 3026 "https://pish.nepi.ir/project/diseno-deporte/" "meta-externalagent/1.1 (+https://developers.facebook.com/docs/sharing/webmasters/crawler)"
57.141.20.0 - - [01/Jul/2026:18:56:13 +0330] "GET /project/diseno-deporte/null HTTP/1.1" 404 38666 "https://pish.nepi.ir/project/diseno-deporte/" "meta-externalagent/1.1 (+https://developers.facebook.com/docs/sharing/webmasters/crawler)"
57.141.20.26 - - [01/Jul/2026:19:00:12 +0330] "GET /project/contact-ver2/ HTTP/1.1" 200 42666 "-" "meta-externalagent/1.1 (+https://developers.facebook.com/docs/sharing/webmasters/crawler)"
57.141.20.28 - - [01/Jul/2026:19:01:14 +0330] "GET /project/lifestyle-app/ HTTP/1.1" 200 49802 "-" "meta-externalagent/1.1 (+https://developers.facebook.com/docs/sharing/webmasters/crawler)"
57.141.20.17 - - [01/Jul/2026:19:01:53 +0330] "GET /portfolio/flip-up-effect/ HTTP/1.1" 200 111129 "-" "meta-externalagent/1.1 (+https://developers.facebook.com/docs/sharing/webmasters/crawler)"
57.141.20.42 - - [01/Jul/2026:19:02:02 +0330] "GET /portfolio/flip-up-effect/null HTTP/1.1" 404 38668 "https://pish.nepi.ir/portfolio/flip-up-effect/" "meta-externalagent/1.1 (+https://developers.facebook.com/docs/sharing/webmasters/crawler)"
91.142.222.105 - - [01/Jul/2026:19:03:12 +0330] "GET /wp-login.php HTTP/1.1" 200 6129 "-" "Mozilla/5.0 (Macintosh; Intel Mac OS X 10_15_7) AppleWebKit/537.36 (KHTML, like Gecko) Chrome/133.0.0.0 Safari/537.36 Edg/133.0.0.0"
91.142.222.105 - - [01/Jul/2026:19:03:12 +0330] "POST /wp-login.php HTTP/1.1" 200 6603 "https://pish.nepi.ir/wp-login.php" "Mozilla/5.0 (Macintosh; Intel Mac OS X 10_15_7) AppleWebKit/537.36 (KHTML, like Gecko) Chrome/133.0.0.0 Safari/537.36 Edg/133.0.0.0"
57.141.20.38 - - [01/Jul/2026:19:06:21 +0330] "GET /portfolio/minimal-elementor/ HTTP/1.1" 200 117918 "-" "meta-externalagent/1.1 (+https://developers.facebook.com/docs/sharing/webmasters/crawler)"
162.55.47.0 - - [01/Jul/2026:19:12:44 +0330] "POST /wp-cron.php?doing_wp_cron=1782920564.9221138954162597656250 HTTP/1.1" 200 - "-" "WordPress/6.9.4; https://pish.nepi.ir"
57.141.20.37 - - [01/Jul/2026:19:12:44 +0330] "GET /project/automated-machine-elementor/ HTTP/1.1" 200 131480 "-" "meta-externalagent/1.1 (+https://developers.facebook.com/docs/sharing/webmasters/crawler)"
103.127.30.137 - - [01/Jul/2026:19:15:57 +0330] "GET /wp-login.php HTTP/1.1" 200 6129 "-" "Mozilla/5.0 (Macintosh; Intel Mac OS X 10_15_7) AppleWebKit/605.1.15 (KHTML, like Gecko) Version/18.3 Safari/605.1.15"
103.127.30.137 - - [01/Jul/2026:19:15:58 +0330] "POST /wp-login.php HTTP/1.1" 200 6603 "https://pish.nepi.ir/wp-login.php" "Mozilla/5.0 (Macintosh; Intel Mac OS X 10_15_7) AppleWebKit/605.1.15 (KHTML, like Gecko) Version/18.3 Safari/605.1.15"
162.55.47.0 - - [01/Jul/2026:19:25:22 +0330] "POST /wp-cron.php?doing_wp_cron=1782921322.6551570892333984375000 HTTP/1.1" 200 - "-" "WordPress/6.9.4; https://pish.nepi.ir"
57.141.20.20 - - [01/Jul/2026:19:25:22 +0330] "GET /contact-form-widget/ HTTP/1.1" 200 55320 "-" "meta-externalagent/1.1 (+https://developers.facebook.com/docs/sharing/webmasters/crawler)"
57.141.20.45 - - [01/Jul/2026:19:25:43 +0330] "GET /header-v2/ HTTP/1.1" 200 43918 "-" "meta-externalagent/1.1 (+https://developers.facebook.com/docs/sharing/webmasters/crawler)"
167.233.44.241 - - [01/Jul/2026:19:28:34 +0330] "GET /wp-login.php HTTP/1.1" 200 6129 "-" "Mozilla/5.0 (X11; Fedora; Linux x86_64) AppleWebKit/537.36 (KHTML, like Gecko) Chrome/133.0.0.0 Safari/537.36"
167.233.44.241 - - [01/Jul/2026:19:28:34 +0330] "POST /wp-login.php HTTP/1.1" 200 6603 "https://pish.nepi.ir/wp-login.php" "Mozilla/5.0 (X11; Fedora; Linux x86_64) AppleWebKit/537.36 (KHTML, like Gecko) Chrome/133.0.0.0 Safari/537.36"
34.28.87.167 - - [01/Jul/2026:19:37:29 +0330] "GET /.git/config HTTP/1.1" 301 - "-" "-"
57.141.20.49 - - [01/Jul/2026:19:42:14 +0330] "GET /blog-posts-widget/ HTTP/1.1" 200 209091 "-" "meta-externalagent/1.1 (+https://developers.facebook.com/docs/sharing/webmasters/crawler)"
57.141.20.0 - - [01/Jul/2026:19:42:17 +0330] "GET /wp-content/uploads/elementor/css/post-216317.css?ver=1753918265 HTTP/1.1" 200 11134 "https://pish.nepi.ir/blog-posts-widget/" "meta-externalagent/1.1 (+https://developers.facebook.com/docs/sharing/webmasters/crawler)"
57.141.20.6 - - [01/Jul/2026:19:42:18 +0330] "GET /wp-content/themes/ohio/assets/js/libs/jquery.event.move.min.js?ver=1.0.0 HTTP/1.1" 200 5537 "https://pish.nepi.ir/blog-posts-widget/" "meta-externalagent/1.1 (+https://developers.facebook.com/docs/sharing/webmasters/crawler)"
57.141.20.41 - - [01/Jul/2026:19:42:18 +0330] "GET /wp-includes/js/jquery/ui/core.min.js?ver=1.13.3 HTTP/1.1" 200 21464 "https://pish.nepi.ir/blog-posts-widget/" "meta-externalagent/1.1 (+https://developers.facebook.com/docs/sharing/webmasters/crawler)"
57.141.20.60 - - [01/Jul/2026:19:42:19 +0330] "GET /wp-content/plugins/elementor/assets/lib/waypoints/waypoints.min.js?ver=4.0.2 HTTP/1.1" 200 12198 "https://pish.nepi.ir/blog-posts-widget/" "meta-externalagent/1.1 (+https://developers.facebook.com/docs/sharing/webmasters/crawler)"
57.141.20.2 - - [01/Jul/2026:19:42:26 +0330] "GET /blog-posts-widget/null HTTP/1.1" 404 38661 "https://pish.nepi.ir/blog-posts-widget/" "meta-externalagent/1.1 (+https://developers.facebook.com/docs/sharing/webmasters/crawler)"
57.141.20.54 - - [01/Jul/2026:19:54:48 +0330] "GET /blog/split-contained-elementor/ HTTP/1.1" 200 65776 "-" "meta-externalagent/1.1 (+https://developers.facebook.com/docs/sharing/webmasters/crawler)"
57.141.20.57 - - [01/Jul/2026:19:54:50 +0330] "GET /wp-content/plugins/contact-form-7/includes/js/index.js?ver=5.8.5 HTTP/1.1" 200 13182 "https://pish.nepi.ir/blog/split-contained-elementor/" "meta-externalagent/1.1 (+https://developers.facebook.com/docs/sharing/webmasters/crawler)"
57.141.20.62 - - [01/Jul/2026:19:54:50 +0330] "GET /wp-content/uploads/elementor/css/post-221144.css?ver=1754350989 HTTP/1.1" 200 334 "https://pish.nepi.ir/blog/split-contained-elementor/" "meta-externalagent/1.1 (+https://developers.facebook.com/docs/sharing/webmasters/crawler)"
57.141.20.53 - - [01/Jul/2026:19:54:51 +0330] "GET /wp-includes/js/masonry.min.js?ver=4.2.2 HTTP/1.1" 200 24138 "https://pish.nepi.ir/blog/split-contained-elementor/" "meta-externalagent/1.1 (+https://developers.facebook.com/docs/sharing/webmasters/crawler)"
57.141.20.28 - - [01/Jul/2026:19:54:51 +0330] "GET /wp-content/themes/ohio/assets/js/jquery.clb-slider.min.js?ver=6.9.4 HTTP/1.1" 200 14005 "https://pish.nepi.ir/blog/split-contained-elementor/" "meta-externalagent/1.1 (+https://developers.facebook.com/docs/sharing/webmasters/crawler)"
57.141.20.72 - - [01/Jul/2026:19:54:51 +0330] "GET /wp-includes/js/jquery/jquery.masonry.min.js?ver=3.1.2b HTTP/1.1" 200 1819 "https://pish.nepi.ir/blog/split-contained-elementor/" "meta-externalagent/1.1 (+https://developers.facebook.com/docs/sharing/webmasters/crawler)"
57.141.20.47 - - [01/Jul/2026:19:54:57 +0330] "GET /blog/split-contained-elementor/null HTTP/1.1" 404 38674 "https://pish.nepi.ir/blog/split-contained-elementor/" "meta-externalagent/1.1 (+https://developers.facebook.com/docs/sharing/webmasters/crawler)"
216.73.217.51 - - [01/Jul/2026:19:58:43 +0330] "GET /robots.txt HTTP/1.1" 200 113 "-" "Mozilla/5.0 AppleWebKit/537.36 (KHTML, like Gecko; compatible; ClaudeBot/1.0; +claudebot@anthropic.com)"
216.73.217.51 - - [01/Jul/2026:19:58:44 +0330] "GET /wp-sitemap.xml HTTP/1.1" 200 889 "-" "Mozilla/5.0 AppleWebKit/537.36 (KHTML, like Gecko; compatible; ClaudeBot/1.0; +claudebot@anthropic.com)"
57.141.20.55 - - [01/Jul/2026:20:05:46 +0330] "GET /blog/inner/ HTTP/1.1" 200 60013 "-" "meta-externalagent/1.1 (+https://developers.facebook.com/docs/sharing/webmasters/crawler)"
57.141.20.54 - - [01/Jul/2026:20:05:48 +0330] "GET /wp-includes/css/dist/block-library/style.min.css?ver=6.9.4 HTTP/1.1" 200 119358 "https://pish.nepi.ir/blog/inner/" "meta-externalagent/1.1 (+https://developers.facebook.com/docs/sharing/webmasters/crawler)"
162.55.47.0 - - [01/Jul/2026:20:11:59 +0330] "POST /wp-cron.php?doing_wp_cron=1782924118.9551401138305664062500 HTTP/1.1" 200 - "-" "WordPress/6.9.4; https://pish.nepi.ir"
57.141.20.54 - - [01/Jul/2026:20:11:58 +0330] "GET /portfolio/standard-pagination-text-elementor/ HTTP/1.1" 200 146151 "-" "meta-externalagent/1.1 (+https://developers.facebook.com/docs/sharing/webmasters/crawler)"
57.141.20.28 - - [01/Jul/2026:20:12:00 +0330] "GET /wp-content/uploads/elementor/css/post-222277.css?ver=1754402764 HTTP/1.1" 200 3349 "https://pish.nepi.ir/portfolio/standard-pagination-text-elementor/" "meta-externalagent/1.1 (+https://developers.facebook.com/docs/sharing/webmasters/crawler)"
57.141.20.56 - - [01/Jul/2026:20:12:08 +0330] "GET /portfolio/standard-pagination-text-elementor/null HTTP/1.1" 404 38688 "https://pish.nepi.ir/portfolio/standard-pagination-text-elementor/" "meta-externalagent/1.1 (+https://developers.facebook.com/docs/sharing/webmasters/crawler)"
57.141.20.56 - - [01/Jul/2026:20:13:22 +0330] "GET /portfolio/load-more-pagination-outlined-elementor/ HTTP/1.1" 200 78935 "-" "meta-externalagent/1.1 (+https://developers.facebook.com/docs/sharing/webmasters/crawler)"
162.55.47.0 - - [01/Jul/2026:20:22:18 +0330] "POST /wp-cron.php?doing_wp_cron=1782924738.3991239070892333984375 HTTP/1.1" 200 - "-" "WordPress/6.9.4; https://pish.nepi.ir"
57.141.20.8 - - [01/Jul/2026:20:22:17 +0330] "GET /blog/flip-up-effect/ HTTP/1.1" 200 60911 "-" "meta-externalagent/1.1 (+https://developers.facebook.com/docs/sharing/webmasters/crawler)"
57.141.20.17 - - [01/Jul/2026:20:28:14 +0330] "GET /portfolio-category/branding/ HTTP/1.1" 200 71911 "-" "meta-externalagent/1.1 (+https://developers.facebook.com/docs/sharing/webmasters/crawler)"
57.141.20.62 - - [01/Jul/2026:20:29:25 +0330] "GET /shop-2/ HTTP/1.1" 200 42067 "-" "meta-externalagent/1.1 (+https://developers.facebook.com/docs/sharing/webmasters/crawler)"
137.59.109.132 - - [01/Jul/2026:20:41:36 +0330] "GET /wp-login.php HTTP/1.1" 200 6129 "-" "Mozilla/5.0 (X11; Linux x86_64) AppleWebKit/537.36 (KHTML, like Gecko) Chrome/133.0.0.0 Safari/537.36 Edg/133.0.0.0"
137.59.109.132 - - [01/Jul/2026:20:41:37 +0330] "POST /wp-login.php HTTP/1.1" 200 6603 "https://pish.nepi.ir/wp-login.php" "Mozilla/5.0 (X11; Linux x86_64) AppleWebKit/537.36 (KHTML, like Gecko) Chrome/133.0.0.0 Safari/537.36 Edg/133.0.0.0"
57.141.20.35 - - [01/Jul/2026:20:48:34 +0330] "GET /tag/theme/ HTTP/1.1" 200 59212 "-" "meta-externalagent/1.1 (+https://developers.facebook.com/docs/sharing/webmasters/crawler)"
57.141.20.6 - - [01/Jul/2026:20:49:53 +0330] "GET /project/credit-bank/ HTTP/1.1" 200 49799 "-" "meta-externalagent/1.1 (+https://developers.facebook.com/docs/sharing/webmasters/crawler)"
51.83.160.68 - - [01/Jul/2026:20:55:08 +0330] "GET /wp-login.php HTTP/1.1" 200 6129 "-" "Mozilla/5.0 (X11; Fedora; Linux x86_64) AppleWebKit/537.36 (KHTML, like Gecko) Chrome/133.0.0.0 Safari/537.36"
51.83.160.68 - - [01/Jul/2026:20:55:09 +0330] "POST /wp-login.php HTTP/1.1" 200 6603 "https://pish.nepi.ir/wp-login.php" "Mozilla/5.0 (X11; Fedora; Linux x86_64) AppleWebKit/537.36 (KHTML, like Gecko) Chrome/133.0.0.0 Safari/537.36"
57.141.20.66 - - [01/Jul/2026:21:08:06 +0330] "GET /minimal/ HTTP/1.1" 200 110276 "-" "meta-externalagent/1.1 (+https://developers.facebook.com/docs/sharing/webmasters/crawler)"
162.55.47.0 - - [01/Jul/2026:21:11:11 +0330] "POST /wp-cron.php?doing_wp_cron=1782927671.0488901138305664062500 HTTP/1.1" 200 - "-" "WordPress/6.9.4; https://pish.nepi.ir"
57.141.20.43 - - [01/Jul/2026:21:11:10 +0330] "GET /banner-widget/ HTTP/1.1" 200 124898 "-" "meta-externalagent/1.1 (+https://developers.facebook.com/docs/sharing/webmasters/crawler)"
159.89.172.48 - - [01/Jul/2026:21:11:30 +0330] "GET /wp-login.php HTTP/1.1" 200 6129 "-" "Mozilla/5.0 (Macintosh; Intel Mac OS X 10_15_7) AppleWebKit/537.36 (KHTML, like Gecko) Chrome/133.0.0.0 Safari/537.36"
159.89.172.48 - - [01/Jul/2026:21:11:30 +0330] "POST /wp-login.php HTTP/1.1" 200 6603 "https://pish.nepi.ir/wp-login.php" "Mozilla/5.0 (Macintosh; Intel Mac OS X 10_15_7) AppleWebKit/537.36 (KHTML, like Gecko) Chrome/133.0.0.0 Safari/537.36"
57.141.20.25 - - [01/Jul/2026:21:14:19 +0330] "GET /2020/06/04/creativo-jovenes-a-lead-designers-ui-ux-core-checklist/ HTTP/1.1" 200 76048 "-" "meta-externalagent/1.1 (+https://developers.facebook.com/docs/sharing/webmasters/crawler)"
162.55.47.0 - - [01/Jul/2026:21:23:45 +0330] "POST /wp-cron.php?doing_wp_cron=1782928425.6394469738006591796875 HTTP/1.1" 200 - "-" "WordPress/6.9.4; https://pish.nepi.ir"
103.133.214.160 - - [01/Jul/2026:21:23:45 +0330] "GET /wp-login.php HTTP/1.1" 200 6129 "-" "Mozilla/5.0 (Macintosh; Intel Mac OS X 11_7_10) AppleWebKit/537.36 (KHTML, like Gecko) Chrome/133.0.0.0 Safari/537.36"
103.133.214.160 - - [01/Jul/2026:21:23:46 +0330] "POST /wp-login.php HTTP/1.1" 200 6603 "https://pish.nepi.ir/wp-login.php" "Mozilla/5.0 (Macintosh; Intel Mac OS X 11_7_10) AppleWebKit/537.36 (KHTML, like Gecko) Chrome/133.0.0.0 Safari/537.36"
57.141.20.28 - - [01/Jul/2026:21:25:46 +0330] "GET /standard-pagination/ HTTP/1.1" 200 137137 "-" "meta-externalagent/1.1 (+https://developers.facebook.com/docs/sharing/webmasters/crawler)"
57.141.20.34 - - [01/Jul/2026:21:32:05 +0330] "GET /project/dinamica/ HTTP/1.1" 200 49774 "-" "meta-externalagent/1.1 (+https://developers.facebook.com/docs/sharing/webmasters/crawler)"
57.141.20.0 - - [01/Jul/2026:21:32:08 +0330] "GET /portfolio/minimal-image-scale-elementor/ HTTP/1.1" 200 118185 "-" "meta-externalagent/1.1 (+https://developers.facebook.com/docs/sharing/webmasters/crawler)"
57.141.20.58 - - [01/Jul/2026:21:32:38 +0330] "GET /tag/portfolio/ HTTP/1.1" 200 59240 "-" "meta-externalagent/1.1 (+https://developers.facebook.com/docs/sharing/webmasters/crawler)"
57.141.20.61 - - [01/Jul/2026:21:33:35 +0330] "GET /portfolio-category/identity/ HTTP/1.1" 200 131471 "-" "meta-externalagent/1.1 (+https://developers.facebook.com/docs/sharing/webmasters/crawler)"
57.141.20.33 - - [01/Jul/2026:21:34:31 +0330] "GET /portfolio/vertical-slider/ HTTP/1.1" 200 85592 "-" "meta-externalagent/1.1 (+https://developers.facebook.com/docs/sharing/webmasters/crawler)"
34.244.37.184 - - [01/Jul/2026:21:35:13 +0330] "GET / HTTP/1.1" 301 - "-" "Mozilla/5.0 (X11; Linux x86_64) AppleWebKit/537.36 (KHTML, like Gecko) Chrome/131.0.0.0 Safari/537.36"
34.244.37.184 - - [01/Jul/2026:21:35:13 +0330] "POST / HTTP/1.1" 200 234362 "-" "Mozilla/5.0 (X11; Linux x86_64) AppleWebKit/537.36 (KHTML, like Gecko) Chrome/131.0.0.0 Safari/537.36"
34.244.37.184 - - [01/Jul/2026:21:35:14 +0330] "POST / HTTP/1.1" 200 234362 "-" "Mozilla/5.0 (X11; Linux x86_64) AppleWebKit/537.36 (KHTML, like Gecko) Chrome/131.0.0.0 Safari/537.36"
34.244.37.184 - - [01/Jul/2026:21:35:15 +0330] "POST / HTTP/1.1" 200 234362 "-" "Mozilla/5.0 (X11; Linux x86_64) AppleWebKit/537.36 (KHTML, like Gecko) Chrome/131.0.0.0 Safari/537.36"
34.244.37.184 - - [01/Jul/2026:21:35:16 +0330] "GET /.git/config HTTP/1.1" 301 - "-" "Mozilla/5.0 (X11; Linux x86_64) AppleWebKit/537.36 (KHTML, like Gecko) Chrome/131.0.0.0 Safari/537.36"
34.244.37.184 - - [01/Jul/2026:21:35:16 +0330] "GET /.git/config HTTP/1.1" 404 38622 "-" "Mozilla/5.0 (X11; Linux x86_64) AppleWebKit/537.36 (KHTML, like Gecko) Chrome/131.0.0.0 Safari/537.36"
34.244.37.184 - - [01/Jul/2026:21:35:16 +0330] "POST / HTTP/1.1" 200 234362 "-" "Mozilla/5.0 (X11; Linux x86_64) AppleWebKit/537.36 (KHTML, like Gecko) Chrome/131.0.0.0 Safari/537.36"
34.244.37.184 - - [01/Jul/2026:21:35:17 +0330] "GET /.env HTTP/1.1" 301 - "-" "Mozilla/5.0 (X11; Linux x86_64) AppleWebKit/537.36 (KHTML, like Gecko) Chrome/131.0.0.0 Safari/537.36"
34.244.37.184 - - [01/Jul/2026:21:35:18 +0330] "GET /.env HTTP/1.1" 404 38622 "-" "Mozilla/5.0 (X11; Linux x86_64) AppleWebKit/537.36 (KHTML, like Gecko) Chrome/131.0.0.0 Safari/537.36"
34.244.37.184 - - [01/Jul/2026:21:35:18 +0330] "GET /.env.local HTTP/1.1" 301 - "-" "Mozilla/5.0 (X11; Linux x86_64) AppleWebKit/537.36 (KHTML, like Gecko) Chrome/131.0.0.0 Safari/537.36"
34.244.37.184 - - [01/Jul/2026:21:35:18 +0330] "GET /.env.local HTTP/1.1" 404 38622 "-" "Mozilla/5.0 (X11; Linux x86_64) AppleWebKit/537.36 (KHTML, like Gecko) Chrome/131.0.0.0 Safari/537.36"
34.244.37.184 - - [01/Jul/2026:21:35:18 +0330] "GET /.env.production HTTP/1.1" 301 - "-" "Mozilla/5.0 (X11; Linux x86_64) AppleWebKit/537.36 (KHTML, like Gecko) Chrome/131.0.0.0 Safari/537.36"
34.244.37.184 - - [01/Jul/2026:21:35:19 +0330] "GET /.env.production HTTP/1.1" 404 38622 "-" "Mozilla/5.0 (X11; Linux x86_64) AppleWebKit/537.36 (KHTML, like Gecko) Chrome/131.0.0.0 Safari/537.36"
34.244.37.184 - - [01/Jul/2026:21:35:19 +0330] "GET /.env.staging HTTP/1.1" 301 - "-" "Mozilla/5.0 (X11; Linux x86_64) AppleWebKit/537.36 (KHTML, like Gecko) Chrome/131.0.0.0 Safari/537.36"
34.244.37.184 - - [01/Jul/2026:21:35:19 +0330] "GET /.env.staging HTTP/1.1" 404 38622 "-" "Mozilla/5.0 (X11; Linux x86_64) AppleWebKit/537.36 (KHTML, like Gecko) Chrome/131.0.0.0 Safari/537.36"
34.244.37.184 - - [01/Jul/2026:21:35:20 +0330] "GET /.env.development HTTP/1.1" 301 - "-" "Mozilla/5.0 (X11; Linux x86_64) AppleWebKit/537.36 (KHTML, like Gecko) Chrome/131.0.0.0 Safari/537.36"
34.244.37.184 - - [01/Jul/2026:21:35:20 +0330] "GET /.env.development HTTP/1.1" 404 38622 "-" "Mozilla/5.0 (X11; Linux x86_64) AppleWebKit/537.36 (KHTML, like Gecko) Chrome/131.0.0.0 Safari/537.36"
34.244.37.184 - - [01/Jul/2026:21:35:20 +0330] "GET /.env.test HTTP/1.1" 301 - "-" "Mozilla/5.0 (X11; Linux x86_64) AppleWebKit/537.36 (KHTML, like Gecko) Chrome/131.0.0.0 Safari/537.36"
34.244.37.184 - - [01/Jul/2026:21:35:20 +0330] "GET /.env.test HTTP/1.1" 404 38622 "-" "Mozilla/5.0 (X11; Linux x86_64) AppleWebKit/537.36 (KHTML, like Gecko) Chrome/131.0.0.0 Safari/537.36"
34.244.37.184 - - [01/Jul/2026:21:35:21 +0330] "GET /.env.remote HTTP/1.1" 301 - "-" "Mozilla/5.0 (X11; Linux x86_64) AppleWebKit/537.36 (KHTML, like Gecko) Chrome/131.0.0.0 Safari/537.36"
34.244.37.184 - - [01/Jul/2026:21:35:21 +0330] "GET /.env.remote HTTP/1.1" 404 38622 "-" "Mozilla/5.0 (X11; Linux x86_64) AppleWebKit/537.36 (KHTML, like Gecko) Chrome/131.0.0.0 Safari/537.36"
34.244.37.184 - - [01/Jul/2026:21:35:21 +0330] "GET /.env.bak HTTP/1.1" 301 - "-" "Mozilla/5.0 (X11; Linux x86_64) AppleWebKit/537.36 (KHTML, like Gecko) Chrome/131.0.0.0 Safari/537.36"
34.244.37.184 - - [01/Jul/2026:21:35:22 +0330] "GET /.env.bak HTTP/1.1" 404 38622 "-" "Mozilla/5.0 (X11; Linux x86_64) AppleWebKit/537.36 (KHTML, like Gecko) Chrome/131.0.0.0 Safari/537.36"
34.244.37.184 - - [01/Jul/2026:21:35:22 +0330] "GET /.env.backup HTTP/1.1" 301 - "-" "Mozilla/5.0 (X11; Linux x86_64) AppleWebKit/537.36 (KHTML, like Gecko) Chrome/131.0.0.0 Safari/537.36"
34.244.37.184 - - [01/Jul/2026:21:35:22 +0330] "GET /.env.backup HTTP/1.1" 404 38622 "-" "Mozilla/5.0 (X11; Linux x86_64) AppleWebKit/537.36 (KHTML, like Gecko) Chrome/131.0.0.0 Safari/537.36"
