111.7.100.26 - - [14/May/2023:15:00:51 +0330] "GET /arzaq/ HTTP/1.1" 200 12350 "http://www.arzaaq.nepi.ir/arzaq" "Mozilla/5.0 (Windows NT 10.0; Win64; x64) AppleWebKit/537.36 (KHTML, like Gecko) Chrome/75.0.3770.142 Safari/537.36"
111.7.100.24 - - [14/May/2023:15:00:51 +0330] "GET /users/ HTTP/1.1" 200 12348 "http://www.arzaaq.nepi.ir/users" "Mozilla/5.0 (Windows NT 10.0; Win64; x64) AppleWebKit/537.36 (KHTML, like Gecko) Chrome/75.0.3770.142 Safari/537.36"
111.7.100.21 - - [14/May/2023:15:00:51 +0330] "GET /users/add/ HTTP/1.1" 200 26916 "http://www.arzaaq.nepi.ir/users/add" "Mozilla/5.0 (Windows NT 10.0; Win64; x64) AppleWebKit/537.36 (KHTML, like Gecko) Chrome/75.0.3770.142 Safari/537.36"
36.99.136.133 - - [14/May/2023:15:00:51 +0330] "GET /family/add HTTP/1.1" 301 245 "-" "Mozilla/5.0 (Windows NT 10.0; Win64; x64) AppleWebKit/537.36 (KHTML, like Gecko) Chrome/75.0.3770.142 Safari/537.36"
111.7.100.21 - - [14/May/2023:15:00:51 +0330] "GET /config/ HTTP/1.1" 200 12349 "http://www.arzaaq.nepi.ir/config" "Mozilla/5.0 (Windows NT 10.0; Win64; x64) AppleWebKit/537.36 (KHTML, like Gecko) Chrome/75.0.3770.142 Safari/537.36"
111.7.100.24 - - [14/May/2023:15:00:51 +0330] "GET /arzaq HTTP/1.1" 301 240 "-" "Mozilla/5.0 (Windows NT 10.0; Win64; x64) AppleWebKit/537.36 (KHTML, like Gecko) Chrome/75.0.3770.142 Safari/537.36"
111.7.100.26 - - [14/May/2023:15:00:51 +0330] "GET /users HTTP/1.1" 301 240 "-" "Mozilla/5.0 (Windows NT 10.0; Win64; x64) AppleWebKit/537.36 (KHTML, like Gecko) Chrome/75.0.3770.142 Safari/537.36"
111.7.100.21 - - [14/May/2023:15:00:51 +0330] "GET /users/add HTTP/1.1" 301 244 "-" "Mozilla/5.0 (Windows NT 10.0; Win64; x64) AppleWebKit/537.36 (KHTML, like Gecko) Chrome/75.0.3770.142 Safari/537.36"
111.7.100.24 - - [14/May/2023:15:00:51 +0330] "GET /arzaq/ HTTP/1.1" 200 12350 "-" "Mozilla/5.0 (Windows NT 10.0; Win64; x64) AppleWebKit/537.36 (KHTML, like Gecko) Chrome/75.0.3770.142 Safari/537.36"
111.7.100.26 - - [14/May/2023:15:00:51 +0330] "GET /users/ HTTP/1.1" 200 12348 "-" "Mozilla/5.0 (Windows NT 10.0; Win64; x64) AppleWebKit/537.36 (KHTML, like Gecko) Chrome/75.0.3770.142 Safari/537.36"
36.99.136.135 - - [14/May/2023:15:00:51 +0330] "GET /family/add/ HTTP/1.1" 200 37735 "http://www.arzaaq.nepi.ir/family/add" "Mozilla/5.0 (Windows NT 10.0; Win64; x64) AppleWebKit/537.36 (KHTML, like Gecko) Chrome/75.0.3770.142 Safari/537.36"
111.7.100.21 - - [14/May/2023:15:00:51 +0330] "GET /users/add/ HTTP/1.1" 200 26916 "-" "Mozilla/5.0 (Windows NT 10.0; Win64; x64) AppleWebKit/537.36 (KHTML, like Gecko) Chrome/75.0.3770.142 Safari/537.36"
111.7.100.26 - - [14/May/2023:15:00:52 +0330] "GET /_app/start-905692b0.js HTTP/1.1" 200 24394 "http://www.arzaaq.nepi.ir/users/" "Mozilla/5.0 (Windows NT 10.0; Win64; x64) AppleWebKit/537.36 (KHTML, like Gecko) Chrome/75.0.3770.142 Safari/537.36"
36.99.136.132 - - [14/May/2023:15:00:52 +0330] "GET /decision/add HTTP/1.1" 301 247 "-" "Mozilla/5.0 (Windows NT 10.0; Win64; x64) AppleWebKit/537.36 (KHTML, like Gecko) Chrome/75.0.3770.142 Safari/537.36"
111.7.100.24 - - [14/May/2023:15:00:52 +0330] "GET /_app/start-905692b0.js HTTP/1.1" 200 24394 "http://www.arzaaq.nepi.ir/arzaq/" "Mozilla/5.0 (Windows NT 10.0; Win64; x64) AppleWebKit/537.36 (KHTML, like Gecko) Chrome/75.0.3770.142 Safari/537.36"
111.7.100.26 - - [14/May/2023:15:00:52 +0330] "GET /_app/assets/vendor-8811cf72.css HTTP/1.1" 200 482 "http://www.arzaaq.nepi.ir/users/" "Mozilla/5.0 (Windows NT 10.0; Win64; x64) AppleWebKit/537.36 (KHTML, like Gecko) Chrome/75.0.3770.142 Safari/537.36"
111.7.100.27 - - [14/May/2023:15:00:52 +0330] "GET /_app/pages/users/index.svelte-bf240346.js HTTP/1.1" 200 468 "http://www.arzaaq.nepi.ir/users/" "Mozilla/5.0 (Windows NT 10.0; Win64; x64) AppleWebKit/537.36 (KHTML, like Gecko) Chrome/75.0.3770.142 Safari/537.36"
111.7.100.25 - - [14/May/2023:15:00:52 +0330] "GET /_app/pages/__layout.svelte-cfce4e4f.js HTTP/1.1" 200 16216 "http://www.arzaaq.nepi.ir/users/" "Mozilla/5.0 (Windows NT 10.0; Win64; x64) AppleWebKit/537.36 (KHTML, like Gecko) Chrome/75.0.3770.142 Safari/537.36"
111.7.100.21 - - [14/May/2023:15:00:52 +0330] "GET /_app/assets/vendor-8811cf72.css HTTP/1.1" 200 482 "http://www.arzaaq.nepi.ir/users/add/" "Mozilla/5.0 (Windows NT 10.0; Win64; x64) AppleWebKit/537.36 (KHTML, like Gecko) Chrome/75.0.3770.142 Safari/537.36"
111.7.100.24 - - [14/May/2023:15:00:52 +0330] "GET /_app/assets/vendor-8811cf72.css HTTP/1.1" 200 482 "http://www.arzaaq.nepi.ir/arzaq/" "Mozilla/5.0 (Windows NT 10.0; Win64; x64) AppleWebKit/537.36 (KHTML, like Gecko) Chrome/75.0.3770.142 Safari/537.36"
111.7.100.25 - - [14/May/2023:15:00:52 +0330] "GET /_app/pages/__layout.svelte-cfce4e4f.js HTTP/1.1" 200 16216 "http://www.arzaaq.nepi.ir/arzaq/" "Mozilla/5.0 (Windows NT 10.0; Win64; x64) AppleWebKit/537.36 (KHTML, like Gecko) Chrome/75.0.3770.142 Safari/537.36"
111.7.100.27 - - [14/May/2023:15:00:52 +0330] "GET /_app/chunks/vendor-8603b380.js HTTP/1.1" 200 333264 "http://www.arzaaq.nepi.ir/arzaq/" "Mozilla/5.0 (Windows NT 10.0; Win64; x64) AppleWebKit/537.36 (KHTML, like Gecko) Chrome/75.0.3770.142 Safari/537.36"
111.7.100.24 - - [14/May/2023:15:00:53 +0330] "GET /_app/pages/arzaq/index.svelte-427a502c.js HTTP/1.1" 200 480 "http://www.arzaaq.nepi.ir/arzaq/" "Mozilla/5.0 (Windows NT 10.0; Win64; x64) AppleWebKit/537.36 (KHTML, like Gecko) Chrome/75.0.3770.142 Safari/537.36"
111.7.100.20 - - [14/May/2023:15:00:53 +0330] "GET /_app/start-905692b0.js HTTP/1.1" 200 24394 "http://www.arzaaq.nepi.ir/users/add/" "Mozilla/5.0 (Windows NT 10.0; Win64; x64) AppleWebKit/537.36 (KHTML, like Gecko) Chrome/75.0.3770.142 Safari/537.36"
111.7.100.22 - - [14/May/2023:15:00:53 +0330] "GET /_app/pages/__layout.svelte-cfce4e4f.js HTTP/1.1" 200 16216 "http://www.arzaaq.nepi.ir/users/add/" "Mozilla/5.0 (Windows NT 10.0; Win64; x64) AppleWebKit/537.36 (KHTML, like Gecko) Chrome/75.0.3770.142 Safari/537.36"
111.7.100.27 - - [14/May/2023:15:00:52 +0330] "GET /_app/chunks/vendor-8603b380.js HTTP/1.1" 200 333264 "http://www.arzaaq.nepi.ir/users/" "Mozilla/5.0 (Windows NT 10.0; Win64; x64) AppleWebKit/537.36 (KHTML, like Gecko) Chrome/75.0.3770.142 Safari/537.36"
111.7.100.23 - - [14/May/2023:15:00:54 +0330] "GET /_app/pages/users/add.svelte-857f6aff.js HTTP/1.1" 200 18843 "http://www.arzaaq.nepi.ir/users/add/" "Mozilla/5.0 (Windows NT 10.0; Win64; x64) AppleWebKit/537.36 (KHTML, like Gecko) Chrome/75.0.3770.142 Safari/537.36"
111.7.100.27 - - [14/May/2023:15:00:54 +0330] "GET /_app/error.svelte-fb0fb8bc.js HTTP/1.1" 200 1595 "-" "Mozilla/5.0 (Windows NT 10.0; Win64; x64) AppleWebKit/537.36 (KHTML, like Gecko) Chrome/75.0.3770.142 Safari/537.36"
36.99.136.131 - - [14/May/2023:15:00:54 +0330] "GET /arzaq/add HTTP/1.1" 301 244 "-" "Mozilla/5.0 (Windows NT 10.0; Win64; x64) AppleWebKit/537.36 (KHTML, like Gecko) Chrome/75.0.3770.142 Safari/537.36"
36.99.136.130 - - [14/May/2023:15:00:54 +0330] "GET /decision HTTP/1.1" 301 243 "-" "Mozilla/5.0 (Windows NT 10.0; Win64; x64) AppleWebKit/537.36 (KHTML, like Gecko) Chrome/75.0.3770.142 Safari/537.36"
36.99.136.140 - - [14/May/2023:15:00:54 +0330] "GET /family HTTP/1.1" 301 241 "-" "Mozilla/5.0 (Windows NT 10.0; Win64; x64) AppleWebKit/537.36 (KHTML, like Gecko) Chrome/75.0.3770.142 Safari/537.36"
36.99.136.131 - - [14/May/2023:15:00:54 +0330] "GET /family/add HTTP/1.1" 301 245 "-" "Mozilla/5.0 (Windows NT 10.0; Win64; x64) AppleWebKit/537.36 (KHTML, like Gecko) Chrome/75.0.3770.142 Safari/537.36"
36.99.136.133 - - [14/May/2023:15:00:54 +0330] "GET /decision/add/ HTTP/1.1" 200 16610 "http://www.arzaaq.nepi.ir/decision/add" "Mozilla/5.0 (Windows NT 10.0; Win64; x64) AppleWebKit/537.36 (KHTML, like Gecko) Chrome/75.0.3770.142 Safari/537.36"
111.7.100.22 - - [14/May/2023:15:00:54 +0330] "GET /config HTTP/1.1" 301 241 "-" "Mozilla/5.0 (Windows NT 10.0; Win64; x64) AppleWebKit/537.36 (KHTML, like Gecko) Chrome/75.0.3770.142 Safari/537.36"
36.99.136.131 - - [14/May/2023:15:00:54 +0330] "GET /family/add/ HTTP/1.1" 200 37735 "-" "Mozilla/5.0 (Windows NT 10.0; Win64; x64) AppleWebKit/537.36 (KHTML, like Gecko) Chrome/75.0.3770.142 Safari/537.36"
111.7.100.22 - - [14/May/2023:15:00:54 +0330] "GET /config/ HTTP/1.1" 200 12349 "-" "Mozilla/5.0 (Windows NT 10.0; Win64; x64) AppleWebKit/537.36 (KHTML, like Gecko) Chrome/75.0.3770.142 Safari/537.36"
36.99.136.130 - - [14/May/2023:15:00:54 +0330] "GET /arzaq/add/ HTTP/1.1" 200 19549 "http://www.arzaaq.nepi.ir/arzaq/add" "Mozilla/5.0 (Windows NT 10.0; Win64; x64) AppleWebKit/537.36 (KHTML, like Gecko) Chrome/75.0.3770.142 Safari/537.36"
36.99.136.142 - - [14/May/2023:15:00:55 +0330] "GET /family/ HTTP/1.1" 200 12362 "http://www.arzaaq.nepi.ir/family" "Mozilla/5.0 (Windows NT 10.0; Win64; x64) AppleWebKit/537.36 (KHTML, like Gecko) Chrome/75.0.3770.142 Safari/537.36"
36.99.136.131 - - [14/May/2023:15:00:55 +0330] "GET /_app/start-905692b0.js HTTP/1.1" 200 24394 "http://www.arzaaq.nepi.ir/family/add/" "Mozilla/5.0 (Windows NT 10.0; Win64; x64) AppleWebKit/537.36 (KHTML, like Gecko) Chrome/75.0.3770.142 Safari/537.36"
36.99.136.132 - - [14/May/2023:15:00:55 +0330] "GET /decision/add HTTP/1.1" 301 247 "-" "Mozilla/5.0 (Windows NT 10.0; Win64; x64) AppleWebKit/537.36 (KHTML, like Gecko) Chrome/75.0.3770.142 Safari/537.36"
111.7.100.22 - - [14/May/2023:15:00:55 +0330] "GET /_app/pages/config.svelte-02f8cc2f.js HTTP/1.1" 200 530 "http://www.arzaaq.nepi.ir/config/" "Mozilla/5.0 (Windows NT 10.0; Win64; x64) AppleWebKit/537.36 (KHTML, like Gecko) Chrome/75.0.3770.142 Safari/537.36"
111.7.100.20 - - [14/May/2023:15:00:55 +0330] "GET /_app/assets/vendor-8811cf72.css HTTP/1.1" 200 482 "http://www.arzaaq.nepi.ir/config/" "Mozilla/5.0 (Windows NT 10.0; Win64; x64) AppleWebKit/537.36 (KHTML, like Gecko) Chrome/75.0.3770.142 Safari/537.36"
111.7.100.23 - - [14/May/2023:15:00:55 +0330] "GET /_app/start-905692b0.js HTTP/1.1" 200 24394 "http://www.arzaaq.nepi.ir/config/" "Mozilla/5.0 (Windows NT 10.0; Win64; x64) AppleWebKit/537.36 (KHTML, like Gecko) Chrome/75.0.3770.142 Safari/537.36"
111.7.100.23 - - [14/May/2023:15:00:55 +0330] "GET /_app/pages/__layout.svelte-cfce4e4f.js HTTP/1.1" 200 16216 "http://www.arzaaq.nepi.ir/config/" "Mozilla/5.0 (Windows NT 10.0; Win64; x64) AppleWebKit/537.36 (KHTML, like Gecko) Chrome/75.0.3770.142 Safari/537.36"
36.99.136.130 - - [14/May/2023:15:00:55 +0330] "GET /_app/pages/__layout.svelte-cfce4e4f.js HTTP/1.1" 200 16216 "http://www.arzaaq.nepi.ir/family/add/" "Mozilla/5.0 (Windows NT 10.0; Win64; x64) AppleWebKit/537.36 (KHTML, like Gecko) Chrome/75.0.3770.142 Safari/537.36"
36.99.136.132 - - [14/May/2023:15:00:55 +0330] "GET /decision/add/ HTTP/1.1" 200 16610 "-" "Mozilla/5.0 (Windows NT 10.0; Win64; x64) AppleWebKit/537.36 (KHTML, like Gecko) Chrome/75.0.3770.142 Safari/537.36"
111.7.100.27 - - [14/May/2023:15:00:56 +0330] "GET /_app/error.svelte-fb0fb8bc.js HTTP/1.1" 200 1595 "-" "Mozilla/5.0 (Windows NT 10.0; Win64; x64) AppleWebKit/537.36 (KHTML, like Gecko) Chrome/75.0.3770.142 Safari/537.36"
111.7.100.23 - - [14/May/2023:15:00:55 +0330] "GET /_app/chunks/vendor-8603b380.js HTTP/1.1" 200 333264 "http://www.arzaaq.nepi.ir/config/" "Mozilla/5.0 (Windows NT 10.0; Win64; x64) AppleWebKit/537.36 (KHTML, like Gecko) Chrome/75.0.3770.142 Safari/537.36"
36.99.136.130 - - [14/May/2023:15:00:56 +0330] "GET /_app/assets/vendor-8811cf72.css HTTP/1.1" 200 482 "http://www.arzaaq.nepi.ir/family/add/" "Mozilla/5.0 (Windows NT 10.0; Win64; x64) AppleWebKit/537.36 (KHTML, like Gecko) Chrome/75.0.3770.142 Safari/537.36"
36.99.136.131 - - [14/May/2023:15:00:56 +0330] "GET /arzaq/add HTTP/1.1" 301 244 "-" "Mozilla/5.0 (Windows NT 10.0; Win64; x64) AppleWebKit/537.36 (KHTML, like Gecko) Chrome/75.0.3770.142 Safari/537.36"
36.99.136.133 - - [14/May/2023:15:00:56 +0330] "GET /_app/pages/family/add.svelte-c31d0d95.js HTTP/1.1" 200 35731 "http://www.arzaaq.nepi.ir/family/add/" "Mozilla/5.0 (Windows NT 10.0; Win64; x64) AppleWebKit/537.36 (KHTML, like Gecko) Chrome/75.0.3770.142 Safari/537.36"
36.99.136.140 - - [14/May/2023:15:00:56 +0330] "GET /family HTTP/1.1" 301 241 "-" "Mozilla/5.0 (Windows NT 10.0; Win64; x64) AppleWebKit/537.36 (KHTML, like Gecko) Chrome/75.0.3770.142 Safari/537.36"
36.99.136.130 - - [14/May/2023:15:00:56 +0330] "GET /_app/assets/vendor-8811cf72.css HTTP/1.1" 200 482 "http://www.arzaaq.nepi.ir/decision/add/" "Mozilla/5.0 (Windows NT 10.0; Win64; x64) AppleWebKit/537.36 (KHTML, like Gecko) Chrome/75.0.3770.142 Safari/537.36"
111.7.100.22 - - [14/May/2023:15:00:55 +0330] "GET /_app/assets/pages/__layout.svelte-b896d4db.css HTTP/1.1" 200 649272 "http://www.arzaaq.nepi.ir/config/" "Mozilla/5.0 (Windows NT 10.0; Win64; x64) AppleWebKit/537.36 (KHTML, like Gecko) Chrome/75.0.3770.142 Safari/537.36"
36.99.136.131 - - [14/May/2023:15:00:56 +0330] "GET /arzaq/add/ HTTP/1.1" 200 19549 "-" "Mozilla/5.0 (Windows NT 10.0; Win64; x64) AppleWebKit/537.36 (KHTML, like Gecko) Chrome/75.0.3770.142 Safari/537.36"
36.99.136.140 - - [14/May/2023:15:00:56 +0330] "GET /family/ HTTP/1.1" 200 12362 "-" "Mozilla/5.0 (Windows NT 10.0; Win64; x64) AppleWebKit/537.36 (KHTML, like Gecko) Chrome/75.0.3770.142 Safari/537.36"
36.99.136.130 - - [14/May/2023:15:00:56 +0330] "GET /_app/start-905692b0.js HTTP/1.1" 200 24394 "http://www.arzaaq.nepi.ir/decision/add/" "Mozilla/5.0 (Windows NT 10.0; Win64; x64) AppleWebKit/537.36 (KHTML, like Gecko) Chrome/75.0.3770.142 Safari/537.36"
36.99.136.132 - - [14/May/2023:15:00:56 +0330] "GET /_app/pages/__layout.svelte-cfce4e4f.js HTTP/1.1" 200 16216 "http://www.arzaaq.nepi.ir/decision/add/" "Mozilla/5.0 (Windows NT 10.0; Win64; x64) AppleWebKit/537.36 (KHTML, like Gecko) Chrome/75.0.3770.142 Safari/537.36"
36.99.136.130 - - [14/May/2023:15:00:56 +0330] "GET /_app/pages/decision/add.svelte-84e19401.js HTTP/1.1" 200 6631 "http://www.arzaaq.nepi.ir/decision/add/" "Mozilla/5.0 (Windows NT 10.0; Win64; x64) AppleWebKit/537.36 (KHTML, like Gecko) Chrome/75.0.3770.142 Safari/537.36"
36.99.136.131 - - [14/May/2023:15:00:55 +0330] "GET /_app/assets/pages/__layout.svelte-b896d4db.css HTTP/1.1" 200 649272 "http://www.arzaaq.nepi.ir/family/add/" "Mozilla/5.0 (Windows NT 10.0; Win64; x64) AppleWebKit/537.36 (KHTML, like Gecko) Chrome/75.0.3770.142 Safari/537.36"
111.7.100.25 - - [14/May/2023:15:00:52 +0330] "GET /_app/assets/pages/__layout.svelte-b896d4db.css HTTP/1.1" 200 649272 "http://www.arzaaq.nepi.ir/users/" "Mozilla/5.0 (Windows NT 10.0; Win64; x64) AppleWebKit/537.36 (KHTML, like Gecko) Chrome/75.0.3770.142 Safari/537.36"
36.99.136.140 - - [14/May/2023:15:00:56 +0330] "GET /_app/start-905692b0.js HTTP/1.1" 200 24394 "http://www.arzaaq.nepi.ir/family/" "Mozilla/5.0 (Windows NT 10.0; Win64; x64) AppleWebKit/537.36 (KHTML, like Gecko) Chrome/75.0.3770.142 Safari/537.36"
36.99.136.131 - - [14/May/2023:15:00:56 +0330] "GET /_app/chunks/vendor-8603b380.js HTTP/1.1" 200 333264 "http://www.arzaaq.nepi.ir/decision/add/" "Mozilla/5.0 (Windows NT 10.0; Win64; x64) AppleWebKit/537.36 (KHTML, like Gecko) Chrome/75.0.3770.142 Safari/537.36"
36.99.136.130 - - [14/May/2023:15:00:57 +0330] "GET /_app/assets/vendor-8811cf72.css HTTP/1.1" 200 482 "http://www.arzaaq.nepi.ir/arzaq/add/" "Mozilla/5.0 (Windows NT 10.0; Win64; x64) AppleWebKit/537.36 (KHTML, like Gecko) Chrome/75.0.3770.142 Safari/537.36"
36.99.136.138 - - [14/May/2023:15:00:57 +0330] "GET /_app/assets/vendor-8811cf72.css HTTP/1.1" 200 482 "http://www.arzaaq.nepi.ir/family/" "Mozilla/5.0 (Windows NT 10.0; Win64; x64) AppleWebKit/537.36 (KHTML, like Gecko) Chrome/75.0.3770.142 Safari/537.36"
36.99.136.131 - - [14/May/2023:15:00:57 +0330] "GET /_app/start-905692b0.js HTTP/1.1" 200 24394 "http://www.arzaaq.nepi.ir/arzaq/add/" "Mozilla/5.0 (Windows NT 10.0; Win64; x64) AppleWebKit/537.36 (KHTML, like Gecko) Chrome/75.0.3770.142 Safari/537.36"
36.99.136.134 - - [14/May/2023:15:00:57 +0330] "GET /_app/pages/__layout.svelte-cfce4e4f.js HTTP/1.1" 200 16216 "http://www.arzaaq.nepi.ir/arzaq/add/" "Mozilla/5.0 (Windows NT 10.0; Win64; x64) AppleWebKit/537.36 (KHTML, like Gecko) Chrome/75.0.3770.142 Safari/537.36"
36.99.136.143 - - [14/May/2023:15:00:57 +0330] "GET /_app/pages/family/index.svelte-8c880edb.js HTTP/1.1" 200 535 "http://www.arzaaq.nepi.ir/family/" "Mozilla/5.0 (Windows NT 10.0; Win64; x64) AppleWebKit/537.36 (KHTML, like Gecko) Chrome/75.0.3770.142 Safari/537.36"
36.99.136.141 - - [14/May/2023:15:00:57 +0330] "GET /_app/pages/__layout.svelte-cfce4e4f.js HTTP/1.1" 200 16216 "http://www.arzaaq.nepi.ir/family/" "Mozilla/5.0 (Windows NT 10.0; Win64; x64) AppleWebKit/537.36 (KHTML, like Gecko) Chrome/75.0.3770.142 Safari/537.36"
36.99.136.133 - - [14/May/2023:15:00:57 +0330] "GET /_app/pages/arzaq/add.svelte-6cf925f1.js HTTP/1.1" 200 9050 "http://www.arzaaq.nepi.ir/arzaq/add/" "Mozilla/5.0 (Windows NT 10.0; Win64; x64) AppleWebKit/537.36 (KHTML, like Gecko) Chrome/75.0.3770.142 Safari/537.36"
36.99.136.135 - - [14/May/2023:15:00:57 +0330] "GET /decision/ HTTP/1.1" 200 12363 "http://www.arzaaq.nepi.ir/decision" "Mozilla/5.0 (Windows NT 10.0; Win64; x64) AppleWebKit/537.36 (KHTML, like Gecko) Chrome/75.0.3770.142 Safari/537.36"
111.7.100.23 - - [14/May/2023:15:00:57 +0330] "GET /_app/error.svelte-fb0fb8bc.js HTTP/1.1" 200 1595 "-" "Mozilla/5.0 (Windows NT 10.0; Win64; x64) AppleWebKit/537.36 (KHTML, like Gecko) Chrome/75.0.3770.142 Safari/537.36"
36.99.136.140 - - [14/May/2023:15:00:57 +0330] "GET /_app/assets/pages/__layout.svelte-b896d4db.css HTTP/1.1" 200 649272 "http://www.arzaaq.nepi.ir/family/" "Mozilla/5.0 (Windows NT 10.0; Win64; x64) AppleWebKit/537.36 (KHTML, like Gecko) Chrome/75.0.3770.142 Safari/537.36"
111.7.100.24 - - [14/May/2023:15:00:57 +0330] "GET /arzaq/ HTTP/1.1" 304 - "-" "Mozilla/5.0 (Windows NT 10.0; Win64; x64) AppleWebKit/537.36 (KHTML, like Gecko) Chrome/75.0.3770.142 Safari/537.36"
111.7.100.26 - - [14/May/2023:15:00:57 +0330] "GET /users/ HTTP/1.1" 304 - "-" "Mozilla/5.0 (Windows NT 10.0; Win64; x64) AppleWebKit/537.36 (KHTML, like Gecko) Chrome/75.0.3770.142 Safari/537.36"
111.7.100.21 - - [14/May/2023:15:00:57 +0330] "GET /users/add/ HTTP/1.1" 304 - "-" "Mozilla/5.0 (Windows NT 10.0; Win64; x64) AppleWebKit/537.36 (KHTML, like Gecko) Chrome/75.0.3770.142 Safari/537.36"
36.99.136.131 - - [14/May/2023:15:00:57 +0330] "GET /_app/error.svelte-fb0fb8bc.js HTTP/1.1" 200 1595 "-" "Mozilla/5.0 (Windows NT 10.0; Win64; x64) AppleWebKit/537.36 (KHTML, like Gecko) Chrome/75.0.3770.142 Safari/537.36"
111.7.100.21 - - [14/May/2023:15:00:57 +0330] "GET /_app/chunks/vendor-8603b380.js HTTP/1.1" 206 1 "http://www.arzaaq.nepi.ir/users/add/" "Mozilla/5.0 (Windows NT 10.0; Win64; x64) AppleWebKit/537.36 (KHTML, like Gecko) Chrome/75.0.3770.142 Safari/537.36"
111.7.100.26 - - [14/May/2023:15:00:57 +0330] "GET /_app/assets/pages/__layout.svelte-b896d4db.css HTTP/1.1" 206 1 "http://www.arzaaq.nepi.ir/users/" "Mozilla/5.0 (Windows NT 10.0; Win64; x64) AppleWebKit/537.36 (KHTML, like Gecko) Chrome/75.0.3770.142 Safari/537.36"
111.7.100.24 - - [14/May/2023:15:00:57 +0330] "GET /_app/assets/pages/__layout.svelte-b896d4db.css HTTP/1.1" 206 1 "http://www.arzaaq.nepi.ir/arzaq/" "Mozilla/5.0 (Windows NT 10.0; Win64; x64) AppleWebKit/537.36 (KHTML, like Gecko) Chrome/75.0.3770.142 Safari/537.36"
111.7.100.20 - - [14/May/2023:15:00:58 +0330] "GET /config/ HTTP/1.1" 304 - "-" "Mozilla/5.0 (Windows NT 10.0; Win64; x64) AppleWebKit/537.36 (KHTML, like Gecko) Chrome/75.0.3770.142 Safari/537.36"
36.99.136.134 - - [14/May/2023:15:00:57 +0330] "GET /_app/assets/pages/__layout.svelte-b896d4db.css HTTP/1.1" 200 649272 "http://www.arzaaq.nepi.ir/arzaq/add/" "Mozilla/5.0 (Windows NT 10.0; Win64; x64) AppleWebKit/537.36 (KHTML, like Gecko) Chrome/75.0.3770.142 Safari/537.36"
111.7.100.21 - - [14/May/2023:15:00:53 +0330] "GET /_app/chunks/vendor-8603b380.js HTTP/1.1" 200 333264 "http://www.arzaaq.nepi.ir/users/add/" "Mozilla/5.0 (Windows NT 10.0; Win64; x64) AppleWebKit/537.36 (KHTML, like Gecko) Chrome/75.0.3770.142 Safari/537.36"
111.7.100.21 - - [14/May/2023:15:00:58 +0330] "GET /_app/assets/pages/__layout.svelte-b896d4db.css HTTP/1.1" 206 1 "http://www.arzaaq.nepi.ir/users/add/" "Mozilla/5.0 (Windows NT 10.0; Win64; x64) AppleWebKit/537.36 (KHTML, like Gecko) Chrome/75.0.3770.142 Safari/537.36"
111.7.100.23 - - [14/May/2023:15:00:58 +0330] "GET /_app/chunks/vendor-8603b380.js HTTP/1.1" 206 78022 "http://www.arzaaq.nepi.ir/users/add/" "Mozilla/5.0 (Windows NT 10.0; Win64; x64) AppleWebKit/537.36 (KHTML, like Gecko) Chrome/75.0.3770.142 Safari/537.36"
111.7.100.26 - - [14/May/2023:15:00:58 +0330] "GET /_app/assets/pages/__layout.svelte-b896d4db.css HTTP/1.1" 206 36316 "http://www.arzaaq.nepi.ir/users/" "Mozilla/5.0 (Windows NT 10.0; Win64; x64) AppleWebKit/537.36 (KHTML, like Gecko) Chrome/75.0.3770.142 Safari/537.36"
111.7.100.21 - - [14/May/2023:15:00:53 +0330] "GET /_app/assets/pages/__layout.svelte-b896d4db.css HTTP/1.1" 200 649272 "http://www.arzaaq.nepi.ir/users/add/" "Mozilla/5.0 (Windows NT 10.0; Win64; x64) AppleWebKit/537.36 (KHTML, like Gecko) Chrome/75.0.3770.142 Safari/537.36"
111.7.100.26 - - [14/May/2023:15:00:52 +0330] "GET /_app/assets/pages/__layout.svelte-b896d4db.css HTTP/1.1" 200 649272 "http://www.arzaaq.nepi.ir/arzaq/" "Mozilla/5.0 (Windows NT 10.0; Win64; x64) AppleWebKit/537.36 (KHTML, like Gecko) Chrome/75.0.3770.142 Safari/537.36"
111.7.100.24 - - [14/May/2023:15:00:58 +0330] "GET /_app/assets/pages/__layout.svelte-b896d4db.css HTTP/1.1" 206 321016 "http://www.arzaaq.nepi.ir/arzaq/" "Mozilla/5.0 (Windows NT 10.0; Win64; x64) AppleWebKit/537.36 (KHTML, like Gecko) Chrome/75.0.3770.142 Safari/537.36"
36.99.136.135 - - [14/May/2023:15:00:58 +0330] "GET /family/add/ HTTP/1.1" 304 - "-" "Mozilla/5.0 (Windows NT 10.0; Win64; x64) AppleWebKit/537.36 (KHTML, like Gecko) Chrome/75.0.3770.142 Safari/537.36"
111.7.100.21 - - [14/May/2023:15:00:58 +0330] "GET /_app/assets/pages/__layout.svelte-b896d4db.css HTTP/1.1" 206 461176 "http://www.arzaaq.nepi.ir/users/add/" "Mozilla/5.0 (Windows NT 10.0; Win64; x64) AppleWebKit/537.36 (KHTML, like Gecko) Chrome/75.0.3770.142 Safari/537.36"
36.99.136.135 - - [14/May/2023:15:00:59 +0330] "GET /_app/chunks/vendor-8603b380.js HTTP/1.1" 206 1 "http://www.arzaaq.nepi.ir/family/add/" "Mozilla/5.0 (Windows NT 10.0; Win64; x64) AppleWebKit/537.36 (KHTML, like Gecko) Chrome/75.0.3770.142 Safari/537.36"
36.99.136.130 - - [14/May/2023:15:00:55 +0330] "GET /_app/chunks/vendor-8603b380.js HTTP/1.1" 200 333264 "http://www.arzaaq.nepi.ir/family/add/" "Mozilla/5.0 (Windows NT 10.0; Win64; x64) AppleWebKit/537.36 (KHTML, like Gecko) Chrome/75.0.3770.142 Safari/537.36"
36.99.136.135 - - [14/May/2023:15:00:59 +0330] "GET /_app/chunks/vendor-8603b380.js HTTP/1.1" 206 241542 "http://www.arzaaq.nepi.ir/family/add/" "Mozilla/5.0 (Windows NT 10.0; Win64; x64) AppleWebKit/537.36 (KHTML, like Gecko) Chrome/75.0.3770.142 Safari/537.36"
111.7.100.23 - - [14/May/2023:15:01:00 +0330] "GET /_app/error.svelte-fb0fb8bc.js HTTP/1.1" 200 1595 "-" "Mozilla/5.0 (Windows NT 10.0; Win64; x64) AppleWebKit/537.36 (KHTML, like Gecko) Chrome/75.0.3770.142 Safari/537.36"
36.99.136.134 - - [14/May/2023:15:01:00 +0330] "GET /decision HTTP/1.1" 301 243 "-" "Mozilla/5.0 (Windows NT 10.0; Win64; x64) AppleWebKit/537.36 (KHTML, like Gecko) Chrome/75.0.3770.142 Safari/537.36"
36.99.136.135 - - [14/May/2023:15:01:00 +0330] "GET /_app/error.svelte-fb0fb8bc.js HTTP/1.1" 200 1595 "-" "Mozilla/5.0 (Windows NT 10.0; Win64; x64) AppleWebKit/537.36 (KHTML, like Gecko) Chrome/75.0.3770.142 Safari/537.36"
36.99.136.130 - - [14/May/2023:15:01:00 +0330] "GET /decision/add/ HTTP/1.1" 304 - "-" "Mozilla/5.0 (Windows NT 10.0; Win64; x64) AppleWebKit/537.36 (KHTML, like Gecko) Chrome/75.0.3770.142 Safari/537.36"
36.99.136.134 - - [14/May/2023:15:01:01 +0330] "GET /decision/ HTTP/1.1" 200 12363 "-" "Mozilla/5.0 (Windows NT 10.0; Win64; x64) AppleWebKit/537.36 (KHTML, like Gecko) Chrome/75.0.3770.142 Safari/537.36"
36.99.136.130 - - [14/May/2023:15:01:01 +0330] "GET /_app/assets/pages/__layout.svelte-b896d4db.css HTTP/1.1" 206 1 "http://www.arzaaq.nepi.ir/decision/add/" "Mozilla/5.0 (Windows NT 10.0; Win64; x64) AppleWebKit/537.36 (KHTML, like Gecko) Chrome/75.0.3770.142 Safari/537.36"
36.99.136.134 - - [14/May/2023:15:01:01 +0330] "GET /_app/start-905692b0.js HTTP/1.1" 200 24394 "http://www.arzaaq.nepi.ir/decision/" "Mozilla/5.0 (Windows NT 10.0; Win64; x64) AppleWebKit/537.36 (KHTML, like Gecko) Chrome/75.0.3770.142 Safari/537.36"
36.99.136.133 - - [14/May/2023:15:01:01 +0330] "GET /arzaq/add/ HTTP/1.1" 304 - "-" "Mozilla/5.0 (Windows NT 10.0; Win64; x64) AppleWebKit/537.36 (KHTML, like Gecko) Chrome/75.0.3770.142 Safari/537.36"
36.99.136.132 - - [14/May/2023:15:00:56 +0330] "GET /_app/assets/pages/__layout.svelte-b896d4db.css HTTP/1.1" 200 649272 "http://www.arzaaq.nepi.ir/decision/add/" "Mozilla/5.0 (Windows NT 10.0; Win64; x64) AppleWebKit/537.36 (KHTML, like Gecko) Chrome/75.0.3770.142 Safari/537.36"
36.99.136.134 - - [14/May/2023:15:01:01 +0330] "GET /_app/pages/__layout.svelte-cfce4e4f.js HTTP/1.1" 200 16216 "http://www.arzaaq.nepi.ir/decision/" "Mozilla/5.0 (Windows NT 10.0; Win64; x64) AppleWebKit/537.36 (KHTML, like Gecko) Chrome/75.0.3770.142 Safari/537.36"
36.99.136.134 - - [14/May/2023:15:01:01 +0330] "GET /_app/pages/decision/index.svelte-4003261c.js HTTP/1.1" 200 509 "http://www.arzaaq.nepi.ir/decision/" "Mozilla/5.0 (Windows NT 10.0; Win64; x64) AppleWebKit/537.36 (KHTML, like Gecko) Chrome/75.0.3770.142 Safari/537.36"
36.99.136.133 - - [14/May/2023:15:01:01 +0330] "GET /_app/chunks/vendor-8603b380.js HTTP/1.1" 206 1 "http://www.arzaaq.nepi.ir/arzaq/add/" "Mozilla/5.0 (Windows NT 10.0; Win64; x64) AppleWebKit/537.36 (KHTML, like Gecko) Chrome/75.0.3770.142 Safari/537.36"
36.99.136.140 - - [14/May/2023:15:01:01 +0330] "GET /family/ HTTP/1.1" 304 - "-" "Mozilla/5.0 (Windows NT 10.0; Win64; x64) AppleWebKit/537.36 (KHTML, like Gecko) Chrome/75.0.3770.142 Safari/537.36"
36.99.136.132 - - [14/May/2023:15:00:57 +0330] "GET /_app/chunks/vendor-8603b380.js HTTP/1.1" 200 333264 "http://www.arzaaq.nepi.ir/arzaq/add/" "Mozilla/5.0 (Windows NT 10.0; Win64; x64) AppleWebKit/537.36 (KHTML, like Gecko) Chrome/75.0.3770.142 Safari/537.36"
36.99.136.140 - - [14/May/2023:15:01:02 +0330] "GET /_app/chunks/vendor-8603b380.js HTTP/1.1" 206 1 "http://www.arzaaq.nepi.ir/family/" "Mozilla/5.0 (Windows NT 10.0; Win64; x64) AppleWebKit/537.36 (KHTML, like Gecko) Chrome/75.0.3770.142 Safari/537.36"
36.99.136.133 - - [14/May/2023:15:01:02 +0330] "GET /_app/assets/vendor-8811cf72.css HTTP/1.1" 200 482 "http://www.arzaaq.nepi.ir/decision/" "Mozilla/5.0 (Windows NT 10.0; Win64; x64) AppleWebKit/537.36 (KHTML, like Gecko) Chrome/75.0.3770.142 Safari/537.36"
36.99.136.140 - - [14/May/2023:15:00:57 +0330] "GET /_app/chunks/vendor-8603b380.js HTTP/1.1" 200 333264 "http://www.arzaaq.nepi.ir/family/" "Mozilla/5.0 (Windows NT 10.0; Win64; x64) AppleWebKit/537.36 (KHTML, like Gecko) Chrome/75.0.3770.142 Safari/537.36"
36.99.136.135 - - [14/May/2023:15:01:01 +0330] "GET /_app/assets/pages/__layout.svelte-b896d4db.css HTTP/1.1" 200 649272 "http://www.arzaaq.nepi.ir/decision/" "Mozilla/5.0 (Windows NT 10.0; Win64; x64) AppleWebKit/537.36 (KHTML, like Gecko) Chrome/75.0.3770.142 Safari/537.36"
36.99.136.140 - - [14/May/2023:15:01:02 +0330] "GET /_app/chunks/vendor-8603b380.js HTTP/1.1" 206 225482 "http://www.arzaaq.nepi.ir/family/" "Mozilla/5.0 (Windows NT 10.0; Win64; x64) AppleWebKit/537.36 (KHTML, like Gecko) Chrome/75.0.3770.142 Safari/537.36"
36.99.136.132 - - [14/May/2023:15:01:01 +0330] "GET /_app/assets/pages/__layout.svelte-b896d4db.css HTTP/1.1" 206 484536 "http://www.arzaaq.nepi.ir/decision/add/" "Mozilla/5.0 (Windows NT 10.0; Win64; x64) AppleWebKit/537.36 (KHTML, like Gecko) Chrome/75.0.3770.142 Safari/537.36"
36.99.136.138 - - [14/May/2023:15:01:04 +0330] "GET /_app/error.svelte-fb0fb8bc.js HTTP/1.1" 200 1595 "-" "Mozilla/5.0 (Windows NT 10.0; Win64; x64) AppleWebKit/537.36 (KHTML, like Gecko) Chrome/75.0.3770.142 Safari/537.36"
36.99.136.134 - - [14/May/2023:15:01:01 +0330] "GET /_app/chunks/vendor-8603b380.js HTTP/1.1" 200 333264 "http://www.arzaaq.nepi.ir/decision/" "Mozilla/5.0 (Windows NT 10.0; Win64; x64) AppleWebKit/537.36 (KHTML, like Gecko) Chrome/75.0.3770.142 Safari/537.36"
36.99.136.134 - - [14/May/2023:15:01:05 +0330] "GET /_app/error.svelte-fb0fb8bc.js HTTP/1.1" 200 1595 "-" "Mozilla/5.0 (Windows NT 10.0; Win64; x64) AppleWebKit/537.36 (KHTML, like Gecko) Chrome/75.0.3770.142 Safari/537.36"
36.99.136.133 - - [14/May/2023:15:01:05 +0330] "GET /_app/chunks/vendor-8603b380.js HTTP/1.1" 206 205042 "http://www.arzaaq.nepi.ir/arzaq/add/" "Mozilla/5.0 (Windows NT 10.0; Win64; x64) AppleWebKit/537.36 (KHTML, like Gecko) Chrome/75.0.3770.142 Safari/537.36"
221.199.88.94 - - [14/May/2023:15:28:24 +0330] "GET / HTTP/1.1" 200 12786 "-" "Mozilla/5.0 (iPhone; CPU iPhone OS 9_1 like Mac OS X) AppleWebKit/601.1.46 (KHTML, like Gecko) Version/9.0 Mobile/13B143 Safari/601.1"
141.95.192.30 - - [14/May/2023:18:13:21 +0330] "GET /wp-login.php HTTP/1.1" 404 16 "-" "Mozilla/5.0 (Windows NT 10.0; Win64; x64; rv:96.0) Gecko/20100101 Firefox/96"
50.62.182.245 - - [14/May/2023:22:35:24 +0330] "GET /wp-login.php HTTP/1.1" 404 16 "-" "Mozilla/5.0 (Windows NT 10.0; Win64; x64; rv:96.0) Gecko/20100101 Firefox/96"
111.7.100.23 - - [15/May/2023:00:50:28 +0330] "GET / HTTP/1.1" 200 12786 "-" "Mozilla/5.0 (Windows NT 10.0; Win64; x64) AppleWebKit/537.36 (KHTML, like Gecko) Chrome/75.0.3770.142 Safari/537.36"
111.7.100.21 - - [15/May/2023:00:50:38 +0330] "GET / HTTP/1.1" 200 12786 "-" "Mozilla/5.0 (Windows NT 10.0; Win64; x64) AppleWebKit/537.36 (KHTML, like Gecko) Chrome/75.0.3770.142 Safari/537.36"
111.7.100.22 - - [15/May/2023:00:50:39 +0330] "GET /_app/assets/vendor-8811cf72.css HTTP/1.1" 200 482 "http://www.arzaaq.nepi.ir/" "Mozilla/5.0 (Windows NT 10.0; Win64; x64) AppleWebKit/537.36 (KHTML, like Gecko) Chrome/75.0.3770.142 Safari/537.36"
111.7.100.20 - - [15/May/2023:00:50:39 +0330] "GET /_app/start-905692b0.js HTTP/1.1" 200 24394 "http://www.arzaaq.nepi.ir/" "Mozilla/5.0 (Windows NT 10.0; Win64; x64) AppleWebKit/537.36 (KHTML, like Gecko) Chrome/75.0.3770.142 Safari/537.36"
111.7.100.21 - - [15/May/2023:00:50:40 +0330] "GET /_app/pages/__layout.svelte-cfce4e4f.js HTTP/1.1" 200 16216 "http://www.arzaaq.nepi.ir/" "Mozilla/5.0 (Windows NT 10.0; Win64; x64) AppleWebKit/537.36 (KHTML, like Gecko) Chrome/75.0.3770.142 Safari/537.36"
111.7.100.22 - - [15/May/2023:00:50:40 +0330] "GET /_app/pages/index.svelte-4d382b71.js HTTP/1.1" 200 3737 "http://www.arzaaq.nepi.ir/" "Mozilla/5.0 (Windows NT 10.0; Win64; x64) AppleWebKit/537.36 (KHTML, like Gecko) Chrome/75.0.3770.142 Safari/537.36"
111.7.100.21 - - [15/May/2023:00:50:42 +0330] "GET / HTTP/1.1" 304 - "-" "Mozilla/5.0 (Windows NT 10.0; Win64; x64) AppleWebKit/537.36 (KHTML, like Gecko) Chrome/75.0.3770.142 Safari/537.36"
111.7.100.21 - - [15/May/2023:00:50:43 +0330] "GET /_app/pages/__layout.svelte-cfce4e4f.js HTTP/1.1" 200 16216 "http://www.arzaaq.nepi.ir/" "Mozilla/5.0 (Windows NT 10.0; Win64; x64) AppleWebKit/537.36 (KHTML, like Gecko) Chrome/75.0.3770.142 Safari/537.36"
111.7.100.22 - - [15/May/2023:00:50:43 +0330] "GET /_app/assets/pages/__layout.svelte-b896d4db.css HTTP/1.1" 206 1 "http://www.arzaaq.nepi.ir/" "Mozilla/5.0 (Windows NT 10.0; Win64; x64) AppleWebKit/537.36 (KHTML, like Gecko) Chrome/75.0.3770.142 Safari/537.36"
111.7.100.22 - - [15/May/2023:00:50:40 +0330] "GET /_app/chunks/vendor-8603b380.js HTTP/1.1" 200 333264 "http://www.arzaaq.nepi.ir/" "Mozilla/5.0 (Windows NT 10.0; Win64; x64) AppleWebKit/537.36 (KHTML, like Gecko) Chrome/75.0.3770.142 Safari/537.36"
111.7.100.23 - - [15/May/2023:00:50:39 +0330] "GET /_app/assets/pages/__layout.svelte-b896d4db.css HTTP/1.1" 200 649272 "http://www.arzaaq.nepi.ir/" "Mozilla/5.0 (Windows NT 10.0; Win64; x64) AppleWebKit/537.36 (KHTML, like Gecko) Chrome/75.0.3770.142 Safari/537.36"
111.7.100.23 - - [15/May/2023:00:50:43 +0330] "GET /_app/start-905692b0.js HTTP/1.1" 206 1 "http://www.arzaaq.nepi.ir/" "Mozilla/5.0 (Windows NT 10.0; Win64; x64) AppleWebKit/537.36 (KHTML, like Gecko) Chrome/75.0.3770.142 Safari/537.36"
111.7.100.21 - - [15/May/2023:00:50:43 +0330] "GET /_app/chunks/vendor-8603b380.js HTTP/1.1" 206 1 "http://www.arzaaq.nepi.ir/" "Mozilla/5.0 (Windows NT 10.0; Win64; x64) AppleWebKit/537.36 (KHTML, like Gecko) Chrome/75.0.3770.142 Safari/537.36"
111.7.100.23 - - [15/May/2023:00:50:43 +0330] "GET /_app/start-905692b0.js HTTP/1.1" 206 20271 "http://www.arzaaq.nepi.ir/" "Mozilla/5.0 (Windows NT 10.0; Win64; x64) AppleWebKit/537.36 (KHTML, like Gecko) Chrome/75.0.3770.142 Safari/537.36"
111.7.100.25 - - [15/May/2023:00:51:00 +0330] "GET /arzaq HTTP/1.1" 301 240 "-" "Mozilla/5.0 (Windows NT 10.0; Win64; x64) AppleWebKit/537.36 (KHTML, like Gecko) Chrome/75.0.3770.142 Safari/537.36"
111.7.100.26 - - [15/May/2023:00:51:00 +0330] "GET /decision/add HTTP/1.1" 301 247 "-" "Mozilla/5.0 (Windows NT 10.0; Win64; x64) AppleWebKit/537.36 (KHTML, like Gecko) Chrome/75.0.3770.142 Safari/537.36"
111.7.100.20 - - [15/May/2023:00:51:00 +0330] "GET /users HTTP/1.1" 301 240 "-" "Mozilla/5.0 (Windows NT 10.0; Win64; x64) AppleWebKit/537.36 (KHTML, like Gecko) Chrome/75.0.3770.142 Safari/537.36"
111.7.100.26 - - [15/May/2023:00:51:00 +0330] "GET /users/add HTTP/1.1" 301 244 "-" "Mozilla/5.0 (Windows NT 10.0; Win64; x64) AppleWebKit/537.36 (KHTML, like Gecko) Chrome/75.0.3770.142 Safari/537.36"
111.7.100.24 - - [15/May/2023:00:51:00 +0330] "GET /config HTTP/1.1" 301 241 "-" "Mozilla/5.0 (Windows NT 10.0; Win64; x64) AppleWebKit/537.36 (KHTML, like Gecko) Chrome/75.0.3770.142 Safari/537.36"
111.7.100.25 - - [15/May/2023:00:51:00 +0330] "GET /arzaq/add HTTP/1.1" 301 244 "-" "Mozilla/5.0 (Windows NT 10.0; Win64; x64) AppleWebKit/537.36 (KHTML, like Gecko) Chrome/75.0.3770.142 Safari/537.36"
111.7.100.26 - - [15/May/2023:00:51:00 +0330] "GET /family/add HTTP/1.1" 301 245 "-" "Mozilla/5.0 (Windows NT 10.0; Win64; x64) AppleWebKit/537.36 (KHTML, like Gecko) Chrome/75.0.3770.142 Safari/537.36"
111.7.100.24 - - [15/May/2023:00:51:01 +0330] "GET /arzaq/add/ HTTP/1.1" 200 19549 "http://www.arzaaq.nepi.ir/arzaq/add" "Mozilla/5.0 (Windows NT 10.0; Win64; x64) AppleWebKit/537.36 (KHTML, like Gecko) Chrome/75.0.3770.142 Safari/537.36"
111.7.100.24 - - [15/May/2023:00:51:01 +0330] "GET /arzaq/ HTTP/1.1" 200 12350 "http://www.arzaaq.nepi.ir/arzaq" "Mozilla/5.0 (Windows NT 10.0; Win64; x64) AppleWebKit/537.36 (KHTML, like Gecko) Chrome/75.0.3770.142 Safari/537.36"
111.7.100.22 - - [15/May/2023:00:51:01 +0330] "GET /users/ HTTP/1.1" 200 12348 "http://www.arzaaq.nepi.ir/users" "Mozilla/5.0 (Windows NT 10.0; Win64; x64) AppleWebKit/537.36 (KHTML, like Gecko) Chrome/75.0.3770.142 Safari/537.36"
111.7.100.24 - - [15/May/2023:00:51:01 +0330] "GET /decision/add/ HTTP/1.1" 200 16610 "http://www.arzaaq.nepi.ir/decision/add" "Mozilla/5.0 (Windows NT 10.0; Win64; x64) AppleWebKit/537.36 (KHTML, like Gecko) Chrome/75.0.3770.142 Safari/537.36"
111.7.100.26 - - [15/May/2023:00:51:01 +0330] "GET /family/add/ HTTP/1.1" 200 37735 "http://www.arzaaq.nepi.ir/family/add" "Mozilla/5.0 (Windows NT 10.0; Win64; x64) AppleWebKit/537.36 (KHTML, like Gecko) Chrome/75.0.3770.142 Safari/537.36"
111.7.100.24 - - [15/May/2023:00:51:01 +0330] "GET /users/add/ HTTP/1.1" 200 26916 "http://www.arzaaq.nepi.ir/users/add" "Mozilla/5.0 (Windows NT 10.0; Win64; x64) AppleWebKit/537.36 (KHTML, like Gecko) Chrome/75.0.3770.142 Safari/537.36"
111.7.100.22 - - [15/May/2023:00:50:43 +0330] "GET /_app/assets/pages/__layout.svelte-b896d4db.css HTTP/1.1" 206 531256 "http://www.arzaaq.nepi.ir/" "Mozilla/5.0 (Windows NT 10.0; Win64; x64) AppleWebKit/537.36 (KHTML, like Gecko) Chrome/75.0.3770.142 Safari/537.36"
111.7.100.24 - - [15/May/2023:00:51:01 +0330] "GET /config/ HTTP/1.1" 200 12349 "http://www.arzaaq.nepi.ir/config" "Mozilla/5.0 (Windows NT 10.0; Win64; x64) AppleWebKit/537.36 (KHTML, like Gecko) Chrome/75.0.3770.142 Safari/537.36"
111.7.100.22 - - [15/May/2023:00:51:04 +0330] "GET /decision HTTP/1.1" 301 243 "-" "Mozilla/5.0 (Windows NT 10.0; Win64; x64) AppleWebKit/537.36 (KHTML, like Gecko) Chrome/75.0.3770.142 Safari/537.36"
111.7.100.22 - - [15/May/2023:00:51:05 +0330] "GET /decision/ HTTP/1.1" 200 12363 "http://www.arzaaq.nepi.ir/decision" "Mozilla/5.0 (Windows NT 10.0; Win64; x64) AppleWebKit/537.36 (KHTML, like Gecko) Chrome/75.0.3770.142 Safari/537.36"
111.7.100.20 - - [15/May/2023:00:51:05 +0330] "GET /decision HTTP/1.1" 301 243 "-" "Mozilla/5.0 (Windows NT 10.0; Win64; x64) AppleWebKit/537.36 (KHTML, like Gecko) Chrome/75.0.3770.142 Safari/537.36"
111.7.100.20 - - [15/May/2023:00:51:06 +0330] "GET /decision/ HTTP/1.1" 200 12363 "-" "Mozilla/5.0 (Windows NT 10.0; Win64; x64) AppleWebKit/537.36 (KHTML, like Gecko) Chrome/75.0.3770.142 Safari/537.36"
111.7.100.23 - - [15/May/2023:00:51:06 +0330] "GET /_app/assets/vendor-8811cf72.css HTTP/1.1" 200 482 "http://www.arzaaq.nepi.ir/decision/" "Mozilla/5.0 (Windows NT 10.0; Win64; x64) AppleWebKit/537.36 (KHTML, like Gecko) Chrome/75.0.3770.142 Safari/537.36"
111.7.100.23 - - [15/May/2023:00:51:07 +0330] "GET /_app/start-905692b0.js HTTP/1.1" 200 24394 "http://www.arzaaq.nepi.ir/decision/" "Mozilla/5.0 (Windows NT 10.0; Win64; x64) AppleWebKit/537.36 (KHTML, like Gecko) Chrome/75.0.3770.142 Safari/537.36"
111.7.100.22 - - [15/May/2023:00:51:08 +0330] "GET /_app/pages/__layout.svelte-cfce4e4f.js HTTP/1.1" 200 16216 "http://www.arzaaq.nepi.ir/decision/" "Mozilla/5.0 (Windows NT 10.0; Win64; x64) AppleWebKit/537.36 (KHTML, like Gecko) Chrome/75.0.3770.142 Safari/537.36"
111.7.100.20 - - [15/May/2023:00:51:08 +0330] "GET /_app/pages/decision/index.svelte-4003261c.js HTTP/1.1" 200 509 "http://www.arzaaq.nepi.ir/decision/" "Mozilla/5.0 (Windows NT 10.0; Win64; x64) AppleWebKit/537.36 (KHTML, like Gecko) Chrome/75.0.3770.142 Safari/537.36"
111.7.100.22 - - [15/May/2023:00:51:10 +0330] "GET /family HTTP/1.1" 301 241 "-" "Mozilla/5.0 (Windows NT 10.0; Win64; x64) AppleWebKit/537.36 (KHTML, like Gecko) Chrome/75.0.3770.142 Safari/537.36"
111.7.100.22 - - [15/May/2023:00:51:10 +0330] "GET /family/ HTTP/1.1" 200 12362 "http://www.arzaaq.nepi.ir/family" "Mozilla/5.0 (Windows NT 10.0; Win64; x64) AppleWebKit/537.36 (KHTML, like Gecko) Chrome/75.0.3770.142 Safari/537.36"
111.7.100.26 - - [15/May/2023:00:51:11 +0330] "GET /users/add HTTP/1.1" 301 244 "-" "Mozilla/5.0 (Windows NT 10.0; Win64; x64) AppleWebKit/537.36 (KHTML, like Gecko) Chrome/75.0.3770.142 Safari/537.36"
111.7.100.26 - - [15/May/2023:00:51:11 +0330] "GET /users/add/ HTTP/1.1" 200 26916 "-" "Mozilla/5.0 (Windows NT 10.0; Win64; x64) AppleWebKit/537.36 (KHTML, like Gecko) Chrome/75.0.3770.142 Safari/537.36"
111.7.100.26 - - [15/May/2023:00:51:11 +0330] "GET /_app/assets/vendor-8811cf72.css HTTP/1.1" 200 482 "http://www.arzaaq.nepi.ir/users/add/" "Mozilla/5.0 (Windows NT 10.0; Win64; x64) AppleWebKit/537.36 (KHTML, like Gecko) Chrome/75.0.3770.142 Safari/537.36"
111.7.100.24 - - [15/May/2023:00:51:11 +0330] "GET /_app/start-905692b0.js HTTP/1.1" 200 24394 "http://www.arzaaq.nepi.ir/users/add/" "Mozilla/5.0 (Windows NT 10.0; Win64; x64) AppleWebKit/537.36 (KHTML, like Gecko) Chrome/75.0.3770.142 Safari/537.36"
111.7.100.27 - - [15/May/2023:00:51:11 +0330] "GET /_app/pages/__layout.svelte-cfce4e4f.js HTTP/1.1" 200 16216 "http://www.arzaaq.nepi.ir/users/add/" "Mozilla/5.0 (Windows NT 10.0; Win64; x64) AppleWebKit/537.36 (KHTML, like Gecko) Chrome/75.0.3770.142 Safari/537.36"
111.7.100.25 - - [15/May/2023:00:51:11 +0330] "GET /_app/pages/users/add.svelte-857f6aff.js HTTP/1.1" 200 18843 "http://www.arzaaq.nepi.ir/users/add/" "Mozilla/5.0 (Windows NT 10.0; Win64; x64) AppleWebKit/537.36 (KHTML, like Gecko) Chrome/75.0.3770.142 Safari/537.36"
111.7.100.27 - - [15/May/2023:00:51:11 +0330] "GET /_app/chunks/vendor-8603b380.js HTTP/1.1" 200 333264 "http://www.arzaaq.nepi.ir/users/add/" "Mozilla/5.0 (Windows NT 10.0; Win64; x64) AppleWebKit/537.36 (KHTML, like Gecko) Chrome/75.0.3770.142 Safari/537.36"
111.7.100.27 - - [15/May/2023:00:51:11 +0330] "GET /_app/assets/pages/__layout.svelte-b896d4db.css HTTP/1.1" 200 649272 "http://www.arzaaq.nepi.ir/users/add/" "Mozilla/5.0 (Windows NT 10.0; Win64; x64) AppleWebKit/537.36 (KHTML, like Gecko) Chrome/75.0.3770.142 Safari/537.36"
111.7.100.23 - - [15/May/2023:00:51:13 +0330] "GET /decision/ HTTP/1.1" 304 - "-" "Mozilla/5.0 (Windows NT 10.0; Win64; x64) AppleWebKit/537.36 (KHTML, like Gecko) Chrome/75.0.3770.142 Safari/537.36"
111.7.100.27 - - [15/May/2023:00:51:14 +0330] "GET /_app/error.svelte-fb0fb8bc.js HTTP/1.1" 200 1595 "-" "Mozilla/5.0 (Windows NT 10.0; Win64; x64) AppleWebKit/537.36 (KHTML, like Gecko) Chrome/75.0.3770.142 Safari/537.36"
111.7.100.23 - - [15/May/2023:00:51:14 +0330] "GET /_app/assets/pages/__layout.svelte-b896d4db.css HTTP/1.1" 206 1 "http://www.arzaaq.nepi.ir/decision/" "Mozilla/5.0 (Windows NT 10.0; Win64; x64) AppleWebKit/537.36 (KHTML, like Gecko) Chrome/75.0.3770.142 Safari/537.36"
111.7.100.23 - - [15/May/2023:00:51:08 +0330] "GET /_app/chunks/vendor-8603b380.js HTTP/1.1" 200 333264 "http://www.arzaaq.nepi.ir/decision/" "Mozilla/5.0 (Windows NT 10.0; Win64; x64) AppleWebKit/537.36 (KHTML, like Gecko) Chrome/75.0.3770.142 Safari/537.36"
111.7.100.23 - - [15/May/2023:00:51:06 +0330] "GET /_app/assets/pages/__layout.svelte-b896d4db.css HTTP/1.1" 200 649272 "http://www.arzaaq.nepi.ir/decision/" "Mozilla/5.0 (Windows NT 10.0; Win64; x64) AppleWebKit/537.36 (KHTML, like Gecko) Chrome/75.0.3770.142 Safari/537.36"
111.7.100.22 - - [15/May/2023:00:51:15 +0330] "GET /_app/chunks/vendor-8603b380.js HTTP/1.1" 206 1 "http://www.arzaaq.nepi.ir/decision/" "Mozilla/5.0 (Windows NT 10.0; Win64; x64) AppleWebKit/537.36 (KHTML, like Gecko) Chrome/75.0.3770.142 Safari/537.36"
111.7.100.27 - - [15/May/2023:00:51:15 +0330] "GET /users/add/ HTTP/1.1" 304 - "-" "Mozilla/5.0 (Windows NT 10.0; Win64; x64) AppleWebKit/537.36 (KHTML, like Gecko) Chrome/75.0.3770.142 Safari/537.36"
111.7.100.22 - - [15/May/2023:00:51:16 +0330] "GET /_app/chunks/vendor-8603b380.js HTTP/1.1" 206 190441 "http://www.arzaaq.nepi.ir/decision/" "Mozilla/5.0 (Windows NT 10.0; Win64; x64) AppleWebKit/537.36 (KHTML, like Gecko) Chrome/75.0.3770.142 Safari/537.36"
111.7.100.22 - - [15/May/2023:00:51:17 +0330] "GET /_app/error.svelte-fb0fb8bc.js HTTP/1.1" 200 1595 "-" "Mozilla/5.0 (Windows NT 10.0; Win64; x64) AppleWebKit/537.36 (KHTML, like Gecko) Chrome/75.0.3770.142 Safari/537.36"
111.7.100.25 - - [15/May/2023:00:51:22 +0330] "GET /decision/add HTTP/1.1" 301 247 "-" "Mozilla/5.0 (Windows NT 10.0; Win64; x64) AppleWebKit/537.36 (KHTML, like Gecko) Chrome/75.0.3770.142 Safari/537.36"
111.7.100.25 - - [15/May/2023:00:51:25 +0330] "GET /decision/add/ HTTP/1.1" 200 16610 "-" "Mozilla/5.0 (Windows NT 10.0; Win64; x64) AppleWebKit/537.36 (KHTML, like Gecko) Chrome/75.0.3770.142 Safari/537.36"
111.7.100.25 - - [15/May/2023:00:51:25 +0330] "GET /_app/assets/vendor-8811cf72.css HTTP/1.1" 200 482 "http://www.arzaaq.nepi.ir/decision/add/" "Mozilla/5.0 (Windows NT 10.0; Win64; x64) AppleWebKit/537.36 (KHTML, like Gecko) Chrome/75.0.3770.142 Safari/537.36"
111.7.100.25 - - [15/May/2023:00:51:26 +0330] "GET /_app/start-905692b0.js HTTP/1.1" 200 24394 "http://www.arzaaq.nepi.ir/decision/add/" "Mozilla/5.0 (Windows NT 10.0; Win64; x64) AppleWebKit/537.36 (KHTML, like Gecko) Chrome/75.0.3770.142 Safari/537.36"
111.7.100.27 - - [15/May/2023:00:51:26 +0330] "GET /_app/pages/decision/add.svelte-84e19401.js HTTP/1.1" 200 6631 "http://www.arzaaq.nepi.ir/decision/add/" "Mozilla/5.0 (Windows NT 10.0; Win64; x64) AppleWebKit/537.36 (KHTML, like Gecko) Chrome/75.0.3770.142 Safari/537.36"
111.7.100.26 - - [15/May/2023:00:51:26 +0330] "GET /_app/pages/__layout.svelte-cfce4e4f.js HTTP/1.1" 200 16216 "http://www.arzaaq.nepi.ir/decision/add/" "Mozilla/5.0 (Windows NT 10.0; Win64; x64) AppleWebKit/537.36 (KHTML, like Gecko) Chrome/75.0.3770.142 Safari/537.36"
111.7.100.27 - - [15/May/2023:00:51:26 +0330] "GET /_app/chunks/vendor-8603b380.js HTTP/1.1" 200 333264 "http://www.arzaaq.nepi.ir/decision/add/" "Mozilla/5.0 (Windows NT 10.0; Win64; x64) AppleWebKit/537.36 (KHTML, like Gecko) Chrome/75.0.3770.142 Safari/537.36"
111.7.100.24 - - [15/May/2023:00:51:26 +0330] "GET /_app/assets/pages/__layout.svelte-b896d4db.css HTTP/1.1" 200 649272 "http://www.arzaaq.nepi.ir/decision/add/" "Mozilla/5.0 (Windows NT 10.0; Win64; x64) AppleWebKit/537.36 (KHTML, like Gecko) Chrome/75.0.3770.142 Safari/537.36"
111.7.100.25 - - [15/May/2023:00:51:28 +0330] "GET /decision/add/ HTTP/1.1" 304 - "-" "Mozilla/5.0 (Windows NT 10.0; Win64; x64) AppleWebKit/537.36 (KHTML, like Gecko) Chrome/75.0.3770.142 Safari/537.36"
111.7.100.27 - - [15/May/2023:00:51:28 +0330] "GET /_app/assets/pages/__layout.svelte-b896d4db.css HTTP/1.1" 206 1 "http://www.arzaaq.nepi.ir/decision/add/" "Mozilla/5.0 (Windows NT 10.0; Win64; x64) AppleWebKit/537.36 (KHTML, like Gecko) Chrome/75.0.3770.142 Safari/537.36"
111.7.100.24 - - [15/May/2023:00:51:28 +0330] "GET /arzaq/add HTTP/1.1" 301 244 "-" "Mozilla/5.0 (Windows NT 10.0; Win64; x64) AppleWebKit/537.36 (KHTML, like Gecko) Chrome/75.0.3770.142 Safari/537.36"
111.7.100.27 - - [15/May/2023:00:51:28 +0330] "GET /_app/assets/pages/__layout.svelte-b896d4db.css HTTP/1.1" 206 75736 "http://www.arzaaq.nepi.ir/decision/add/" "Mozilla/5.0 (Windows NT 10.0; Win64; x64) AppleWebKit/537.36 (KHTML, like Gecko) Chrome/75.0.3770.142 Safari/537.36"
111.7.100.25 - - [15/May/2023:00:51:28 +0330] "GET /_app/chunks/vendor-8603b380.js HTTP/1.1" 206 1 "http://www.arzaaq.nepi.ir/decision/add/" "Mozilla/5.0 (Windows NT 10.0; Win64; x64) AppleWebKit/537.36 (KHTML, like Gecko) Chrome/75.0.3770.142 Safari/537.36"
111.7.100.25 - - [15/May/2023:00:51:29 +0330] "GET /_app/chunks/vendor-8603b380.js HTTP/1.1" 206 42982 "http://www.arzaaq.nepi.ir/decision/add/" "Mozilla/5.0 (Windows NT 10.0; Win64; x64) AppleWebKit/537.36 (KHTML, like Gecko) Chrome/75.0.3770.142 Safari/537.36"
111.7.100.23 - - [15/May/2023:00:51:15 +0330] "GET /_app/assets/pages/__layout.svelte-b896d4db.css HTTP/1.1" 206 481616 "http://www.arzaaq.nepi.ir/decision/" "Mozilla/5.0 (Windows NT 10.0; Win64; x64) AppleWebKit/537.36 (KHTML, like Gecko) Chrome/75.0.3770.142 Safari/537.36"
111.7.100.24 - - [15/May/2023:00:51:30 +0330] "GET /arzaq/add/ HTTP/1.1" 200 19549 "-" "Mozilla/5.0 (Windows NT 10.0; Win64; x64) AppleWebKit/537.36 (KHTML, like Gecko) Chrome/75.0.3770.142 Safari/537.36"
111.7.100.26 - - [15/May/2023:00:51:33 +0330] "GET /_app/error.svelte-fb0fb8bc.js HTTP/1.1" 200 1595 "-" "Mozilla/5.0 (Windows NT 10.0; Win64; x64) AppleWebKit/537.36 (KHTML, like Gecko) Chrome/75.0.3770.142 Safari/537.36"
111.7.100.26 - - [15/May/2023:00:51:43 +0330] "GET /arzaq HTTP/1.1" 301 240 "-" "Mozilla/5.0 (Windows NT 10.0; Win64; x64) AppleWebKit/537.36 (KHTML, like Gecko) Chrome/75.0.3770.142 Safari/537.36"
111.7.100.26 - - [15/May/2023:00:51:44 +0330] "GET /arzaq/ HTTP/1.1" 200 12350 "-" "Mozilla/5.0 (Windows NT 10.0; Win64; x64) AppleWebKit/537.36 (KHTML, like Gecko) Chrome/75.0.3770.142 Safari/537.36"
111.7.100.26 - - [15/May/2023:00:51:45 +0330] "GET /_app/start-905692b0.js HTTP/1.1" 200 24394 "http://www.arzaaq.nepi.ir/arzaq/" "Mozilla/5.0 (Windows NT 10.0; Win64; x64) AppleWebKit/537.36 (KHTML, like Gecko) Chrome/75.0.3770.142 Safari/537.36"
111.7.100.25 - - [15/May/2023:00:51:45 +0330] "GET /_app/assets/vendor-8811cf72.css HTTP/1.1" 200 482 "http://www.arzaaq.nepi.ir/arzaq/" "Mozilla/5.0 (Windows NT 10.0; Win64; x64) AppleWebKit/537.36 (KHTML, like Gecko) Chrome/75.0.3770.142 Safari/537.36"
111.7.100.26 - - [15/May/2023:00:51:45 +0330] "GET /_app/pages/__layout.svelte-cfce4e4f.js HTTP/1.1" 200 16216 "http://www.arzaaq.nepi.ir/arzaq/" "Mozilla/5.0 (Windows NT 10.0; Win64; x64) AppleWebKit/537.36 (KHTML, like Gecko) Chrome/75.0.3770.142 Safari/537.36"
111.7.100.25 - - [15/May/2023:00:51:45 +0330] "GET /_app/pages/arzaq/index.svelte-427a502c.js HTTP/1.1" 200 480 "http://www.arzaaq.nepi.ir/arzaq/" "Mozilla/5.0 (Windows NT 10.0; Win64; x64) AppleWebKit/537.36 (KHTML, like Gecko) Chrome/75.0.3770.142 Safari/537.36"
111.7.100.25 - - [15/May/2023:00:51:46 +0330] "GET /arzaq/ HTTP/1.1" 304 - "-" "Mozilla/5.0 (Windows NT 10.0; Win64; x64) AppleWebKit/537.36 (KHTML, like Gecko) Chrome/75.0.3770.142 Safari/537.36"
111.7.100.26 - - [15/May/2023:00:51:45 +0330] "GET /_app/chunks/vendor-8603b380.js HTTP/1.1" 200 333264 "http://www.arzaaq.nepi.ir/arzaq/" "Mozilla/5.0 (Windows NT 10.0; Win64; x64) AppleWebKit/537.36 (KHTML, like Gecko) Chrome/75.0.3770.142 Safari/537.36"
111.7.100.24 - - [15/May/2023:00:51:45 +0330] "GET /_app/assets/pages/__layout.svelte-b896d4db.css HTTP/1.1" 200 649272 "http://www.arzaaq.nepi.ir/arzaq/" "Mozilla/5.0 (Windows NT 10.0; Win64; x64) AppleWebKit/537.36 (KHTML, like Gecko) Chrome/75.0.3770.142 Safari/537.36"
111.7.100.25 - - [15/May/2023:00:51:48 +0330] "GET /_app/assets/pages/__layout.svelte-b896d4db.css HTTP/1.1" 206 1 "http://www.arzaaq.nepi.ir/arzaq/" "Mozilla/5.0 (Windows NT 10.0; Win64; x64) AppleWebKit/537.36 (KHTML, like Gecko) Chrome/75.0.3770.142 Safari/537.36"
111.7.100.26 - - [15/May/2023:00:51:48 +0330] "GET /_app/chunks/vendor-8603b380.js HTTP/1.1" 206 1 "http://www.arzaaq.nepi.ir/arzaq/" "Mozilla/5.0 (Windows NT 10.0; Win64; x64) AppleWebKit/537.36 (KHTML, like Gecko) Chrome/75.0.3770.142 Safari/537.36"
111.7.100.27 - - [15/May/2023:00:51:49 +0330] "GET /_app/chunks/vendor-8603b380.js HTTP/1.1" 206 232782 "http://www.arzaaq.nepi.ir/arzaq/" "Mozilla/5.0 (Windows NT 10.0; Win64; x64) AppleWebKit/537.36 (KHTML, like Gecko) Chrome/75.0.3770.142 Safari/537.36"
111.7.100.24 - - [15/May/2023:00:51:49 +0330] "GET /_app/assets/pages/__layout.svelte-b896d4db.css HTTP/1.1" 206 525416 "http://www.arzaaq.nepi.ir/arzaq/" "Mozilla/5.0 (Windows NT 10.0; Win64; x64) AppleWebKit/537.36 (KHTML, like Gecko) Chrome/75.0.3770.142 Safari/537.36"
