165.227.39.235 - - [18/Jul/2026:14:18:09 +0330] "GET / HTTP/1.1" 200 366 "-" "Mozilla/5.0 (l9scan/2.0.03e27343e25353e2236313; +https://leakix.net)"
165.227.39.235 - - [18/Jul/2026:14:18:10 +0330] "GET /console/ HTTP/1.1" 404 - "-" "Mozilla/5.0 (l9scan/2.0.03e27343e25353e2236313; +https://leakix.net)"
165.227.39.235 - - [18/Jul/2026:14:18:11 +0330] "GET /server HTTP/1.1" 404 - "-" "Mozilla/5.0 (l9scan/2.0.03e27343e25353e2236313; +https://leakix.net)"
165.227.39.235 - - [18/Jul/2026:14:18:12 +0330] "GET /server-status HTTP/1.1" 404 - "-" "Mozilla/5.0 (l9scan/2.0.03e27343e25353e2236313; +https://leakix.net)"
165.227.39.235 - - [18/Jul/2026:14:18:14 +0330] "GET /about HTTP/1.1" 404 - "-" "Mozilla/5.0 (l9scan/2.0.03e27343e25353e2236313; +https://leakix.net)"
165.227.39.235 - - [18/Jul/2026:14:18:15 +0330] "GET /login.action HTTP/1.1" 404 - "-" "Mozilla/5.0 (l9scan/2.0.03e27343e25353e2236313; +https://leakix.net)"
165.227.39.235 - - [18/Jul/2026:14:18:16 +0330] "GET / HTTP/1.1" 200 366 "-" "Mozilla/5.0 (l9scan/2.0.03e27343e25353e2236313; +https://leakix.net)"
165.227.39.235 - - [18/Jul/2026:14:18:16 +0330] "GET /___proxy_subdomain_whm/login HTTP/1.1" 404 - "-" "Mozilla/5.0 (l9scan/2.0.03e27343e25353e2236313; +https://leakix.net)"
165.227.39.235 - - [18/Jul/2026:14:18:16 +0330] "GET /___proxy_subdomain_cpanel HTTP/1.1" 404 - "-" "Mozilla/5.0 (l9scan/2.0.03e27343e25353e2236313; +https://leakix.net)"
165.227.39.235 - - [18/Jul/2026:14:18:17 +0330] "GET /v2/_catalog HTTP/1.1" 404 - "-" "Mozilla/5.0 (l9scan/2.0.03e27343e25353e2236313; +https://leakix.net)"
165.227.39.235 - - [18/Jul/2026:14:18:18 +0330] "GET /.DS_Store HTTP/1.1" 404 - "-" "Mozilla/5.0 (l9scan/2.0.03e27343e25353e2236313; +https://leakix.net)"
165.227.39.235 - - [18/Jul/2026:14:18:19 +0330] "GET /.env HTTP/1.1" 404 - "-" "Mozilla/5.0 (l9scan/2.0.03e27343e25353e2236313; +https://leakix.net)"
165.227.39.235 - - [18/Jul/2026:14:18:21 +0330] "GET /ecp/Current/exporttool/microsoft.exchange.ediscovery.exporttool.application HTTP/1.1" 404 - "-" "Mozilla/5.0 (l9scan/2.0.03e27343e25353e2236313; +https://leakix.net)"
165.227.39.235 - - [18/Jul/2026:14:18:23 +0330] "GET /.git/config HTTP/1.1" 404 - "-" "Mozilla/5.0 (l9scan/2.0.03e27343e25353e2236313; +https://leakix.net)"
165.227.39.235 - - [18/Jul/2026:14:18:24 +0330] "POST /graphql HTTP/1.1" 404 - "-" "Mozilla/5.0 (l9scan/2.0.03e27343e25353e2236313; +https://leakix.net)"
165.227.39.235 - - [18/Jul/2026:14:18:24 +0330] "POST /api HTTP/1.1" 404 - "-" "Mozilla/5.0 (l9scan/2.0.03e27343e25353e2236313; +https://leakix.net)"
165.227.39.235 - - [18/Jul/2026:14:18:24 +0330] "POST /api/graphql HTTP/1.1" 404 - "-" "Mozilla/5.0 (l9scan/2.0.03e27343e25353e2236313; +https://leakix.net)"
165.227.39.235 - - [18/Jul/2026:14:18:25 +0330] "POST /graphql/api HTTP/1.1" 404 - "-" "Mozilla/5.0 (l9scan/2.0.03e27343e25353e2236313; +https://leakix.net)"
165.227.39.235 - - [18/Jul/2026:14:18:25 +0330] "POST /api/gql HTTP/1.1" 404 - "-" "Mozilla/5.0 (l9scan/2.0.03e27343e25353e2236313; +https://leakix.net)"
165.227.39.235 - - [18/Jul/2026:14:18:25 +0330] "GET /s/03e27343e25353e2236313/_/;/META-INF/maven/com.atlassian.jira/jira-webapp-dist/pom.properties HTTP/1.1" 404 - "-" "Mozilla/5.0 (l9scan/2.0.03e27343e25353e2236313; +https://leakix.net)"
165.227.39.235 - - [18/Jul/2026:14:18:26 +0330] "GET /config.json HTTP/1.1" 404 - "-" "Mozilla/5.0 (l9scan/2.0.03e27343e25353e2236313; +https://leakix.net)"
165.227.39.235 - - [18/Jul/2026:14:18:28 +0330] "GET /telescope/requests HTTP/1.1" 404 - "-" "Mozilla/5.0 (l9scan/2.0.03e27343e25353e2236313; +https://leakix.net)"
165.227.39.235 - - [18/Jul/2026:14:18:28 +0330] "GET /info.php HTTP/1.1" 404 16 "-" "Mozilla/5.0 (l9scan/2.0.03e27343e25353e2236313; +https://leakix.net)"
165.227.39.235 - - [18/Jul/2026:14:18:29 +0330] "GET /.well-known/security.txt HTTP/1.1" 404 - "-" "Mozilla/5.0 (l9scan/2.0.03e27343e25353e2236313; +https://leakix.net)"
165.227.39.235 - - [18/Jul/2026:14:18:30 +0330] "GET /actuator/env HTTP/1.1" 404 - "-" "Mozilla/5.0 (l9scan/2.0.03e27343e25353e2236313; +https://leakix.net)"
165.227.39.235 - - [18/Jul/2026:14:18:32 +0330] "GET /trace.axd HTTP/1.1" 404 - "-" "Mozilla/5.0 (l9scan/2.0.03e27343e25353e2236313; +https://leakix.net)"
165.227.39.235 - - [18/Jul/2026:14:18:33 +0330] "GET /@vite/env HTTP/1.1" 404 - "-" "Mozilla/5.0 (l9scan/2.0.03e27343e25353e2236313; +https://leakix.net)"
165.227.39.235 - - [18/Jul/2026:14:18:34 +0330] "GET /.vscode/sftp.json HTTP/1.1" 404 - "-" "Mozilla/5.0 (l9scan/2.0.03e27343e25353e2236313; +https://leakix.net)"
165.227.39.235 - - [18/Jul/2026:14:18:35 +0330] "OPTIONS / HTTP/1.1" 200 - "-" "Mozilla/5.0 (l9scan/2.0.03e27343e25353e2236313; +https://leakix.net)"
165.227.39.235 - - [18/Jul/2026:14:18:36 +0330] "GET /?rest_route=/wp/v2/users/ HTTP/1.1" 200 366 "-" "Mozilla/5.0 (l9scan/2.0.03e27343e25353e2236313; +https://leakix.net)"
165.227.39.235 - - [18/Jul/2026:14:18:37 +0330] "GET /debug/default/view?panel=config HTTP/1.1" 404 - "-" "Mozilla/5.0 (l9scan/2.0.03e27343e25353e2236313; +https://leakix.net)"
205.210.31.16 - - [18/Jul/2026:14:40:45 +0330] "GET / HTTP/1.1" 200 366 "-" "Hello from Palo Alto Networks, find out more about our scans in https://docs-cortex.paloaltonetworks.com/r/1/Cortex-Xpanse/Scanning-activity"
94.154.43.183 - - [18/Jul/2026:18:54:52 +0330] "GET /.env HTTP/1.1" 404 - "-" "Mozilla/5.0 (Windows NT 10.0; Win64; x64) AppleWebKit/537.36 (KHTML, like Gecko) Chrome/147.0.0.0 Safari/537.36"
74.7.175.165 - - [18/Jul/2026:19:12:25 +0330] "GET /robots.txt HTTP/1.1" 404 - "-" "Mozilla/5.0 (Macintosh; Intel Mac OS X 10_15_7) AppleWebKit/537.36 (KHTML, like Gecko) Chrome/131.0.0.0 Safari/537.36; compatible; OAI-SearchBot/1.4; robots.txt; +https://openai.com/searchbot"
74.7.227.170 - - [18/Jul/2026:19:12:26 +0330] "GET / HTTP/1.1" 200 366 "-" "Mozilla/5.0 AppleWebKit/537.36 (KHTML, like Gecko; compatible; GPTBot/1.4; +https://openai.com/gptbot)"
74.7.227.170 - - [18/Jul/2026:19:12:28 +0330] "GET /build/bundle.css HTTP/1.1" 200 39 "https://www.taarif.nepi.ir/" "Mozilla/5.0 AppleWebKit/537.36 (KHTML, like Gecko; compatible; GPTBot/1.4; +https://openai.com/gptbot)"
74.7.227.170 - - [18/Jul/2026:19:12:30 +0330] "GET /build/bundle.js HTTP/1.1" 200 9827 "https://www.taarif.nepi.ir/" "Mozilla/5.0 AppleWebKit/537.36 (KHTML, like Gecko; compatible; GPTBot/1.4; +https://openai.com/gptbot)"
74.7.227.170 - - [18/Jul/2026:19:12:33 +0330] "GET /global.css HTTP/1.1" 200 3780 "https://www.taarif.nepi.ir/" "Mozilla/5.0 AppleWebKit/537.36 (KHTML, like Gecko; compatible; GPTBot/1.4; +https://openai.com/gptbot)"
94.154.43.185 - - [18/Jul/2026:22:40:23 +0330] "GET / HTTP/1.1" 200 366 "-" "Mozilla/5.0 (Windows NT 10.0; Win64; x64) AppleWebKit/537.36 (KHTML, like Gecko) Chrome/147.0.0.0 Safari/537.36"
69.171.231.7 - - [19/Jul/2026:06:35:51 +0330] "GET /robots.txt HTTP/1.1" 404 - "-" "facebookexternalhit/1.1 (+http://www.facebook.com/externalhit_uatext.php)"
69.171.231.3 - - [19/Jul/2026:06:35:51 +0330] "GET /robots.txt HTTP/1.1" 404 - "-" "facebookexternalhit/1.1 (+http://www.facebook.com/externalhit_uatext.php)"
69.171.231.116 - - [19/Jul/2026:06:35:51 +0330] "GET /robots.txt HTTP/1.1" 404 - "-" "facebookexternalhit/1.1 (+http://www.facebook.com/externalhit_uatext.php)"
208.84.100.176 - - [19/Jul/2026:11:55:21 +0330] "GET / HTTP/1.1" 200 366 "-" "Mozilla/5.0 (Macintosh; Intel Mac OS X 10_15_7) AppleWebKit/605.1.15 (KHTML, like Gecko) Version/18.3 Safari/605.1.15"
208.84.100.176 - - [19/Jul/2026:11:55:21 +0330] "GET / HTTP/1.1" 200 366 "-" "Mozilla/5.0 (Macintosh; Intel Mac OS X 10_15_7) AppleWebKit/605.1.15 (KHTML, like Gecko) Version/18.3 Safari/605.1.15"
208.84.100.176 - - [19/Jul/2026:11:55:21 +0330] "GET / HTTP/1.1" 200 366 "-" "Mozilla/5.0 (Windows NT 10.0; Win64; x64) AppleWebKit/537.36 (KHTML, like Gecko) Chrome/147.0.0.0 Safari/537.36"
208.84.100.176 - - [19/Jul/2026:11:55:21 +0330] "GET /build/bundle.js HTTP/1.1" 200 9827 "-" "Mozilla/5.0 (Macintosh; Intel Mac OS X 10_15_7) AppleWebKit/537.36 (KHTML, like Gecko) Chrome/147.0.0.0 Safari/537.36"
94.154.43.188 - - [19/Jul/2026:12:56:27 +0330] "GET /build/bundle.js HTTP/1.1" 200 9827 "-" "Mozilla/5.0 (Windows NT 10.0; Win64; x64) AppleWebKit/537.36 (KHTML, like Gecko) Chrome/147.0.0.0 Safari/537.36"
205.210.31.78 - - [19/Jul/2026:15:09:29 +0330] "GET /.well-known/security.txt HTTP/1.1" 404 - "-" "Hello from Palo Alto Networks, find out more about our scans in https://docs-cortex.paloaltonetworks.com/r/1/Cortex-Xpanse/Scanning-activity"
94.154.43.229 - - [19/Jul/2026:16:48:14 +0330] "GET /build/bundle.js HTTP/1.1" 200 9827 "-" "Mozilla/5.0 (Windows NT 10.0; Win64; x64) AppleWebKit/537.36 (KHTML, like Gecko) Chrome/147.0.0.0 Safari/537.36"
66.249.74.9 - - [19/Jul/2026:17:55:23 +0330] "GET /robots.txt HTTP/1.1" 404 - "-" "Mozilla/5.0 (compatible; Googlebot/2.1; +http://www.google.com/bot.html)"
205.210.31.231 - - [19/Jul/2026:21:09:47 +0330] "GET /.well-known/security.txt HTTP/1.1" 404 - "-" "Hello from Palo Alto Networks, find out more about our scans in https://docs-cortex.paloaltonetworks.com/r/1/Cortex-Xpanse/Scanning-activity"
66.249.74.7 - - [19/Jul/2026:22:17:11 +0330] "GET /robots.txt HTTP/1.1" 404 - "-" "Mozilla/5.0 (compatible; Googlebot/2.1; +http://www.google.com/bot.html)"
94.154.43.177 - - [20/Jul/2026:05:20:52 +0330] "GET /.env HTTP/1.1" 404 - "-" "Mozilla/5.0 (Windows NT 10.0; Win64; x64) AppleWebKit/537.36 (KHTML, like Gecko) Chrome/147.0.0.0 Safari/537.36"
146.190.113.176 - - [20/Jul/2026:06:05:41 +0330] "GET / HTTP/1.1" 200 366 "-" "Mozilla/5.0 (X11; Linux x86_64; rv:142.0) Gecko/20100101 Firefox/142.0"
146.190.113.176 - - [20/Jul/2026:06:05:45 +0330] "GET /favicon.ico HTTP/1.1" 404 - "https://taarif.nepi.ir/" "Mozilla/5.0 (X11; Linux x86_64; rv:142.0) Gecko/20100101 Firefox/142.0"
94.154.43.178 - - [20/Jul/2026:07:58:09 +0330] "GET / HTTP/1.1" 200 366 "-" "Mozilla/5.0 (Windows NT 10.0; Win64; x64) AppleWebKit/537.36 (KHTML, like Gecko) Chrome/147.0.0.0 Safari/537.36"
23.180.120.146 - - [20/Jul/2026:09:26:19 +0330] "GET / HTTP/1.1" 200 366 "-" "Mozilla/5.0 (Windows NT 10.0; Win64; x64) AppleWebKit/537.36 (KHTML, like Gecko) Chrome/122.0.0.0 Safari/537.36"
13.219.67.125 - - [20/Jul/2026:14:23:51 +0330] "GET / HTTP/1.1" 200 366 "-" "Mozilla/5.0 (Windows NT 10.0; Win64; x64) AppleWebKit/537.36 (KHTML, like Gecko) Chrome/135.0.0.0 Safari/537.36 Edg/135.0.0.0"
66.249.74.9 - - [20/Jul/2026:17:48:54 +0330] "GET /robots.txt HTTP/1.1" 404 - "-" "Mozilla/5.0 (compatible; Googlebot/2.1; +http://www.google.com/bot.html)"
94.154.43.178 - - [20/Jul/2026:20:00:47 +0330] "GET /.env HTTP/1.1" 404 - "-" "Mozilla/5.0 (Windows NT 10.0; Win64; x64) AppleWebKit/537.36 (KHTML, like Gecko) Chrome/147.0.0.0 Safari/537.36"
94.154.43.186 - - [20/Jul/2026:23:06:26 +0330] "GET / HTTP/1.1" 200 366 "-" "Mozilla/5.0 (Windows NT 10.0; Win64; x64) AppleWebKit/537.36 (KHTML, like Gecko) Chrome/147.0.0.0 Safari/537.36"
65.110.40.182 - - [20/Jul/2026:23:52:47 +0330] "GET / HTTP/1.1" 200 366 "-" "Mozilla/5.0 (X11; Linux x86_64; rv:150.0) Gecko/20100101 Firefox/150.0"
65.110.40.182 - - [20/Jul/2026:23:52:47 +0330] "GET / HTTP/1.1" 200 366 "-" "Mozilla/5.0 (X11; Linux x86_64) AppleWebKit/537.36 (KHTML, like Gecko) Chrome/147.0.0.0 Safari/537.36"
65.110.40.182 - - [20/Jul/2026:23:52:47 +0330] "GET / HTTP/1.1" 200 366 "-" "Mozilla/5.0 (Windows NT 10.0; Win64; x64) AppleWebKit/537.36 (KHTML, like Gecko) Chrome/146.0.0.0 Safari/537.36"
65.110.40.182 - - [20/Jul/2026:23:52:47 +0330] "GET /build/bundle.js HTTP/1.1" 200 9827 "-" "Mozilla/5.0 (iPhone; CPU iPhone OS 18_4 like Mac OS X) AppleWebKit/605.1.15 (KHTML, like Gecko) Version/18.4 Mobile/15E148 Safari/604.1"
195.96.139.221 - - [21/Jul/2026:05:39:07 +0330] "GET / HTTP/1.1" 200 366 "-" "Mozilla/5.0 (compatible; InternetMeasurement/1.0; +https://internet-measurement.com/)"
44.244.104.28 - - [21/Jul/2026:06:06:41 +0330] "GET /robots.txt HTTP/1.1" 404 - "-" "Mozilla/5.0 (compatible; wpbot/1.4; +https://forms.gle/ajBaxygz9jSR8p8G9)"
44.244.104.28 - - [21/Jul/2026:06:06:41 +0330] "GET /enhancecp HTTP/1.1" 404 - "-" "Mozilla/5.0 (compatible; wpbot/1.4; +https://forms.gle/ajBaxygz9jSR8p8G9)"
94.154.43.187 - - [21/Jul/2026:13:21:01 +0330] "GET /build/bundle.js HTTP/1.1" 200 9827 "-" "Mozilla/5.0 (Windows NT 10.0; Win64; x64) AppleWebKit/537.36 (KHTML, like Gecko) Chrome/147.0.0.0 Safari/537.36"
205.210.31.226 - - [21/Jul/2026:14:33:04 +0330] "GET / HTTP/1.1" 200 366 "-" "Hello from Palo Alto Networks, find out more about our scans in https://docs-cortex.paloaltonetworks.com/r/1/Cortex-Xpanse/Scanning-activity"
66.249.74.68 - - [21/Jul/2026:16:51:48 +0330] "GET /robots.txt HTTP/1.1" 404 - "-" "Mozilla/5.0 (compatible; Googlebot/2.1; +http://www.google.com/bot.html)"
94.154.43.178 - - [21/Jul/2026:17:07:19 +0330] "GET /build/bundle.js HTTP/1.1" 200 9827 "-" "Mozilla/5.0 (Windows NT 10.0; Win64; x64) AppleWebKit/537.36 (KHTML, like Gecko) Chrome/147.0.0.0 Safari/537.36"
66.249.74.9 - - [21/Jul/2026:17:33:36 +0330] "GET /robots.txt HTTP/1.1" 404 - "-" "Mozilla/5.0 (compatible; Googlebot/2.1; +http://www.google.com/bot.html)"
74.7.243.194 - - [21/Jul/2026:21:30:38 +0330] "GET / HTTP/1.1" 200 366 "-" "Mozilla/5.0 AppleWebKit/537.36 (KHTML, like Gecko; compatible; GPTBot/1.4; +https://openai.com/gptbot)"
74.7.175.158 - - [21/Jul/2026:21:30:39 +0330] "GET /robots.txt HTTP/1.1" 404 - "-" "Mozilla/5.0 (Macintosh; Intel Mac OS X 10_15_7) AppleWebKit/537.36 (KHTML, like Gecko) Chrome/131.0.0.0 Safari/537.36; compatible; OAI-SearchBot/1.4; robots.txt; +https://openai.com/searchbot"
103.59.161.151 - - [22/Jul/2026:03:03:11 +0330] "POST /index.php?option=com_sppagebuilder&task=asset.uploadCustomIcon HTTP/1.1" 404 16 "-" "Mozilla/5.0 (X11; Linux x86_64) sppb-rce-poc"
173.252.107.22 - - [22/Jul/2026:11:18:35 +0330] "GET /robots.txt HTTP/1.1" 404 - "-" "facebookexternalhit/1.1 (+http://www.facebook.com/externalhit_uatext.php)"
57.141.0.70 - - [22/Jul/2026:11:18:43 +0330] "GET / HTTP/1.1" 200 366 "-" "Mozilla/5.0 (Macintosh; Intel Mac OS X 10_15_7) AppleWebKit/537.36 (KHTML, like Gecko) Chrome/145.0.0.0 Safari/537.36 (compatible; meta-externalagent/1.1 (+https://developers.facebook.com/docs/sharing/webmasters/crawler))"
94.154.43.186 - - [22/Jul/2026:11:38:54 +0330] "GET /.env HTTP/1.1" 404 - "-" "Mozilla/5.0 (Windows NT 10.0; Win64; x64) AppleWebKit/537.36 (KHTML, like Gecko) Chrome/147.0.0.0 Safari/537.36"
45.148.10.62 - - [22/Jul/2026:12:08:57 +0330] "GET / HTTP/1.1" 200 366 "-" "Mozilla/5.0 (Macintosh; Intel Mac OS X 10_15_7) AppleWebKit/537.36 (KHTML, like Gecko) Chrome/131.0.0.0 Safari/537.36"
45.148.10.62 - - [22/Jul/2026:12:08:57 +0330] "GET /.env HTTP/1.1" 404 - "-" "Mozilla/5.0 (X11; Linux x86_64) AppleWebKit/537.36 (KHTML, like Gecko) Chrome/131.0.0.0 Safari/537.36"
45.148.10.62 - - [22/Jul/2026:12:08:57 +0330] "GET /build/bundle.js HTTP/1.1" 200 9827 "-" "Mozilla/5.0 (Windows NT 10.0; Win64; x64) AppleWebKit/537.36 (KHTML, like Gecko) Chrome/131.0.0.0 Safari/537.36"
45.148.10.62 - - [22/Jul/2026:12:08:58 +0330] "GET /'/build/bundle.js' HTTP/1.1" 404 - "-" "Mozilla/5.0 (Windows NT 10.0; Win64; x64) AppleWebKit/537.36 (KHTML, like Gecko) Chrome/131.0.0.0 Safari/537.36"
45.148.10.62 - - [22/Jul/2026:12:08:58 +0330] "GET /%2eenv HTTP/1.1" 404 - "-" "Mozilla/5.0 (Macintosh; Intel Mac OS X 10_15_7) AppleWebKit/537.36 (KHTML, like Gecko) Chrome/131.0.0.0 Safari/537.36"
45.148.10.62 - - [22/Jul/2026:12:08:58 +0330] "GET /%2f%2eenv HTTP/1.1" 404 - "-" "Mozilla/5.0 (Windows NT 10.0; Win64; x64) AppleWebKit/537.36 (KHTML, like Gecko) Chrome/131.0.0.0 Safari/537.36"
45.148.10.62 - - [22/Jul/2026:12:08:58 +0330] "GET /?phpinfo=1 HTTP/1.1" 200 366 "-" "Mozilla/5.0 (Macintosh; Intel Mac OS X 10_15_7) AppleWebKit/537.36 (KHTML, like Gecko) Chrome/131.0.0.0 Safari/537.36"
45.148.10.62 - - [22/Jul/2026:12:08:58 +0330] "GET /.aws/credentials HTTP/1.1" 404 - "-" "Mozilla/5.0 (Windows NT 10.0; Win64; x64) AppleWebKit/537.36 (KHTML, like Gecko) Chrome/131.0.0.0 Safari/537.36"
45.148.10.62 - - [22/Jul/2026:12:08:58 +0330] "GET /api/.env HTTP/1.1" 404 - "-" "Mozilla/5.0 (Windows NT 10.0; Win64; x64) AppleWebKit/537.36 (KHTML, like Gecko) Chrome/131.0.0.0 Safari/537.36"
45.148.10.62 - - [22/Jul/2026:12:08:58 +0330] "GET /.env.bak HTTP/1.1" 404 - "-" "Mozilla/5.0 (Macintosh; Intel Mac OS X 10_15_7) AppleWebKit/537.36 (KHTML, like Gecko) Chrome/131.0.0.0 Safari/537.36"
45.148.10.62 - - [22/Jul/2026:12:08:58 +0330] "GET /aws-ses.json HTTP/1.1" 404 - "-" "Mozilla/5.0 (Windows NT 10.0; Win64; x64) AppleWebKit/537.36 (KHTML, like Gecko) Chrome/131.0.0.0 Safari/537.36"
45.148.10.62 - - [22/Jul/2026:12:08:58 +0330] "GET /.stripe/ HTTP/1.1" 404 - "-" "Mozilla/5.0 (Macintosh; Intel Mac OS X 10_15_7) AppleWebKit/537.36 (KHTML, like Gecko) Chrome/131.0.0.0 Safari/537.36"
45.148.10.62 - - [22/Jul/2026:12:08:58 +0330] "GET /stripe/.env HTTP/1.1" 404 - "-" "Mozilla/5.0 (Windows NT 10.0; Win64; x64) AppleWebKit/537.36 (KHTML, like Gecko) Chrome/131.0.0.0 Safari/537.36"
45.148.10.62 - - [22/Jul/2026:12:08:58 +0330] "GET /.env.aws HTTP/1.1" 404 - "-" "Mozilla/5.0 (X11; Linux x86_64) AppleWebKit/537.36 (KHTML, like Gecko) Chrome/131.0.0.0 Safari/537.36"
45.148.10.62 - - [22/Jul/2026:12:08:58 +0330] "GET /.env.save HTTP/1.1" 404 - "-" "Mozilla/5.0 (Windows NT 10.0; Win64; x64) AppleWebKit/537.36 (KHTML, like Gecko) Chrome/131.0.0.0 Safari/537.36"
45.148.10.62 - - [22/Jul/2026:12:08:58 +0330] "GET /.env.local HTTP/1.1" 404 - "-" "Mozilla/5.0 (Macintosh; Intel Mac OS X 10_15_7) AppleWebKit/537.36 (KHTML, like Gecko) Chrome/131.0.0.0 Safari/537.36"
45.148.10.62 - - [22/Jul/2026:12:08:58 +0330] "GET /backend/.env HTTP/1.1" 404 - "-" "Mozilla/5.0 (Windows NT 10.0; Win64; x64) AppleWebKit/537.36 (KHTML, like Gecko) Chrome/131.0.0.0 Safari/537.36"
45.148.10.62 - - [22/Jul/2026:12:08:58 +0330] "GET /test.php HTTP/1.1" 404 16 "-" "Mozilla/5.0 (Windows NT 10.0; Win64; x64; rv:133.0) Gecko/20100101 Firefox/133.0"
45.148.10.62 - - [22/Jul/2026:12:08:58 +0330] "GET /.env.backup HTTP/1.1" 404 - "-" "Mozilla/5.0 (Windows NT 10.0; Win64; x64) AppleWebKit/537.36 (KHTML, like Gecko) Chrome/131.0.0.0 Safari/537.36"
45.148.10.62 - - [22/Jul/2026:12:08:58 +0330] "GET /.env.old HTTP/1.1" 404 - "-" "Mozilla/5.0 (X11; Linux x86_64) AppleWebKit/537.36 (KHTML, like Gecko) Chrome/131.0.0.0 Safari/537.36"
45.148.10.62 - - [22/Jul/2026:12:08:58 +0330] "GET /.env.tmp HTTP/1.1" 404 - "-" "Mozilla/5.0 (X11; Linux x86_64) AppleWebKit/537.36 (KHTML, like Gecko) Chrome/131.0.0.0 Safari/537.36"
45.148.10.62 - - [22/Jul/2026:12:08:58 +0330] "GET /.env.php.bak HTTP/1.1" 404 - "-" "Mozilla/5.0 (Windows NT 10.0; Win64; x64; rv:133.0) Gecko/20100101 Firefox/133.0"
45.148.10.62 - - [22/Jul/2026:12:08:58 +0330] "GET /.env.php HTTP/1.1" 404 16 "-" "Mozilla/5.0 (Macintosh; Intel Mac OS X 10_15_7) AppleWebKit/537.36 (KHTML, like Gecko) Chrome/131.0.0.0 Safari/537.36"
45.148.10.62 - - [22/Jul/2026:12:08:58 +0330] "GET /.env.txt HTTP/1.1" 404 - "-" "Mozilla/5.0 (Macintosh; Intel Mac OS X 10_15_7) AppleWebKit/537.36 (KHTML, like Gecko) Chrome/131.0.0.0 Safari/537.36"
45.148.10.62 - - [22/Jul/2026:12:08:58 +0330] "GET /.env.prod HTTP/1.1" 404 - "-" "Mozilla/5.0 (X11; Linux x86_64) AppleWebKit/537.36 (KHTML, like Gecko) Chrome/131.0.0.0 Safari/537.36"
45.148.10.62 - - [22/Jul/2026:12:08:58 +0330] "GET /.env.dev HTTP/1.1" 404 - "-" "Mozilla/5.0 (X11; Linux x86_64) AppleWebKit/537.36 (KHTML, like Gecko) Chrome/131.0.0.0 Safari/537.36"
45.148.10.62 - - [22/Jul/2026:12:08:58 +0330] "GET /config.json.save HTTP/1.1" 404 - "-" "Mozilla/5.0 (Macintosh; Intel Mac OS X 10_15_7) AppleWebKit/537.36 (KHTML, like Gecko) Chrome/131.0.0.0 Safari/537.36"
45.148.10.62 - - [22/Jul/2026:12:08:58 +0330] "GET /.git/config HTTP/1.1" 404 - "-" "Mozilla/5.0 (Macintosh; Intel Mac OS X 10_15_7) AppleWebKit/537.36 (KHTML, like Gecko) Chrome/131.0.0.0 Safari/537.36"
45.148.10.62 - - [22/Jul/2026:12:08:58 +0330] "GET /wp-config.php HTTP/1.1" 404 16 "-" "Mozilla/5.0 (X11; Linux x86_64) AppleWebKit/537.36 (KHTML, like Gecko) Chrome/131.0.0.0 Safari/537.36"
45.148.10.62 - - [22/Jul/2026:12:08:58 +0330] "GET /wp-config.php.old HTTP/1.1" 404 - "-" "Mozilla/5.0 (Windows NT 10.0; Win64; x64) AppleWebKit/537.36 (KHTML, like Gecko) Chrome/131.0.0.0 Safari/537.36"
45.148.10.62 - - [22/Jul/2026:12:08:58 +0330] "GET /config.php HTTP/1.1" 404 16 "-" "Mozilla/5.0 (Macintosh; Intel Mac OS X 10_15_7) AppleWebKit/537.36 (KHTML, like Gecko) Chrome/131.0.0.0 Safari/537.36"
45.148.10.62 - - [22/Jul/2026:12:08:58 +0330] "GET /config.php.bak HTTP/1.1" 404 - "-" "Mozilla/5.0 (Macintosh; Intel Mac OS X 10_15_7) AppleWebKit/537.36 (KHTML, like Gecko) Chrome/131.0.0.0 Safari/537.36"
45.148.10.62 - - [22/Jul/2026:12:08:58 +0330] "GET /config.js HTTP/1.1" 404 - "-" "Mozilla/5.0 (Macintosh; Intel Mac OS X 10_15_7) AppleWebKit/537.36 (KHTML, like Gecko) Chrome/131.0.0.0 Safari/537.36"
45.148.10.62 - - [22/Jul/2026:12:08:58 +0330] "GET /aws-config.js HTTP/1.1" 404 - "-" "Mozilla/5.0 (Windows NT 10.0; Win64; x64) AppleWebKit/537.36 (KHTML, like Gecko) Chrome/131.0.0.0 Safari/537.36"
45.148.10.62 - - [22/Jul/2026:12:08:58 +0330] "GET /aws.config.js HTTP/1.1" 404 - "-" "Mozilla/5.0 (Macintosh; Intel Mac OS X 10_15_7) AppleWebKit/537.36 (KHTML, like Gecko) Chrome/131.0.0.0 Safari/537.36"
45.148.10.62 - - [22/Jul/2026:12:08:58 +0330] "GET /phpinfo.php HTTP/1.1" 404 16 "-" "Mozilla/5.0 (Windows NT 10.0; Win64; x64) AppleWebKit/537.36 (KHTML, like Gecko) Chrome/131.0.0.0 Safari/537.36"
94.154.43.187 - - [22/Jul/2026:12:33:34 +0330] "GET / HTTP/1.1" 200 366 "-" "Mozilla/5.0 (Windows NT 10.0; Win64; x64) AppleWebKit/537.36 (KHTML, like Gecko) Chrome/147.0.0.0 Safari/537.36"
66.132.172.217 - - [22/Jul/2026:13:54:37 +0330] "GET / HTTP/1.1" 200 366 "-" "Mozilla/5.0 (compatible; CensysInspect/1.1; +https://about.censys.io/)"
74.7.175.158 - - [22/Jul/2026:14:16:36 +0330] "GET /robots.txt HTTP/1.1" 404 - "-" "Mozilla/5.0 (Macintosh; Intel Mac OS X 10_15_7) AppleWebKit/537.36 (KHTML, like Gecko) Chrome/131.0.0.0 Safari/537.36; compatible; OAI-SearchBot/1.4; robots.txt; +https://openai.com/searchbot"
199.45.154.130 - - [22/Jul/2026:18:03:43 +0330] "GET / HTTP/1.1" 200 366 "-" "Mozilla/5.0 (compatible; CensysInspect/1.1; +https://about.censys.io/)"
66.249.74.8 - - [22/Jul/2026:19:54:12 +0330] "GET /robots.txt HTTP/1.1" 404 - "-" "Mozilla/5.0 (compatible; Googlebot/2.1; +http://www.google.com/bot.html)"
66.249.74.65 - - [22/Jul/2026:23:09:32 +0330] "GET /robots.txt HTTP/1.1" 404 - "-" "Mozilla/5.0 (compatible; Googlebot/2.1; +http://www.google.com/bot.html)"
66.132.224.228 - - [23/Jul/2026:00:53:57 +0330] "GET / HTTP/1.1" 200 366 "-" "Mozilla/5.0 (compatible; CensysInspect/1.1; +https://about.censys.io/)"
66.132.224.228 - - [23/Jul/2026:00:54:01 +0330] "GET /favicon.ico HTTP/1.1" 404 - "-" "Mozilla/5.0 (compatible; CensysInspect/1.1; +https://about.censys.io/)"
94.154.43.188 - - [23/Jul/2026:02:35:41 +0330] "GET /.env HTTP/1.1" 404 - "-" "Mozilla/5.0 (Windows NT 10.0; Win64; x64) AppleWebKit/537.36 (KHTML, like Gecko) Chrome/147.0.0.0 Safari/537.36"
74.7.175.158 - - [23/Jul/2026:03:41:58 +0330] "GET /robots.txt HTTP/1.1" 404 - "-" "Mozilla/5.0 (Macintosh; Intel Mac OS X 10_15_7) AppleWebKit/537.36 (KHTML, like Gecko) Chrome/131.0.0.0 Safari/537.36; compatible; OAI-SearchBot/1.4; robots.txt; +https://openai.com/searchbot"
3.151.194.164 - - [23/Jul/2026:03:51:29 +0330] "GET / HTTP/1.1" 200 366 "-" "visionheight.com/scan Mozilla/5.0 (Macintosh; Intel Mac OS X 10_15_7) Chrome/126.0.0.0 Safari/537.36"
94.154.43.187 - - [23/Jul/2026:04:02:29 +0330] "GET / HTTP/1.1" 200 366 "-" "Mozilla/5.0 (Windows NT 10.0; Win64; x64) AppleWebKit/537.36 (KHTML, like Gecko) Chrome/147.0.0.0 Safari/537.36"
198.235.24.78 - - [23/Jul/2026:07:20:30 +0330] "GET / HTTP/1.1" 200 366 "-" "Hello from Palo Alto Networks, find out more about our scans in https://docs-cortex.paloaltonetworks.com/r/1/Cortex-Xpanse/Scanning-activity"
69.171.249.114 - - [23/Jul/2026:08:34:01 +0330] "GET /robots.txt HTTP/1.1" 404 - "-" "facebookexternalhit/1.1 (+http://www.facebook.com/externalhit_uatext.php)"
13.219.67.125 - - [23/Jul/2026:17:57:13 +0330] "GET / HTTP/1.1" 200 366 "-" "Mozilla/5.0 (Windows NT 10.0; Win64; x64) AppleWebKit/537.36 (KHTML, like Gecko) Chrome/138.0.0.0 Safari/537.36 Edg/138.0.0.0"
94.154.43.187 - - [23/Jul/2026:18:52:13 +0330] "GET /build/bundle.js HTTP/1.1" 200 9827 "-" "Mozilla/5.0 (Windows NT 10.0; Win64; x64) AppleWebKit/537.36 (KHTML, like Gecko) Chrome/147.0.0.0 Safari/537.36"
94.154.43.184 - - [23/Jul/2026:22:43:53 +0330] "GET /build/bundle.js HTTP/1.1" 200 9827 "-" "Mozilla/5.0 (Windows NT 10.0; Win64; x64) AppleWebKit/537.36 (KHTML, like Gecko) Chrome/147.0.0.0 Safari/537.36"
44.251.254.103 - - [23/Jul/2026:22:53:27 +0330] "GET /robots.txt HTTP/1.1" 404 - "-" "Mozilla/5.0 (compatible; wpbot/1.4; +https://forms.gle/ajBaxygz9jSR8p8G9)"
44.251.254.103 - - [23/Jul/2026:22:53:27 +0330] "GET /enhancecp HTTP/1.1" 404 - "-" "Mozilla/5.0 (compatible; wpbot/1.4; +https://forms.gle/ajBaxygz9jSR8p8G9)"
74.7.244.24 - - [24/Jul/2026:04:45:39 +0330] "GET /robots.txt HTTP/1.1" 404 - "-" "Mozilla/5.0 (Macintosh; Intel Mac OS X 10_15_7) AppleWebKit/537.36 (KHTML, like Gecko) Chrome/131.0.0.0 Safari/537.36; compatible; OAI-SearchBot/1.4; robots.txt; +https://openai.com/searchbot"
74.7.227.189 - - [24/Jul/2026:04:45:41 +0330] "GET / HTTP/1.1" 200 366 "-" "Mozilla/5.0 AppleWebKit/537.36 (KHTML, like Gecko; compatible; GPTBot/1.4; +https://openai.com/gptbot)"
94.154.43.229 - - [24/Jul/2026:10:40:49 +0330] "GET /.env HTTP/1.1" 404 - "-" "Mozilla/5.0 (Windows NT 10.0; Win64; x64) AppleWebKit/537.36 (KHTML, like Gecko) Chrome/147.0.0.0 Safari/537.36"
94.154.43.188 - - [24/Jul/2026:11:42:35 +0330] "GET / HTTP/1.1" 200 366 "-" "Mozilla/5.0 (Windows NT 10.0; Win64; x64) AppleWebKit/537.36 (KHTML, like Gecko) Chrome/147.0.0.0 Safari/537.36"
198.235.24.102 - - [24/Jul/2026:13:33:45 +0330] "GET / HTTP/1.1" 200 366 "-" "Hello from Palo Alto Networks, find out more about our scans in https://docs-cortex.paloaltonetworks.com/r/1/Cortex-Xpanse/Scanning-activity"
185.93.89.147 - - [24/Jul/2026:21:10:26 +0330] "GET /.git/config HTTP/1.1" 404 - "-" "Mozilla/5.0 (compatible; GitFinder/1.0)"
111.7.96.181 - - [24/Jul/2026:21:54:01 +0330] "GET / HTTP/1.1" 200 366 "-" "Mozilla/5.0 (Macintosh; Intel Mac OS X 10_15_7) AppleWebKit/537.36 (KHTML, like Gecko) Chrome/120.0.0.0 Safari/537.36"
45.92.19.139 - - [24/Jul/2026:21:54:05 +0330] "GET / HTTP/1.1" 200 366 "-" "Mozilla/5.0 (Macintosh; Intel Mac OS X 11_0_0) AppleWebKit/537.36 (KHTML, like Gecko) Chrome/87.0.4280.88 Safari/537.36"
45.92.19.139 - - [24/Jul/2026:21:54:10 +0330] "GET /build/bundle.js HTTP/1.1" 200 9827 "https://taarif.nepi.ir/" "Mozilla/5.0 (Macintosh; Intel Mac OS X 11_0_0) AppleWebKit/537.36 (KHTML, like Gecko) Chrome/87.0.4280.88 Safari/537.36"
111.7.96.181 - - [24/Jul/2026:21:54:14 +0330] "GET /favicon.ico HTTP/1.1" 404 - "-" "Mozilla/5.0 (Macintosh; Intel Mac OS X 10_15_7) AppleWebKit/537.36 (KHTML, like Gecko) Chrome/120.0.0.0 Safari/537.36"
138.246.253.24 - - [24/Jul/2026:22:14:17 +0330] "GET /robots.txt HTTP/1.1" 404 - "-" "Mozilla/5.0 (Windows NT 10.0; Win64; x64) AppleWebKit/537.36 (KHTML, like Gecko) Chrome/103.0.5060.134 Safari/537.36"
94.154.43.183 - - [25/Jul/2026:01:25:05 +0330] "GET /.env HTTP/1.1" 404 - "-" "Mozilla/5.0 (Windows NT 10.0; Win64; x64) AppleWebKit/537.36 (KHTML, like Gecko) Chrome/147.0.0.0 Safari/537.36"
94.154.43.184 - - [25/Jul/2026:02:59:56 +0330] "GET / HTTP/1.1" 200 366 "-" "Mozilla/5.0 (Windows NT 10.0; Win64; x64) AppleWebKit/537.36 (KHTML, like Gecko) Chrome/147.0.0.0 Safari/537.36"
32.193.141.171 - - [25/Jul/2026:07:05:38 +0330] "GET / HTTP/1.1" 200 366 "-" "Mozilla/5.0 (Windows NT 10.0; Win64; x64; rv:141.0) Gecko/20100101 Firefox/141.0"
185.163.55.204 - - [25/Jul/2026:12:02:07 +0330] "GET / HTTP/1.1" 200 366 "-" "Mozilla/5.0 (Macintosh; Intel Mac OS X 10_14_6) AppleWebKit/605.1.15 (KHTML, like Gecko) Version/14.0 Safari/605.1.15"
136.116.198.170 - - [25/Jul/2026:15:30:13 +0330] "GET / HTTP/1.1" 200 366 "-" "Mozilla/5.0 (Windows NT 10.0; Win64; x64) AppleWebKit/537.36 (KHTML, like Gecko) Chrome/145.0.0.0 Safari/537.36"
94.154.43.186 - - [25/Jul/2026:17:55:16 +0330] "GET /build/bundle.js HTTP/1.1" 200 9827 "-" "Mozilla/5.0 (Windows NT 10.0; Win64; x64) AppleWebKit/537.36 (KHTML, like Gecko) Chrome/147.0.0.0 Safari/537.36"
54.173.131.118 - - [25/Jul/2026:19:50:15 +0330] "GET / HTTP/1.1" 200 366 "-" "Mozilla/5.0 (Windows NT 10.0; Win64; x64) AppleWebKit/537.36 (KHTML, like Gecko) Chrome/102.0.5005.63 Safari/537.36"
138.246.253.24 - - [25/Jul/2026:20:56:57 +0330] "GET /robots.txt HTTP/1.1" 404 - "-" "Mozilla/5.0 (Windows NT 10.0; Win64; x64) AppleWebKit/537.36 (KHTML, like Gecko) Chrome/103.0.5060.134 Safari/537.36"
94.154.43.229 - - [25/Jul/2026:21:53:40 +0330] "GET /build/bundle.js HTTP/1.1" 200 9827 "-" "Mozilla/5.0 (Windows NT 10.0; Win64; x64) AppleWebKit/537.36 (KHTML, like Gecko) Chrome/147.0.0.0 Safari/537.36"
167.99.49.219 - - [26/Jul/2026:04:12:49 +0330] "GET / HTTP/1.1" 200 366 "-" "Mozilla/5.0 (X11; Linux x86_64) AppleWebKit/537.36 (KHTML, like Gecko) Chrome/142.0.0.0 Safari/537.36"
167.99.49.219 - - [26/Jul/2026:04:12:52 +0330] "GET /favicon.ico HTTP/1.1" 404 - "https://www.taarif.nepi.ir/" "Mozilla/5.0 (X11; Linux x86_64) AppleWebKit/537.36 (KHTML, like Gecko) Chrome/142.0.0.0 Safari/537.36"
205.210.31.148 - - [26/Jul/2026:10:43:56 +0330] "GET /.well-known/security.txt HTTP/1.1" 404 - "-" "Hello from Palo Alto Networks, find out more about our scans in https://docs-cortex.paloaltonetworks.com/r/1/Cortex-Xpanse/Scanning-activity"
94.154.43.188 - - [26/Jul/2026:11:32:55 +0330] "GET /.env HTTP/1.1" 404 - "-" "Mozilla/5.0 (Windows NT 10.0; Win64; x64) AppleWebKit/537.36 (KHTML, like Gecko) Chrome/147.0.0.0 Safari/537.36"
185.93.89.147 - - [26/Jul/2026:13:02:04 +0330] "GET / HTTP/1.1" 200 366 "-" "Mozilla/5.0 (compatible; jscrawler/0.1; +https://github.com/)"
185.93.89.147 - - [26/Jul/2026:13:02:04 +0330] "GET /build/bundle.js HTTP/1.1" 200 9827 "-" "Mozilla/5.0 (compatible; jscrawler/0.1; +https://github.com/)"
69.171.231.27 - - [26/Jul/2026:17:12:13 +0330] "GET /robots.txt HTTP/1.1" 404 - "-" "facebookexternalhit/1.1 (+http://www.facebook.com/externalhit_uatext.php)"
69.171.231.2 - - [26/Jul/2026:17:12:14 +0330] "GET /robots.txt HTTP/1.1" 404 - "-" "facebookexternalhit/1.1 (+http://www.facebook.com/externalhit_uatext.php)"
94.154.43.178 - - [26/Jul/2026:17:13:29 +0330] "GET / HTTP/1.1" 200 366 "-" "Mozilla/5.0 (Windows NT 10.0; Win64; x64) AppleWebKit/537.36 (KHTML, like Gecko) Chrome/147.0.0.0 Safari/537.36"
195.178.110.102 - - [26/Jul/2026:18:14:40 +0330] "POST /?rest_route=/batch/v1 HTTP/1.1" 200 366 "https://www.taarif.nepi.ir/" "Mozilla/5.0 (Windows NT 10.0; Win64; x64) AppleWebKit/537.36 Chrome/120.0.0.0 Safari/537.36"
195.178.110.102 - - [26/Jul/2026:18:14:40 +0330] "POST /?rest_route=/batch/v1 HTTP/1.1" 200 366 "https://www.taarif.nepi.ir/" "Mozilla/5.0 (Windows NT 10.0; Win64; x64) AppleWebKit/537.36 Chrome/120.0.0.0 Safari/537.36"
195.178.110.102 - - [26/Jul/2026:18:14:40 +0330] "POST /wp-json/batch/v1 HTTP/1.1" 404 - "https://www.taarif.nepi.ir/" "Mozilla/5.0 (Windows NT 10.0; Win64; x64) AppleWebKit/537.36 Chrome/120.0.0.0 Safari/537.36"
195.178.110.102 - - [26/Jul/2026:18:14:40 +0330] "POST /wp/?rest_route=/batch/v1 HTTP/1.1" 404 - "https://www.taarif.nepi.ir/wp/" "Mozilla/5.0 (Windows NT 10.0; Win64; x64) AppleWebKit/537.36 Chrome/120.0.0.0 Safari/537.36"
195.178.110.102 - - [26/Jul/2026:18:14:40 +0330] "POST /wp/wp-json/batch/v1 HTTP/1.1" 404 - "https://www.taarif.nepi.ir/wp/" "Mozilla/5.0 (Windows NT 10.0; Win64; x64) AppleWebKit/537.36 Chrome/120.0.0.0 Safari/537.36"
195.178.110.102 - - [26/Jul/2026:18:14:40 +0330] "POST /wordpress/?rest_route=/batch/v1 HTTP/1.1" 404 - "https://www.taarif.nepi.ir/wordpress/" "Mozilla/5.0 (Windows NT 10.0; Win64; x64) AppleWebKit/537.36 Chrome/120.0.0.0 Safari/537.36"
195.178.110.102 - - [26/Jul/2026:18:14:40 +0330] "POST /wordpress/wp-json/batch/v1 HTTP/1.1" 404 - "https://www.taarif.nepi.ir/wordpress/" "Mozilla/5.0 (Windows NT 10.0; Win64; x64) AppleWebKit/537.36 Chrome/120.0.0.0 Safari/537.36"
195.178.110.102 - - [26/Jul/2026:18:14:40 +0330] "POST /blog/?rest_route=/batch/v1 HTTP/1.1" 404 - "https://www.taarif.nepi.ir/blog/" "Mozilla/5.0 (Windows NT 10.0; Win64; x64) AppleWebKit/537.36 Chrome/120.0.0.0 Safari/537.36"
195.178.110.102 - - [26/Jul/2026:18:14:40 +0330] "POST /blog/wp-json/batch/v1 HTTP/1.1" 404 - "https://www.taarif.nepi.ir/blog/" "Mozilla/5.0 (Windows NT 10.0; Win64; x64) AppleWebKit/537.36 Chrome/120.0.0.0 Safari/537.36"
195.178.110.102 - - [26/Jul/2026:18:14:41 +0330] "POST /old/?rest_route=/batch/v1 HTTP/1.1" 404 - "https://www.taarif.nepi.ir/old/" "Mozilla/5.0 (Windows NT 10.0; Win64; x64) AppleWebKit/537.36 Chrome/120.0.0.0 Safari/537.36"
195.178.110.102 - - [26/Jul/2026:18:14:41 +0330] "POST /old/wp-json/batch/v1 HTTP/1.1" 404 - "https://www.taarif.nepi.ir/old/" "Mozilla/5.0 (Windows NT 10.0; Win64; x64) AppleWebKit/537.36 Chrome/120.0.0.0 Safari/537.36"
195.178.110.102 - - [26/Jul/2026:18:14:41 +0330] "POST /test/?rest_route=/batch/v1 HTTP/1.1" 404 - "https://www.taarif.nepi.ir/test/" "Mozilla/5.0 (Windows NT 10.0; Win64; x64) AppleWebKit/537.36 Chrome/120.0.0.0 Safari/537.36"
195.178.110.102 - - [26/Jul/2026:18:14:41 +0330] "POST /test/wp-json/batch/v1 HTTP/1.1" 404 - "https://www.taarif.nepi.ir/test/" "Mozilla/5.0 (Windows NT 10.0; Win64; x64) AppleWebKit/537.36 Chrome/120.0.0.0 Safari/537.36"
195.178.110.102 - - [26/Jul/2026:18:14:41 +0330] "POST /dev/?rest_route=/batch/v1 HTTP/1.1" 404 - "https://www.taarif.nepi.ir/dev/" "Mozilla/5.0 (Windows NT 10.0; Win64; x64) AppleWebKit/537.36 Chrome/120.0.0.0 Safari/537.36"
195.178.110.102 - - [26/Jul/2026:18:14:41 +0330] "POST /dev/wp-json/batch/v1 HTTP/1.1" 404 - "https://www.taarif.nepi.ir/dev/" "Mozilla/5.0 (Windows NT 10.0; Win64; x64) AppleWebKit/537.36 Chrome/120.0.0.0 Safari/537.36"
195.178.110.102 - - [26/Jul/2026:18:14:41 +0330] "POST /backup/?rest_route=/batch/v1 HTTP/1.1" 404 - "https://www.taarif.nepi.ir/backup/" "Mozilla/5.0 (Windows NT 10.0; Win64; x64) AppleWebKit/537.36 Chrome/120.0.0.0 Safari/537.36"
195.178.110.102 - - [26/Jul/2026:18:14:41 +0330] "POST /backup/wp-json/batch/v1 HTTP/1.1" 404 - "https://www.taarif.nepi.ir/backup/" "Mozilla/5.0 (Windows NT 10.0; Win64; x64) AppleWebKit/537.36 Chrome/120.0.0.0 Safari/537.36"
195.178.110.102 - - [26/Jul/2026:18:14:41 +0330] "POST /staging/?rest_route=/batch/v1 HTTP/1.1" 404 - "https://www.taarif.nepi.ir/staging/" "Mozilla/5.0 (Windows NT 10.0; Win64; x64) AppleWebKit/537.36 Chrome/120.0.0.0 Safari/537.36"
195.178.110.102 - - [26/Jul/2026:18:14:41 +0330] "POST /staging/wp-json/batch/v1 HTTP/1.1" 404 - "https://www.taarif.nepi.ir/staging/" "Mozilla/5.0 (Windows NT 10.0; Win64; x64) AppleWebKit/537.36 Chrome/120.0.0.0 Safari/537.36"
195.178.110.102 - - [26/Jul/2026:18:14:41 +0330] "POST /?rest_route=/batch/v1 HTTP/1.1" 200 366 "https://www.taarif.nepi.ir/" "Mozilla/5.0 (Windows NT 10.0; Win64; x64) AppleWebKit/537.36 Chrome/120.0.0.0 Safari/537.36"
195.178.110.102 - - [26/Jul/2026:18:14:41 +0330] "POST /?rest_route=/batch/v1 HTTP/1.1" 200 366 "https://www.taarif.nepi.ir/" "Mozilla/5.0 (Windows NT 10.0; Win64; x64) AppleWebKit/537.36 Chrome/120.0.0.0 Safari/537.36"
195.178.110.102 - - [26/Jul/2026:18:14:42 +0330] "POST /wp-json/batch/v1 HTTP/1.1" 404 - "https://www.taarif.nepi.ir/" "Mozilla/5.0 (Windows NT 10.0; Win64; x64) AppleWebKit/537.36 Chrome/120.0.0.0 Safari/537.36"
3.18.186.238 - - [26/Jul/2026:21:19:29 +0330] "GET / HTTP/1.1" 200 366 "-" "visionheight.com/scan Mozilla/5.0 (Macintosh; Intel Mac OS X 10_15_7) Chrome/126.0.0.0 Safari/537.36"
8.235.81.153 - - [26/Jul/2026:21:57:54 +0330] "GET /.git/config HTTP/1.1" 404 - "-" "-"
94.154.43.186 - - [27/Jul/2026:02:22:03 +0330] "GET /.env HTTP/1.1" 404 - "-" "Mozilla/5.0 (Windows NT 10.0; Win64; x64) AppleWebKit/537.36 (KHTML, like Gecko) Chrome/147.0.0.0 Safari/537.36"
66.249.64.33 - - [27/Jul/2026:02:27:23 +0330] "GET /robots.txt HTTP/1.1" 404 - "-" "Mozilla/5.0 (compatible; Googlebot/2.1; +http://www.google.com/bot.html)"