20.89.233.37 - - [08/Jul/2026:04:34:46 +0330] "GET /wp-p2r3q9c8k4.php HTTP/1.1" 404 16 "-" "Mozilla/5.0 (Windows NT 10.0; Win64; x64) AppleWebKit/537.36 (KHTML, like Gecko) Chrome/120.0.0.0 Safari/537.36"
162.141.167.3 - - [08/Jul/2026:05:41:45 +0330] "HEAD / HTTP/1.1" 200 - "-" "Mozilla/5.0 (Windows NT 10.0; Win64; x64) AppleWebKit/537.36 (KHTML, like Gecko) Chrome/147.0.0.0 Safari/537.36"
162.141.167.3 - - [08/Jul/2026:05:41:45 +0330] "GET / HTTP/1.1" 200 366 "-" "Mozilla/5.0 (Windows NT 10.0; Win64; x64) AppleWebKit/537.36 (KHTML, like Gecko) Chrome/147.0.0.0 Safari/537.36"
162.141.167.3 - - [08/Jul/2026:05:41:45 +0330] "GET /.git/HEAD HTTP/1.1" 404 - "-" "Mozilla/5.0 (Macintosh; Intel Mac OS X 15_7_5) AppleWebKit/605.1.15 (KHTML, like Gecko) Version/26.0 Safari/605.1.15"
162.141.167.3 - - [08/Jul/2026:05:41:45 +0330] "GET /build/bundle.js HTTP/1.1" 200 9827 "-" "Mozilla/5.0 (Windows NT 10.0; Win64; x64; rv:149.0) Gecko/20100101 Firefox/149.0"
162.141.167.3 - - [08/Jul/2026:05:41:48 +0330] "GET /js/config.js HTTP/1.1" 404 - "-" "Mozilla/5.0 (Windows NT 10.0; Win64; x64; rv:149.0) Gecko/20100101 Firefox/149.0"
162.141.167.3 - - [08/Jul/2026:05:41:48 +0330] "GET /.env HTTP/1.1" 404 - "-" "Mozilla/5.0 (Windows NT 10.0; Win64; x64) AppleWebKit/537.36 (KHTML, like Gecko) Chrome/147.0.0.0 Safari/537.36 Edg/146.0.3856.109"
162.141.167.3 - - [08/Jul/2026:05:41:48 +0330] "GET /api/.env HTTP/1.1" 404 - "-" "Mozilla/5.0 (Macintosh; Intel Mac OS X 10_15_7) AppleWebKit/537.36 (KHTML, like Gecko) Chrome/147.0.0.0 Safari/537.36"
162.141.167.3 - - [08/Jul/2026:05:41:49 +0330] "GET /env HTTP/1.1" 404 - "-" "Mozilla/5.0 (Windows NT 10.0; Win64; x64; rv:149.0) Gecko/20100101 Firefox/149.0"
162.141.167.3 - - [08/Jul/2026:05:41:49 +0330] "GET /.env.local HTTP/1.1" 404 - "-" "Mozilla/5.0 (Macintosh; Intel Mac OS X 10_15_7) AppleWebKit/537.36 (KHTML, like Gecko) Chrome/147.0.0.0 Safari/537.36"
162.141.167.3 - - [08/Jul/2026:05:41:49 +0330] "GET /.env.production HTTP/1.1" 404 - "-" "Mozilla/5.0 (Macintosh; Intel Mac OS X 10_15_7) AppleWebKit/537.36 (KHTML, like Gecko) Chrome/147.0.0.0 Safari/537.36"
162.141.167.3 - - [08/Jul/2026:05:41:49 +0330] "GET /config.json HTTP/1.1" 404 - "-" "Mozilla/5.0 (Windows NT 10.0; Win64; x64; rv:149.0) Gecko/20100101 Firefox/149.0"
162.141.167.3 - - [08/Jul/2026:05:41:49 +0330] "GET /.aws/credentials HTTP/1.1" 404 - "-" "Mozilla/5.0 (Windows NT 10.0; Win64; x64) AppleWebKit/537.36 (KHTML, like Gecko) Chrome/147.0.0.0 Safari/537.36 Edg/146.0.3856.109"
162.141.167.3 - - [08/Jul/2026:05:41:49 +0330] "GET /.env.development HTTP/1.1" 404 - "-" "Mozilla/5.0 (Macintosh; Intel Mac OS X 15_7_5) AppleWebKit/605.1.15 (KHTML, like Gecko) Version/26.0 Safari/605.1.15"
162.141.167.3 - - [08/Jul/2026:05:41:49 +0330] "GET /backend/.env HTTP/1.1" 404 - "-" "Mozilla/5.0 (Macintosh; Intel Mac OS X 10_15_7) AppleWebKit/537.36 (KHTML, like Gecko) Chrome/147.0.0.0 Safari/537.36"
162.141.167.3 - - [08/Jul/2026:05:41:50 +0330] "GET /.git/config HTTP/1.1" 404 - "-" "Mozilla/5.0 (Windows NT 10.0; Win64; x64; rv:149.0) Gecko/20100101 Firefox/149.0"
94.154.43.179 - - [08/Jul/2026:07:22:13 +0330] "GET /.env HTTP/1.1" 404 - "-" "Mozilla/5.0 (Windows NT 10.0; Win64; x64) AppleWebKit/537.36 (KHTML, like Gecko) Chrome/147.0.0.0 Safari/537.36"
94.154.43.183 - - [08/Jul/2026:08:32:26 +0330] "GET / HTTP/1.1" 200 366 "-" "Mozilla/5.0 (Windows NT 10.0; Win64; x64) AppleWebKit/537.36 (KHTML, like Gecko) Chrome/147.0.0.0 Safari/537.36"
74.7.241.178 - - [08/Jul/2026:12:03:15 +0330] "GET /robots.txt HTTP/1.1" 404 - "-" "Mozilla/5.0 (Macintosh; Intel Mac OS X 10_15_7) AppleWebKit/537.36 (KHTML, like Gecko) Chrome/131.0.0.0 Safari/537.36; compatible; OAI-SearchBot/1.4; robots.txt; +https://openai.com/searchbot"
74.7.243.209 - - [08/Jul/2026:12:03:45 +0330] "GET / HTTP/1.1" 200 366 "-" "Mozilla/5.0 AppleWebKit/537.36 (KHTML, like Gecko; compatible; GPTBot/1.4; +https://openai.com/gptbot)"
74.7.243.209 - - [08/Jul/2026:12:03:58 +0330] "GET /global.css HTTP/1.1" 200 3780 "https://www.taarif.nepi.ir/" "Mozilla/5.0 AppleWebKit/537.36 (KHTML, like Gecko; compatible; GPTBot/1.4; +https://openai.com/gptbot)"
74.7.243.209 - - [08/Jul/2026:12:04:01 +0330] "GET /build/bundle.js HTTP/1.1" 200 9827 "https://www.taarif.nepi.ir/" "Mozilla/5.0 AppleWebKit/537.36 (KHTML, like Gecko; compatible; GPTBot/1.4; +https://openai.com/gptbot)"
74.7.243.209 - - [08/Jul/2026:12:04:03 +0330] "GET /build/bundle.css HTTP/1.1" 200 39 "https://www.taarif.nepi.ir/" "Mozilla/5.0 AppleWebKit/537.36 (KHTML, like Gecko; compatible; GPTBot/1.4; +https://openai.com/gptbot)"
66.249.74.9 - - [08/Jul/2026:17:01:54 +0330] "GET /robots.txt HTTP/1.1" 404 - "-" "Mozilla/5.0 (compatible; Googlebot/2.1; +http://www.google.com/bot.html)"
66.249.74.64 - - [08/Jul/2026:20:43:26 +0330] "GET /robots.txt HTTP/1.1" 404 - "-" "Mozilla/5.0 (compatible; Googlebot/2.1; +http://www.google.com/bot.html)"
44.243.55.154 - - [08/Jul/2026:21:46:38 +0330] "GET /robots.txt HTTP/1.1" 404 - "-" "Mozilla/5.0 (compatible; wpbot/1.4; +https://forms.gle/ajBaxygz9jSR8p8G9)"
44.243.55.154 - - [08/Jul/2026:21:46:38 +0330] "GET / HTTP/1.1" 200 366 "-" "Mozilla/5.0 (compatible; wpbot/1.4; +https://forms.gle/ajBaxygz9jSR8p8G9)"
138.246.253.24 - - [08/Jul/2026:23:30:46 +0330] "GET /robots.txt HTTP/1.1" 404 - "-" "Mozilla/5.0 (Windows NT 10.0; Win64; x64) AppleWebKit/537.36 (KHTML, like Gecko) Chrome/103.0.5060.134 Safari/537.36"
94.154.43.185 - - [08/Jul/2026:23:45:43 +0330] "GET /build/bundle.js HTTP/1.1" 200 9827 "-" "Mozilla/5.0 (Windows NT 10.0; Win64; x64) AppleWebKit/537.36 (KHTML, like Gecko) Chrome/147.0.0.0 Safari/537.36"
3.18.186.238 - - [09/Jul/2026:00:14:02 +0330] "GET / HTTP/1.1" 200 366 "-" "visionheight.com/scan Mozilla/5.0 (Macintosh; Intel Mac OS X 10_15_7) Chrome/126.0.0.0 Safari/537.36"
94.154.43.179 - - [09/Jul/2026:04:39:28 +0330] "GET /build/bundle.js HTTP/1.1" 200 9827 "-" "Mozilla/5.0 (Windows NT 10.0; Win64; x64) AppleWebKit/537.36 (KHTML, like Gecko) Chrome/147.0.0.0 Safari/537.36"
161.118.235.99 - - [09/Jul/2026:05:46:30 +0330] "GET / HTTP/1.1" 200 366 "-" "Mozilla/5.0 (Windows NT 10.0; Win64; x64) AppleWebKit/537.36 (KHTML, like Gecko) Chrome/120.0.0.0 Safari/537.36"
161.118.235.99 - - [09/Jul/2026:05:46:31 +0330] "GET /xz_fp_random_404_test_98765 HTTP/1.1" 404 - "-" "Mozilla/5.0 (Windows NT 10.0; Win64; x64) AppleWebKit/537.36 (KHTML, like Gecko) Chrome/120.0.0.0 Safari/537.36"
161.118.235.99 - - [09/Jul/2026:05:46:32 +0330] "GET /wp-login.php HTTP/1.1" 404 16 "-" "Mozilla/5.0 (Windows NT 10.0; Win64; x64) AppleWebKit/537.36 (KHTML, like Gecko) Chrome/120.0.0.0 Safari/537.36"
161.118.235.99 - - [09/Jul/2026:05:46:33 +0330] "GET /wp-json/ HTTP/1.1" 404 - "-" "Mozilla/5.0 (Windows NT 10.0; Win64; x64) AppleWebKit/537.36 (KHTML, like Gecko) Chrome/120.0.0.0 Safari/537.36"
161.118.235.99 - - [09/Jul/2026:05:46:34 +0330] "GET /administrator/ HTTP/1.1" 404 - "-" "Mozilla/5.0 (Windows NT 10.0; Win64; x64) AppleWebKit/537.36 (KHTML, like Gecko) Chrome/120.0.0.0 Safari/537.36"
161.118.235.99 - - [09/Jul/2026:05:46:36 +0330] "POST /elfinder/connector.php HTTP/1.1" 404 - "-" "Mozilla/5.0 (Windows NT 10.0; Win64; x64) AppleWebKit/537.36"
161.118.235.99 - - [09/Jul/2026:05:46:37 +0330] "POST /filemanager/upload HTTP/1.1" 404 - "-" "Mozilla/5.0 (Windows NT 10.0; Win64; x64) AppleWebKit/537.36"
161.118.235.99 - - [09/Jul/2026:05:46:38 +0330] "POST /laravel-filemanager/upload HTTP/1.1" 404 - "-" "Mozilla/5.0 (Windows NT 10.0; Win64; x64) AppleWebKit/537.36"
161.118.235.99 - - [09/Jul/2026:05:46:39 +0330] "POST /kcfinder/upload.php HTTP/1.1" 404 - "-" "Mozilla/5.0 (Windows NT 10.0; Win64; x64) AppleWebKit/537.36"
161.118.235.99 - - [09/Jul/2026:05:46:41 +0330] "POST /ckeditor/upload HTTP/1.1" 404 - "-" "Mozilla/5.0 (Windows NT 10.0; Win64; x64) AppleWebKit/537.36"
161.118.235.99 - - [09/Jul/2026:05:46:42 +0330] "POST /tinymce/upload HTTP/1.1" 404 - "-" "Mozilla/5.0 (Windows NT 10.0; Win64; x64) AppleWebKit/537.36"
161.118.235.99 - - [09/Jul/2026:05:46:43 +0330] "POST /wp-admin/admin-ajax.php HTTP/1.1" 404 - "-" "Mozilla/5.0 (Windows NT 10.0; Win64; x64) AppleWebKit/537.36"
161.118.235.99 - - [09/Jul/2026:05:46:45 +0330] "POST /wp-admin/admin-ajax.php HTTP/1.1" 404 - "-" "Mozilla/5.0 (Windows NT 10.0; Win64; x64) AppleWebKit/537.36"
161.118.235.99 - - [09/Jul/2026:05:46:46 +0330] "POST /wp-admin/admin-ajax.php HTTP/1.1" 404 - "-" "Mozilla/5.0 (Windows NT 10.0; Win64; x64) AppleWebKit/537.36"
161.118.235.99 - - [09/Jul/2026:05:46:47 +0330] "POST /wp-admin/admin-ajax.php HTTP/1.1" 404 - "-" "Mozilla/5.0 (Windows NT 10.0; Win64; x64) AppleWebKit/537.36"
161.118.235.99 - - [09/Jul/2026:05:46:49 +0330] "POST /wp-content/plugins/file-away/upload.php HTTP/1.1" 404 - "-" "Mozilla/5.0 (Windows NT 10.0; Win64; x64) AppleWebKit/537.36"
161.118.235.99 - - [09/Jul/2026:05:46:50 +0330] "POST /admin/upload HTTP/1.1" 404 - "-" "Mozilla/5.0 (Windows NT 10.0; Win64; x64) AppleWebKit/537.36"
161.118.235.99 - - [09/Jul/2026:05:46:52 +0330] "POST /admin/files/upload HTTP/1.1" 404 - "-" "Mozilla/5.0 (Windows NT 10.0; Win64; x64) AppleWebKit/537.36"
161.118.235.99 - - [09/Jul/2026:05:46:53 +0330] "POST /administrator/upload HTTP/1.1" 404 - "-" "Mozilla/5.0 (Windows NT 10.0; Win64; x64) AppleWebKit/537.36"
161.118.235.99 - - [09/Jul/2026:05:46:55 +0330] "POST /api/upload HTTP/1.1" 404 - "-" "Mozilla/5.0 (Windows NT 10.0; Win64; x64) AppleWebKit/537.36"
161.118.235.99 - - [09/Jul/2026:05:46:56 +0330] "POST /api/files/upload HTTP/1.1" 404 - "-" "Mozilla/5.0 (Windows NT 10.0; Win64; x64) AppleWebKit/537.36"
161.118.235.99 - - [09/Jul/2026:05:46:57 +0330] "POST /api/v1/upload HTTP/1.1" 404 - "-" "Mozilla/5.0 (Windows NT 10.0; Win64; x64) AppleWebKit/537.36"
161.118.235.99 - - [09/Jul/2026:05:46:59 +0330] "POST /api/media HTTP/1.1" 404 - "-" "Mozilla/5.0 (Windows NT 10.0; Win64; x64) AppleWebKit/537.36"
161.118.235.99 - - [09/Jul/2026:05:47:00 +0330] "POST /index.php/index/$$$call$$$/wizard/file-upload/file-upload-wizard/upload-file HTTP/1.1" 404 16 "-" "Mozilla/5.0 (Windows NT 10.0; Win64; x64) AppleWebKit/537.36"
161.118.235.99 - - [09/Jul/2026:05:47:01 +0330] "POST /file/upload HTTP/1.1" 404 - "-" "Mozilla/5.0 (Windows NT 10.0; Win64; x64) AppleWebKit/537.36"
161.118.235.99 - - [09/Jul/2026:05:47:03 +0330] "POST /jsonapi/file/file HTTP/1.1" 404 - "-" "Mozilla/5.0 (Windows NT 10.0; Win64; x64) AppleWebKit/537.36"
161.118.235.99 - - [09/Jul/2026:05:47:04 +0330] "POST /index.php?option=com_media&task=api.files HTTP/1.1" 404 16 "-" "Mozilla/5.0 (Windows NT 10.0; Win64; x64) AppleWebKit/537.36"
161.118.235.99 - - [09/Jul/2026:05:47:05 +0330] "POST /upload HTTP/1.1" 404 - "-" "Mozilla/5.0 (Windows NT 10.0; Win64; x64) AppleWebKit/537.36"
161.118.235.99 - - [09/Jul/2026:05:47:07 +0330] "POST /upload/file HTTP/1.1" 404 - "-" "Mozilla/5.0 (Windows NT 10.0; Win64; x64) AppleWebKit/537.36"
161.118.235.99 - - [09/Jul/2026:05:47:09 +0330] "POST /storage/upload HTTP/1.1" 404 - "-" "Mozilla/5.0 (Windows NT 10.0; Win64; x64) AppleWebKit/537.36"
161.118.235.99 - - [09/Jul/2026:05:47:10 +0330] "POST /public/upload HTTP/1.1" 404 - "-" "Mozilla/5.0 (Windows NT 10.0; Win64; x64) AppleWebKit/537.36"
161.118.235.99 - - [09/Jul/2026:05:47:11 +0330] "POST /cpsess/frontend/paper_lantern/filemanager/upload-ajax.html HTTP/1.1" 404 - "-" "Mozilla/5.0 (Windows NT 10.0; Win64; x64) AppleWebKit/537.36"
23.180.120.146 - - [09/Jul/2026:06:13:51 +0330] "GET / HTTP/1.1" 200 366 "-" "Mozilla/5.0 (X11; Linux x86_64; rv:123.0) Gecko/20100101 Firefox/123.0"
23.180.120.146 - - [09/Jul/2026:06:13:51 +0330] "GET /core/CHANGELOG.txt HTTP/1.1" 404 - "-" "Mozilla/5.0 (Linux; Android 13; SM-S911B) AppleWebKit/537.36 (KHTML, like Gecko) Chrome/122.0.0.0 Mobile Safari/537.36"
23.180.120.146 - - [09/Jul/2026:06:13:51 +0330] "GET /CHANGELOG.txt HTTP/1.1" 404 - "-" "Mozilla/5.0 (Windows NT 10.0; Win64; x64) AppleWebKit/537.36 (KHTML, like Gecko) Chrome/121.0.0.0 Safari/537.36 OPR/107.0.0.0"
23.180.120.146 - - [09/Jul/2026:06:13:51 +0330] "GET /api/v1/health HTTP/1.1" 404 - "-" "Mozilla/5.0 (Windows NT 10.0; Win64; x64) AppleWebKit/537.36 (KHTML, like Gecko) Chrome/122.0.0.0 Safari/537.36 Brave/122"
23.180.120.146 - - [09/Jul/2026:06:13:51 +0330] "GET /api/v1/version HTTP/1.1" 404 - "-" "Mozilla/5.0 (Windows NT 10.0; Win64; x64) AppleWebKit/537.36 (KHTML, like Gecko) Chrome/120.0.0.0 Safari/537.36"
23.180.120.146 - - [09/Jul/2026:06:13:51 +0330] "GET /health HTTP/1.1" 404 - "-" "Mozilla/5.0 (Macintosh; Intel Mac OS X 10_15_7) AppleWebKit/537.36 (KHTML, like Gecko) Chrome/121.0.0.0 Safari/537.36"
91.224.92.19 - - [09/Jul/2026:11:46:20 +0330] "GET /plugins/editors/jce/jce.xml HTTP/1.1" 404 - "-" "Mozilla/5.0 (Windows NT 10.0; Win64; x64) AppleWebKit/537.36 (KHTML, like Gecko) Chrome/120.0.0.0 Safari/537.36"
91.224.92.19 - - [09/Jul/2026:11:46:20 +0330] "GET /administrator/components/com_jce/jce.xml HTTP/1.1" 404 - "-" "Mozilla/5.0 (Windows NT 10.0; Win64; x64) AppleWebKit/537.36 (KHTML, like Gecko) Chrome/120.0.0.0 Safari/537.36"
94.154.43.179 - - [09/Jul/2026:16:19:26 +0330] "GET /.env HTTP/1.1" 404 - "-" "Mozilla/5.0 (Windows NT 10.0; Win64; x64) AppleWebKit/537.36 (KHTML, like Gecko) Chrome/147.0.0.0 Safari/537.36"
66.132.172.206 - - [09/Jul/2026:16:39:50 +0330] "GET / HTTP/1.1" 200 366 "-" "Mozilla/5.0 (compatible; CensysInspect/1.1; +https://about.censys.io/)"
94.154.43.183 - - [09/Jul/2026:16:42:43 +0330] "GET / HTTP/1.1" 200 366 "-" "Mozilla/5.0 (Windows NT 10.0; Win64; x64) AppleWebKit/537.36 (KHTML, like Gecko) Chrome/147.0.0.0 Safari/537.36"
91.224.92.82 - - [09/Jul/2026:17:06:03 +0330] "GET /plugins/editors/jce/jce.xml HTTP/1.1" 404 - "-" "Mozilla/5.0 (Windows NT 10.0; Win64; x64) AppleWebKit/537.36 (KHTML, like Gecko) Chrome/120.0.0.0 Safari/537.36"
91.224.92.82 - - [09/Jul/2026:17:06:03 +0330] "GET /administrator/components/com_jce/jce.xml HTTP/1.1" 404 - "-" "Mozilla/5.0 (Windows NT 10.0; Win64; x64) AppleWebKit/537.36 (KHTML, like Gecko) Chrome/120.0.0.0 Safari/537.36"
74.7.241.178 - - [09/Jul/2026:18:37:43 +0330] "GET /robots.txt HTTP/1.1" 404 - "-" "Mozilla/5.0 (Macintosh; Intel Mac OS X 10_15_7) AppleWebKit/537.36 (KHTML, like Gecko) Chrome/131.0.0.0 Safari/537.36; compatible; OAI-SearchBot/1.4; robots.txt; +https://openai.com/searchbot"
66.249.74.8 - - [09/Jul/2026:20:47:11 +0330] "GET /robots.txt HTTP/1.1" 404 - "-" "Mozilla/5.0 (compatible; Googlebot/2.1; +http://www.google.com/bot.html)"
138.246.253.24 - - [09/Jul/2026:22:18:06 +0330] "GET /robots.txt HTTP/1.1" 404 - "-" "Mozilla/5.0 (Windows NT 10.0; Win64; x64) AppleWebKit/537.36 (KHTML, like Gecko) Chrome/103.0.5060.134 Safari/537.36"
69.171.231.113 - - [09/Jul/2026:22:19:52 +0330] "GET /robots.txt HTTP/1.1" 404 - "-" "facebookexternalhit/1.1 (+http://www.facebook.com/externalhit_uatext.php)"
69.171.231.113 - - [09/Jul/2026:22:19:53 +0330] "GET /robots.txt HTTP/1.1" 404 - "-" "facebookexternalhit/1.1 (+http://www.facebook.com/externalhit_uatext.php)"
94.154.43.229 - - [10/Jul/2026:07:52:21 +0330] "GET /.env HTTP/1.1" 404 - "-" "Mozilla/5.0 (Windows NT 10.0; Win64; x64) AppleWebKit/537.36 (KHTML, like Gecko) Chrome/147.0.0.0 Safari/537.36"
94.154.43.186 - - [10/Jul/2026:08:46:40 +0330] "GET / HTTP/1.1" 200 366 "-" "Mozilla/5.0 (Windows NT 10.0; Win64; x64) AppleWebKit/537.36 (KHTML, like Gecko) Chrome/147.0.0.0 Safari/537.36"
74.7.241.178 - - [10/Jul/2026:10:11:36 +0330] "GET /robots.txt HTTP/1.1" 404 - "-" "Mozilla/5.0 (Macintosh; Intel Mac OS X 10_15_7) AppleWebKit/537.36 (KHTML, like Gecko) Chrome/131.0.0.0 Safari/537.36; compatible; OAI-SearchBot/1.4; robots.txt; +https://openai.com/searchbot"
152.232.65.163 - - [10/Jul/2026:13:57:02 +0330] "GET /robots.txt HTTP/1.1" 404 - "-" "Python/3.11 aiohttp/3.9.5"
161.115.230.149 - - [10/Jul/2026:13:57:08 +0330] "GET /robots.txt HTTP/1.1" 404 - "-" "Python/3.11 aiohttp/3.9.5"
44.202.202.117 - - [10/Jul/2026:14:12:25 +0330] "GET / HTTP/1.1" 200 366 "-" "Wget/1.25.0"
200.71.126.191 - - [10/Jul/2026:15:16:18 +0330] "GET /robots.txt HTTP/1.1" 404 - "-" "Python/3.11 aiohttp/3.9.5"
200.71.126.126 - - [10/Jul/2026:15:16:25 +0330] "GET /robots.txt HTTP/1.1" 404 - "-" "Python/3.11 aiohttp/3.9.5"
152.232.66.252 - - [10/Jul/2026:15:16:32 +0330] "GET /robots.txt HTTP/1.1" 404 - "-" "Python/3.11 aiohttp/3.9.5"
140.248.75.75 - - [10/Jul/2026:18:04:15 +0330] "GET /.git/config HTTP/1.1" 404 - "-" "git/2.39.2"
140.248.75.75 - - [10/Jul/2026:18:04:15 +0330] "GET /.git/HEAD HTTP/1.1" 404 - "-" "git/2.39.2"
140.248.75.35 - - [10/Jul/2026:18:35:10 +0330] "GET /.git/config HTTP/1.1" 404 - "-" "git/2.39.2"
140.248.75.35 - - [10/Jul/2026:18:35:10 +0330] "GET /.git/HEAD HTTP/1.1" 404 - "-" "git/2.39.2"
144.172.103.251 - - [10/Jul/2026:18:40:39 +0330] "GET /.git/config HTTP/1.1" 404 - "-" "Mozilla/5.0 (X11; Linux x86_64)"
147.185.132.183 - - [10/Jul/2026:21:08:42 +0330] "GET / HTTP/1.1" 200 366 "-" "Hello from Palo Alto Networks, find out more about our scans in https://docs-cortex.paloaltonetworks.com/r/1/Cortex-Xpanse/Scanning-activity"
147.185.132.73 - - [10/Jul/2026:21:19:57 +0330] "GET / HTTP/1.1" 200 366 "-" "Hello from Palo Alto Networks, find out more about our scans in https://docs-cortex.paloaltonetworks.com/r/1/Cortex-Xpanse/Scanning-activity"
34.247.217.93 - - [10/Jul/2026:22:18:26 +0330] "GET / HTTP/1.0" 200 366 "-" "Mozilla/5.0 (compatible; NetcraftSurveyAgent/1.0; +info@netcraft.com)"
94.154.43.188 - - [10/Jul/2026:23:06:41 +0330] "GET /build/bundle.js HTTP/1.1" 200 9827 "-" "Mozilla/5.0 (Windows NT 10.0; Win64; x64) AppleWebKit/537.36 (KHTML, like Gecko) Chrome/147.0.0.0 Safari/537.36"
74.7.241.178 - - [11/Jul/2026:02:08:03 +0330] "GET /robots.txt HTTP/1.1" 404 - "-" "Mozilla/5.0 (Macintosh; Intel Mac OS X 10_15_7) AppleWebKit/537.36 (KHTML, like Gecko) Chrome/131.0.0.0 Safari/537.36; compatible; OAI-SearchBot/1.4; robots.txt; +https://openai.com/searchbot"
74.7.243.202 - - [11/Jul/2026:02:08:05 +0330] "GET / HTTP/1.1" 200 366 "-" "Mozilla/5.0 AppleWebKit/537.36 (KHTML, like Gecko; compatible; GPTBot/1.4; +https://openai.com/gptbot)"
94.154.43.184 - - [11/Jul/2026:03:07:08 +0330] "GET /build/bundle.js HTTP/1.1" 200 9827 "-" "Mozilla/5.0 (Windows NT 10.0; Win64; x64) AppleWebKit/537.36 (KHTML, like Gecko) Chrome/147.0.0.0 Safari/537.36"
91.92.241.196 - - [11/Jul/2026:03:46:03 +0330] "GET /.git/HEAD HTTP/1.1" 404 - "-" "Mozilla/5.0 (Windows NT 10.0; Win64; x64) AppleWebKit/537.36"
91.92.241.196 - - [11/Jul/2026:03:46:04 +0330] "GET /.git/config HTTP/1.1" 404 - "-" "Mozilla/5.0 (Windows NT 10.0; Win64; x64) AppleWebKit/537.36"
195.178.110.18 - - [11/Jul/2026:03:46:05 +0330] "GET /.git/config HTTP/1.1" 404 - "-" "Mozilla/5.0 (iPhone; U; CPU iPhone OS 4_3 like Mac OS X; de-de) AppleWebKit/533.17.9 (KHTML, like Gecko) Mobile/8F190"
54.74.33.119 - - [11/Jul/2026:05:53:24 +0330] "GET / HTTP/1.0" 200 366 "-" "Mozilla/5.0 (compatible; NetcraftSurveyAgent/1.0; +info@netcraft.com)"
208.84.100.176 - - [11/Jul/2026:15:44:50 +0330] "GET / HTTP/1.1" 200 366 "-" "Mozilla/5.0 (Macintosh; Intel Mac OS X 10.15; rv:150.0) Gecko/20100101 Firefox/150.0"
208.84.100.176 - - [11/Jul/2026:15:44:50 +0330] "GET / HTTP/1.1" 200 366 "-" "Mozilla/5.0 (Windows NT 10.0; Win64; x64) AppleWebKit/537.36 (KHTML, like Gecko) Chrome/147.0.0.0 Safari/537.36"
208.84.100.176 - - [11/Jul/2026:15:44:51 +0330] "GET / HTTP/1.1" 200 366 "-" "Mozilla/5.0 (Macintosh; Intel Mac OS X 10_15_7) AppleWebKit/537.36 (KHTML, like Gecko) Chrome/147.0.0.0 Safari/537.36"
208.84.100.176 - - [11/Jul/2026:15:44:51 +0330] "GET /build/bundle.js HTTP/1.1" 200 9827 "-" "Mozilla/5.0 (Windows NT 10.0; Win64; x64; rv:149.0) Gecko/20100101 Firefox/149.0"
216.9.225.88 - - [11/Jul/2026:17:18:16 +0330] "GET / HTTP/1.1" 200 366 "-" "Mozilla/5.0 (Windows NT 6.3; WOW64; rv:41.0) Gecko/20100101 Firefox/41.0"
216.9.225.88 - - [11/Jul/2026:17:18:16 +0330] "GET / HTTP/1.1" 200 366 "-" "Mozilla/5.0 (X11; Linux x86_64) AppleWebKit/537.36 (KHTML, like Gecko) Chrome/44.0.2403.155 Safari/537.36"
216.9.225.88 - - [11/Jul/2026:17:18:16 +0330] "GET /robots.txt HTTP/1.1" 404 - "-" "Mozilla/5.0 (Windows NT 6.3; WOW64; rv:41.0) Gecko/20100101 Firefox/41.0"
216.9.225.88 - - [11/Jul/2026:17:18:16 +0330] "GET /robots.txt HTTP/1.1" 404 - "-" "Mozilla/5.0 (X11; Linux x86_64) AppleWebKit/537.36 (KHTML, like Gecko) Chrome/44.0.2403.155 Safari/537.36"
74.7.241.178 - - [11/Jul/2026:17:43:20 +0330] "GET /robots.txt HTTP/1.1" 404 - "-" "Mozilla/5.0 (Macintosh; Intel Mac OS X 10_15_7) AppleWebKit/537.36 (KHTML, like Gecko) Chrome/131.0.0.0 Safari/537.36; compatible; OAI-SearchBot/1.4; robots.txt; +https://openai.com/searchbot"
94.154.43.188 - - [11/Jul/2026:22:03:05 +0330] "GET /.env HTTP/1.1" 404 - "-" "Mozilla/5.0 (Windows NT 10.0; Win64; x64) AppleWebKit/537.36 (KHTML, like Gecko) Chrome/147.0.0.0 Safari/537.36"
94.154.43.188 - - [11/Jul/2026:22:23:42 +0330] "GET / HTTP/1.1" 200 366 "-" "Mozilla/5.0 (Windows NT 10.0; Win64; x64) AppleWebKit/537.36 (KHTML, like Gecko) Chrome/147.0.0.0 Safari/537.36"
159.89.228.50 - - [12/Jul/2026:04:42:44 +0330] "GET / HTTP/1.1" 200 366 "-" "Mozilla/5.0 (X11; Linux x86_64) AppleWebKit/537.36 (KHTML, like Gecko) Chrome/142.0.0.0 Safari/537.36"
159.89.228.50 - - [12/Jul/2026:04:42:46 +0330] "GET /favicon.ico HTTP/1.1" 404 - "https://www.taarif.nepi.ir/" "Mozilla/5.0 (X11; Linux x86_64) AppleWebKit/537.36 (KHTML, like Gecko) Chrome/142.0.0.0 Safari/537.36"
74.7.241.178 - - [12/Jul/2026:09:35:43 +0330] "GET /robots.txt HTTP/1.1" 404 - "-" "Mozilla/5.0 (Macintosh; Intel Mac OS X 10_15_7) AppleWebKit/537.36 (KHTML, like Gecko) Chrome/131.0.0.0 Safari/537.36; compatible; OAI-SearchBot/1.4; robots.txt; +https://openai.com/searchbot"
94.154.43.178 - - [12/Jul/2026:12:47:54 +0330] "GET /.env HTTP/1.1" 404 - "-" "Mozilla/5.0 (Windows NT 10.0; Win64; x64) AppleWebKit/537.36 (KHTML, like Gecko) Chrome/147.0.0.0 Safari/537.36"
94.154.43.186 - - [12/Jul/2026:13:39:56 +0330] "GET / HTTP/1.1" 200 366 "-" "Mozilla/5.0 (Windows NT 10.0; Win64; x64) AppleWebKit/537.36 (KHTML, like Gecko) Chrome/147.0.0.0 Safari/537.36"
198.235.24.64 - - [12/Jul/2026:14:39:27 +0330] "GET /.well-known/security.txt HTTP/1.1" 404 - "-" "Hello from Palo Alto Networks, find out more about our scans in https://docs-cortex.paloaltonetworks.com/r/1/Cortex-Xpanse/Scanning-activity"
66.249.74.9 - - [12/Jul/2026:17:15:27 +0330] "GET /robots.txt HTTP/1.1" 404 - "-" "Mozilla/5.0 (compatible; Googlebot/2.1; +http://www.google.com/bot.html)"
204.10.194.153 - - [12/Jul/2026:20:12:01 +0330] "GET / HTTP/1.1" 200 366 "-" "Mozilla/5.0 (X11; Linux x86_64; rv:149.0) Gecko/20100101 Firefox/149.0"
204.10.194.153 - - [12/Jul/2026:20:12:01 +0330] "GET / HTTP/1.1" 200 366 "-" "Mozilla/5.0 (X11; Linux x86_64) AppleWebKit/537.36 (KHTML, like Gecko) Chrome/147.0.0.0 Safari/537.36"
204.10.194.153 - - [12/Jul/2026:20:12:02 +0330] "GET / HTTP/1.1" 200 366 "-" "Mozilla/5.0 (Windows NT 10.0; Win64; x64) AppleWebKit/537.36 (KHTML, like Gecko) Chrome/145.0.0.0 Safari/537.36"
204.10.194.153 - - [12/Jul/2026:20:12:02 +0330] "GET /build/bundle.js HTTP/1.1" 200 9827 "-" "Mozilla/5.0 (X11; Linux x86_64) AppleWebKit/537.36 (KHTML, like Gecko) Chrome/146.0.0.0 Safari/537.36"
154.54.100.177 - - [12/Jul/2026:21:29:31 +0330] "GET /.git/config HTTP/1.1" 404 - "-" "Mozilla/5.0 (compatible; MSIE 9.0; Windows NT 6.2; WOW64; Trident/5.0)"
34.32.146.22 - - [12/Jul/2026:23:15:23 +0330] "GET / HTTP/1.1" 200 366 "-" "Scrapy/2.16.0 (+https://scrapy.org)"
91.224.92.82 - - [13/Jul/2026:00:44:24 +0330] "GET /templates/shaper_helix3/templateDetails.xml HTTP/1.1" 404 - "-" "Mozilla/5.0 (Windows NT 10.0; Win64; x64)"
74.7.241.178 - - [13/Jul/2026:01:44:57 +0330] "GET /robots.txt HTTP/1.1" 404 - "-" "Mozilla/5.0 (Macintosh; Intel Mac OS X 10_15_7) AppleWebKit/537.36 (KHTML, like Gecko) Chrome/131.0.0.0 Safari/537.36; compatible; OAI-SearchBot/1.4; robots.txt; +https://openai.com/searchbot"
23.180.120.146 - - [13/Jul/2026:03:24:47 +0330] "GET / HTTP/1.1" 200 366 "-" "Mozilla/5.0 (Macintosh; Intel Mac OS X 14_2) AppleWebKit/605.1.15 (KHTML, like Gecko) Version/17.2 Safari/605.1.15"
94.154.43.179 - - [13/Jul/2026:03:39:14 +0330] "GET /build/bundle.js HTTP/1.1" 200 9827 "-" "Mozilla/5.0 (Windows NT 10.0; Win64; x64) AppleWebKit/537.36 (KHTML, like Gecko) Chrome/147.0.0.0 Safari/537.36"
94.154.43.177 - - [13/Jul/2026:07:28:56 +0330] "GET /build/bundle.js HTTP/1.1" 200 9827 "-" "Mozilla/5.0 (Windows NT 10.0; Win64; x64) AppleWebKit/537.36 (KHTML, like Gecko) Chrome/147.0.0.0 Safari/537.36"
74.7.243.202 - - [13/Jul/2026:10:09:46 +0330] "GET / HTTP/1.1" 200 366 "-" "Mozilla/5.0 AppleWebKit/537.36 (KHTML, like Gecko; compatible; GPTBot/1.4; +https://openai.com/gptbot)"
74.7.241.178 - - [13/Jul/2026:10:09:47 +0330] "GET /robots.txt HTTP/1.1" 404 - "-" "Mozilla/5.0 (Macintosh; Intel Mac OS X 10_15_7) AppleWebKit/537.36 (KHTML, like Gecko) Chrome/131.0.0.0 Safari/537.36; compatible; OAI-SearchBot/1.4; robots.txt; +https://openai.com/searchbot"
205.210.31.8 - - [13/Jul/2026:15:30:39 +0330] "GET / HTTP/1.1" 200 366 "-" "Hello from Palo Alto Networks, find out more about our scans in https://docs-cortex.paloaltonetworks.com/r/1/Cortex-Xpanse/Scanning-activity"
206.189.233.36 - - [13/Jul/2026:16:03:19 +0330] "GET / HTTP/1.1" 200 366 "-" "Mozilla/5.0 (l9scan/2.0.03e27343e25353e2236313; +https://leakix.net)"
206.189.233.36 - - [13/Jul/2026:16:03:20 +0330] "GET /console/ HTTP/1.1" 404 - "-" "Mozilla/5.0 (l9scan/2.0.03e27343e25353e2236313; +https://leakix.net)"
206.189.233.36 - - [13/Jul/2026:16:03:21 +0330] "GET /server HTTP/1.1" 404 - "-" "Mozilla/5.0 (l9scan/2.0.03e27343e25353e2236313; +https://leakix.net)"
206.189.233.36 - - [13/Jul/2026:16:03:22 +0330] "GET /server-status HTTP/1.1" 404 - "-" "Mozilla/5.0 (l9scan/2.0.03e27343e25353e2236313; +https://leakix.net)"
206.189.233.36 - - [13/Jul/2026:16:03:24 +0330] "GET /about HTTP/1.1" 404 - "-" "Mozilla/5.0 (l9scan/2.0.03e27343e25353e2236313; +https://leakix.net)"
206.189.233.36 - - [13/Jul/2026:16:03:25 +0330] "GET /login.action HTTP/1.1" 404 - "-" "Mozilla/5.0 (l9scan/2.0.03e27343e25353e2236313; +https://leakix.net)"
206.189.233.36 - - [13/Jul/2026:16:03:26 +0330] "GET / HTTP/1.1" 200 366 "-" "Mozilla/5.0 (l9scan/2.0.03e27343e25353e2236313; +https://leakix.net)"
206.189.233.36 - - [13/Jul/2026:16:03:26 +0330] "GET /___proxy_subdomain_whm/login HTTP/1.1" 404 - "-" "Mozilla/5.0 (l9scan/2.0.03e27343e25353e2236313; +https://leakix.net)"
206.189.233.36 - - [13/Jul/2026:16:03:27 +0330] "GET /___proxy_subdomain_cpanel HTTP/1.1" 404 - "-" "Mozilla/5.0 (l9scan/2.0.03e27343e25353e2236313; +https://leakix.net)"
206.189.233.36 - - [13/Jul/2026:16:03:27 +0330] "GET /v2/_catalog HTTP/1.1" 404 - "-" "Mozilla/5.0 (l9scan/2.0.03e27343e25353e2236313; +https://leakix.net)"
206.189.233.36 - - [13/Jul/2026:16:03:28 +0330] "GET /.DS_Store HTTP/1.1" 404 - "-" "Mozilla/5.0 (l9scan/2.0.03e27343e25353e2236313; +https://leakix.net)"
206.189.233.36 - - [13/Jul/2026:16:03:29 +0330] "GET /.env HTTP/1.1" 404 - "-" "Mozilla/5.0 (l9scan/2.0.03e27343e25353e2236313; +https://leakix.net)"
206.189.233.36 - - [13/Jul/2026:16:03:31 +0330] "GET /ecp/Current/exporttool/microsoft.exchange.ediscovery.exporttool.application HTTP/1.1" 404 - "-" "Mozilla/5.0 (l9scan/2.0.03e27343e25353e2236313; +https://leakix.net)"
206.189.233.36 - - [13/Jul/2026:16:03:33 +0330] "GET /.git/config HTTP/1.1" 404 - "-" "Mozilla/5.0 (l9scan/2.0.03e27343e25353e2236313; +https://leakix.net)"
206.189.233.36 - - [13/Jul/2026:16:03:34 +0330] "POST /graphql HTTP/1.1" 404 - "-" "Mozilla/5.0 (l9scan/2.0.03e27343e25353e2236313; +https://leakix.net)"
206.189.233.36 - - [13/Jul/2026:16:03:34 +0330] "POST /api HTTP/1.1" 404 - "-" "Mozilla/5.0 (l9scan/2.0.03e27343e25353e2236313; +https://leakix.net)"
206.189.233.36 - - [13/Jul/2026:16:03:35 +0330] "POST /api/graphql HTTP/1.1" 404 - "-" "Mozilla/5.0 (l9scan/2.0.03e27343e25353e2236313; +https://leakix.net)"
206.189.233.36 - - [13/Jul/2026:16:03:35 +0330] "POST /graphql/api HTTP/1.1" 404 - "-" "Mozilla/5.0 (l9scan/2.0.03e27343e25353e2236313; +https://leakix.net)"
206.189.233.36 - - [13/Jul/2026:16:03:35 +0330] "POST /api/gql HTTP/1.1" 404 - "-" "Mozilla/5.0 (l9scan/2.0.03e27343e25353e2236313; +https://leakix.net)"
206.189.233.36 - - [13/Jul/2026:16:03:36 +0330] "GET /s/03e27343e25353e2236313/_/;/META-INF/maven/com.atlassian.jira/jira-webapp-dist/pom.properties HTTP/1.1" 404 - "-" "Mozilla/5.0 (l9scan/2.0.03e27343e25353e2236313; +https://leakix.net)"
206.189.233.36 - - [13/Jul/2026:16:03:37 +0330] "GET /config.json HTTP/1.1" 404 - "-" "Mozilla/5.0 (l9scan/2.0.03e27343e25353e2236313; +https://leakix.net)"
206.189.233.36 - - [13/Jul/2026:16:03:39 +0330] "GET /telescope/requests HTTP/1.1" 404 - "-" "Mozilla/5.0 (l9scan/2.0.03e27343e25353e2236313; +https://leakix.net)"
206.189.233.36 - - [13/Jul/2026:16:03:39 +0330] "GET /info.php HTTP/1.1" 404 16 "-" "Mozilla/5.0 (l9scan/2.0.03e27343e25353e2236313; +https://leakix.net)"
206.189.233.36 - - [13/Jul/2026:16:03:40 +0330] "GET /.well-known/security.txt HTTP/1.1" 404 - "-" "Mozilla/5.0 (l9scan/2.0.03e27343e25353e2236313; +https://leakix.net)"
206.189.233.36 - - [13/Jul/2026:16:03:41 +0330] "GET /actuator/env HTTP/1.1" 404 - "-" "Mozilla/5.0 (l9scan/2.0.03e27343e25353e2236313; +https://leakix.net)"
206.189.233.36 - - [13/Jul/2026:16:03:42 +0330] "GET /trace.axd HTTP/1.1" 404 - "-" "Mozilla/5.0 (l9scan/2.0.03e27343e25353e2236313; +https://leakix.net)"
206.189.233.36 - - [13/Jul/2026:16:03:43 +0330] "GET /@vite/env HTTP/1.1" 404 - "-" "Mozilla/5.0 (l9scan/2.0.03e27343e25353e2236313; +https://leakix.net)"
206.189.233.36 - - [13/Jul/2026:16:03:44 +0330] "GET /.vscode/sftp.json HTTP/1.1" 404 - "-" "Mozilla/5.0 (l9scan/2.0.03e27343e25353e2236313; +https://leakix.net)"
206.189.233.36 - - [13/Jul/2026:16:03:45 +0330] "OPTIONS / HTTP/1.1" 200 - "-" "Mozilla/5.0 (l9scan/2.0.03e27343e25353e2236313; +https://leakix.net)"
206.189.233.36 - - [13/Jul/2026:16:03:46 +0330] "GET /?rest_route=/wp/v2/users/ HTTP/1.1" 200 366 "-" "Mozilla/5.0 (l9scan/2.0.03e27343e25353e2236313; +https://leakix.net)"
206.189.233.36 - - [13/Jul/2026:16:03:47 +0330] "GET /debug/default/view?panel=config HTTP/1.1" 404 - "-" "Mozilla/5.0 (l9scan/2.0.03e27343e25353e2236313; +https://leakix.net)"
66.249.74.9 - - [13/Jul/2026:18:42:56 +0330] "GET /robots.txt HTTP/1.1" 404 - "-" "Mozilla/5.0 (compatible; Googlebot/2.1; +http://www.google.com/bot.html)"
94.154.43.178 - - [14/Jul/2026:00:13:53 +0330] "GET /.env HTTP/1.1" 404 - "-" "Mozilla/5.0 (Windows NT 10.0; Win64; x64) AppleWebKit/537.36 (KHTML, like Gecko) Chrome/147.0.0.0 Safari/537.36"
94.154.43.177 - - [14/Jul/2026:00:36:31 +0330] "GET / HTTP/1.1" 200 366 "-" "Mozilla/5.0 (Windows NT 10.0; Win64; x64) AppleWebKit/537.36 (KHTML, like Gecko) Chrome/147.0.0.0 Safari/537.36"
74.7.241.178 - - [14/Jul/2026:02:35:21 +0330] "GET /robots.txt HTTP/1.1" 404 - "-" "Mozilla/5.0 (Macintosh; Intel Mac OS X 10_15_7) AppleWebKit/537.36 (KHTML, like Gecko) Chrome/131.0.0.0 Safari/537.36; compatible; OAI-SearchBot/1.4; robots.txt; +https://openai.com/searchbot"
45.142.193.132 - - [14/Jul/2026:12:55:14 +0330] "GET / HTTP/1.1" 421 362 "-" "Mozilla/5.0"
94.154.43.178 - - [14/Jul/2026:14:53:54 +0330] "GET /.env HTTP/1.1" 404 - "-" "Mozilla/5.0 (Windows NT 10.0; Win64; x64) AppleWebKit/537.36 (KHTML, like Gecko) Chrome/147.0.0.0 Safari/537.36"
94.154.43.179 - - [14/Jul/2026:15:58:09 +0330] "GET / HTTP/1.1" 200 366 "-" "Mozilla/5.0 (Windows NT 10.0; Win64; x64) AppleWebKit/537.36 (KHTML, like Gecko) Chrome/147.0.0.0 Safari/537.36"
74.7.241.178 - - [14/Jul/2026:16:06:05 +0330] "GET /robots.txt HTTP/1.1" 404 - "-" "Mozilla/5.0 (Macintosh; Intel Mac OS X 10_15_7) AppleWebKit/537.36 (KHTML, like Gecko) Chrome/131.0.0.0 Safari/537.36; compatible; OAI-SearchBot/1.4; robots.txt; +https://openai.com/searchbot"
54.224.192.152 - - [14/Jul/2026:17:06:24 +0330] "GET / HTTP/1.1" 200 366 "-" "Mozilla/5.0 (Windows NT 10.0; Win64; x64) AppleWebKit/537.36 (KHTML, like Gecko) Chrome/122.0.0.0 Safari/537.36"
52.54.96.193 - - [14/Jul/2026:17:10:30 +0330] "GET / HTTP/1.1" 200 366 "-" "Mozilla/5.0 (Windows NT 10.0; Win64; x64) AppleWebKit/537.36 (KHTML, like Gecko) Chrome/137.0.0.0 Safari/537.36"
66.249.74.8 - - [14/Jul/2026:19:48:52 +0330] "GET /robots.txt HTTP/1.1" 404 - "-" "Mozilla/5.0 (compatible; Googlebot/2.1; +http://www.google.com/bot.html)"
54.224.192.152 - - [14/Jul/2026:20:03:22 +0330] "GET / HTTP/1.1" 200 366 "-" "Mozilla/5.0 (Windows NT 10.0; Win64; x64; rv:128.0) Gecko/20100101 Firefox/128.0"
32.199.44.248 - - [14/Jul/2026:20:04:28 +0330] "GET / HTTP/1.1" 200 366 "-" "Mozilla/5.0 (Windows NT 10.0; Win64; x64) AppleWebKit/537.36 (KHTML, like Gecko) Chrome/81.0.4044.129 Safari/537.36"
20.197.198.154 - - [14/Jul/2026:22:59:55 +0330] "GET /admin.php HTTP/1.1" 404 16 "-" "Mozilla/5.0 (Windows NT 10.0; Win64; x64) AppleWebKit/537.36 (KHTML, like Gecko) Chrome/120.0.0.0 Safari/537.36"
20.197.198.154 - - [14/Jul/2026:22:59:55 +0330] "GET /inputs.php HTTP/1.1" 404 16 "-" "Mozilla/5.0 (Windows NT 10.0; Win64; x64) AppleWebKit/537.36 (KHTML, like Gecko) Chrome/120.0.0.0 Safari/537.36"
20.197.198.154 - - [14/Jul/2026:22:59:55 +0330] "GET /file.php HTTP/1.1" 404 16 "-" "Mozilla/5.0 (Windows NT 10.0; Win64; x64) AppleWebKit/537.36 (KHTML, like Gecko) Chrome/120.0.0.0 Safari/537.36"
20.197.198.154 - - [14/Jul/2026:22:59:56 +0330] "GET /goods.php HTTP/1.1" 404 16 "-" "Mozilla/5.0 (Windows NT 10.0; Win64; x64) AppleWebKit/537.36 (KHTML, like Gecko) Chrome/120.0.0.0 Safari/537.36"
20.197.198.154 - - [14/Jul/2026:22:59:56 +0330] "GET /ms-edit.php HTTP/1.1" 404 16 "-" "Mozilla/5.0 (Windows NT 10.0; Win64; x64) AppleWebKit/537.36 (KHTML, like Gecko) Chrome/120.0.0.0 Safari/537.36"
20.197.198.154 - - [14/Jul/2026:22:59:56 +0330] "GET /simple.php HTTP/1.1" 404 16 "-" "Mozilla/5.0 (Windows NT 10.0; Win64; x64) AppleWebKit/537.36 (KHTML, like Gecko) Chrome/120.0.0.0 Safari/537.36"
20.197.198.154 - - [14/Jul/2026:22:59:56 +0330] "GET /bgymj.php HTTP/1.1" 404 16 "-" "Mozilla/5.0 (Windows NT 10.0; Win64; x64) AppleWebKit/537.36 (KHTML, like Gecko) Chrome/120.0.0.0 Safari/537.36"
20.197.198.154 - - [14/Jul/2026:22:59:57 +0330] "GET /wp-content/plugins/twenty/login.php HTTP/1.1" 404 - "-" "Mozilla/5.0 (Windows NT 10.0; Win64; x64) AppleWebKit/537.36 (KHTML, like Gecko) Chrome/120.0.0.0 Safari/537.36"
20.197.198.154 - - [14/Jul/2026:22:59:57 +0330] "GET /404.php HTTP/1.1" 404 16 "-" "Mozilla/5.0 (Windows NT 10.0; Win64; x64) AppleWebKit/537.36 (KHTML, like Gecko) Chrome/120.0.0.0 Safari/537.36"
20.197.198.154 - - [14/Jul/2026:22:59:57 +0330] "GET /file3.php HTTP/1.1" 404 16 "-" "Mozilla/5.0 (Windows NT 10.0; Win64; x64) AppleWebKit/537.36 (KHTML, like Gecko) Chrome/120.0.0.0 Safari/537.36"
20.197.198.154 - - [14/Jul/2026:22:59:57 +0330] "GET /wp-mail.php HTTP/1.1" 404 16 "-" "Mozilla/5.0 (Windows NT 10.0; Win64; x64) AppleWebKit/537.36 (KHTML, like Gecko) Chrome/120.0.0.0 Safari/537.36"
20.197.198.154 - - [14/Jul/2026:22:59:57 +0330] "GET /about.php HTTP/1.1" 404 16 "-" "Mozilla/5.0 (Windows NT 10.0; Win64; x64) AppleWebKit/537.36 (KHTML, like Gecko) Chrome/120.0.0.0 Safari/537.36"
20.197.198.154 - - [14/Jul/2026:22:59:58 +0330] "GET /wp.php HTTP/1.1" 404 16 "-" "Mozilla/5.0 (Windows NT 10.0; Win64; x64) AppleWebKit/537.36 (KHTML, like Gecko) Chrome/120.0.0.0 Safari/537.36"
20.197.198.154 - - [14/Jul/2026:22:59:58 +0330] "GET /.dj/index.php HTTP/1.1" 404 - "-" "Mozilla/5.0 (Windows NT 10.0; Win64; x64) AppleWebKit/537.36 (KHTML, like Gecko) Chrome/120.0.0.0 Safari/537.36"
20.197.198.154 - - [14/Jul/2026:22:59:58 +0330] "GET /adminfuns.php HTTP/1.1" 404 16 "-" "Mozilla/5.0 (Windows NT 10.0; Win64; x64) AppleWebKit/537.36 (KHTML, like Gecko) Chrome/120.0.0.0 Safari/537.36"
20.197.198.154 - - [14/Jul/2026:22:59:58 +0330] "GET /php8.php HTTP/1.1" 404 16 "-" "Mozilla/5.0 (Windows NT 10.0; Win64; x64) AppleWebKit/537.36 (KHTML, like Gecko) Chrome/120.0.0.0 Safari/537.36"
20.197.198.154 - - [14/Jul/2026:22:59:58 +0330] "GET /classwithtostring.php HTTP/1.1" 404 16 "-" "Mozilla/5.0 (Windows NT 10.0; Win64; x64) AppleWebKit/537.36 (KHTML, like Gecko) Chrome/120.0.0.0 Safari/537.36"
20.197.198.154 - - [14/Jul/2026:22:59:59 +0330] "GET /info.php HTTP/1.1" 404 16 "-" "Mozilla/5.0 (Windows NT 10.0; Win64; x64) AppleWebKit/537.36 (KHTML, like Gecko) Chrome/120.0.0.0 Safari/537.36"
20.197.198.154 - - [14/Jul/2026:22:59:59 +0330] "GET /ioxi-o.php HTTP/1.1" 404 16 "-" "Mozilla/5.0 (Windows NT 10.0; Win64; x64) AppleWebKit/537.36 (KHTML, like Gecko) Chrome/120.0.0.0 Safari/537.36"
20.197.198.154 - - [14/Jul/2026:22:59:59 +0330] "GET /011i.php HTTP/1.1" 404 16 "-" "Mozilla/5.0 (Windows NT 10.0; Win64; x64) AppleWebKit/537.36 (KHTML, like Gecko) Chrome/120.0.0.0 Safari/537.36"
20.197.198.154 - - [14/Jul/2026:22:59:59 +0330] "GET /edit.php HTTP/1.1" 404 16 "-" "Mozilla/5.0 (Windows NT 10.0; Win64; x64) AppleWebKit/537.36 (KHTML, like Gecko) Chrome/120.0.0.0 Safari/537.36"
20.197.198.154 - - [14/Jul/2026:23:00:00 +0330] "GET /sid3.php HTTP/1.1" 404 16 "-" "Mozilla/5.0 (Windows NT 10.0; Win64; x64) AppleWebKit/537.36 (KHTML, like Gecko) Chrome/120.0.0.0 Safari/537.36"
20.197.198.154 - - [14/Jul/2026:23:00:00 +0330] "GET /load.php HTTP/1.1" 404 16 "-" "Mozilla/5.0 (Windows NT 10.0; Win64; x64) AppleWebKit/537.36 (KHTML, like Gecko) Chrome/120.0.0.0 Safari/537.36"
20.197.198.154 - - [14/Jul/2026:23:00:00 +0330] "GET /166.php HTTP/1.1" 404 16 "-" "Mozilla/5.0 (Windows NT 10.0; Win64; x64) AppleWebKit/537.36 (KHTML, like Gecko) Chrome/120.0.0.0 Safari/537.36"
20.197.198.154 - - [14/Jul/2026:23:00:00 +0330] "GET /wp-mail.php HTTP/1.1" 404 16 "-" "Mozilla/5.0 (Windows NT 10.0; Win64; x64) AppleWebKit/537.36 (KHTML, like Gecko) Chrome/120.0.0.0 Safari/537.36"
20.197.198.154 - - [14/Jul/2026:23:00:01 +0330] "GET /leaf.php HTTP/1.1" 404 16 "-" "Mozilla/5.0 (Windows NT 10.0; Win64; x64) AppleWebKit/537.36 (KHTML, like Gecko) Chrome/120.0.0.0 Safari/537.36"
20.197.198.154 - - [14/Jul/2026:23:00:01 +0330] "GET /grsiuk.php HTTP/1.1" 404 16 "-" "Mozilla/5.0 (Windows NT 10.0; Win64; x64) AppleWebKit/537.36 (KHTML, like Gecko) Chrome/120.0.0.0 Safari/537.36"
20.197.198.154 - - [14/Jul/2026:23:00:01 +0330] "GET /8.php HTTP/1.1" 404 16 "-" "Mozilla/5.0 (Windows NT 10.0; Win64; x64) AppleWebKit/537.36 (KHTML, like Gecko) Chrome/120.0.0.0 Safari/537.36"
20.197.198.154 - - [14/Jul/2026:23:00:01 +0330] "GET /fs.php HTTP/1.1" 404 16 "-" "Mozilla/5.0 (Windows NT 10.0; Win64; x64) AppleWebKit/537.36 (KHTML, like Gecko) Chrome/120.0.0.0 Safari/537.36"
20.197.198.154 - - [14/Jul/2026:23:00:02 +0330] "GET /ws38.php HTTP/1.1" 404 16 "-" "Mozilla/5.0 (Windows NT 10.0; Win64; x64) AppleWebKit/537.36 (KHTML, like Gecko) Chrome/120.0.0.0 Safari/537.36"
20.197.198.154 - - [14/Jul/2026:23:00:02 +0330] "GET /a7.php HTTP/1.1" 404 16 "-" "Mozilla/5.0 (Windows NT 10.0; Win64; x64) AppleWebKit/537.36 (KHTML, like Gecko) Chrome/120.0.0.0 Safari/537.36"
20.197.198.154 - - [14/Jul/2026:23:00:02 +0330] "GET /classsmtps.php HTTP/1.1" 404 16 "-" "Mozilla/5.0 (Windows NT 10.0; Win64; x64) AppleWebKit/537.36 (KHTML, like Gecko) Chrome/120.0.0.0 Safari/537.36"
20.197.198.154 - - [14/Jul/2026:23:00:02 +0330] "GET /amax.php HTTP/1.1" 404 16 "-" "Mozilla/5.0 (Windows NT 10.0; Win64; x64) AppleWebKit/537.36 (KHTML, like Gecko) Chrome/120.0.0.0 Safari/537.36"
20.197.198.154 - - [14/Jul/2026:23:00:02 +0330] "GET /CDX1.php HTTP/1.1" 404 16 "-" "Mozilla/5.0 (Windows NT 10.0; Win64; x64) AppleWebKit/537.36 (KHTML, like Gecko) Chrome/120.0.0.0 Safari/537.36"
20.197.198.154 - - [14/Jul/2026:23:00:03 +0330] "GET /rip.php HTTP/1.1" 404 16 "-" "Mozilla/5.0 (Windows NT 10.0; Win64; x64) AppleWebKit/537.36 (KHTML, like Gecko) Chrome/120.0.0.0 Safari/537.36"
20.197.198.154 - - [14/Jul/2026:23:00:03 +0330] "GET /1.php HTTP/1.1" 404 16 "-" "Mozilla/5.0 (Windows NT 10.0; Win64; x64) AppleWebKit/537.36 (KHTML, like Gecko) Chrome/120.0.0.0 Safari/537.36"
20.197.198.154 - - [14/Jul/2026:23:00:03 +0330] "GET /chosen.php HTTP/1.1" 404 16 "-" "Mozilla/5.0 (Windows NT 10.0; Win64; x64) AppleWebKit/537.36 (KHTML, like Gecko) Chrome/120.0.0.0 Safari/537.36"
20.197.198.154 - - [14/Jul/2026:23:00:03 +0330] "GET /css.php HTTP/1.1" 404 16 "-" "Mozilla/5.0 (Windows NT 10.0; Win64; x64) AppleWebKit/537.36 (KHTML, like Gecko) Chrome/120.0.0.0 Safari/537.36"
20.197.198.154 - - [14/Jul/2026:23:00:04 +0330] "GET /php.php HTTP/1.1" 404 16 "-" "Mozilla/5.0 (Windows NT 10.0; Win64; x64) AppleWebKit/537.36 (KHTML, like Gecko) Chrome/120.0.0.0 Safari/537.36"
20.197.198.154 - - [14/Jul/2026:23:00:04 +0330] "GET /wp-Blogs.php HTTP/1.1" 404 16 "-" "Mozilla/5.0 (Windows NT 10.0; Win64; x64) AppleWebKit/537.36 (KHTML, like Gecko) Chrome/120.0.0.0 Safari/537.36"
20.197.198.154 - - [14/Jul/2026:23:00:04 +0330] "GET /wp-content/index.php HTTP/1.1" 404 - "-" "Mozilla/5.0 (Windows NT 10.0; Win64; x64) AppleWebKit/537.36 (KHTML, like Gecko) Chrome/120.0.0.0 Safari/537.36"
20.197.198.154 - - [14/Jul/2026:23:00:04 +0330] "GET /wp-content/plugins/beteng88/ws83.php HTTP/1.1" 404 - "-" "Mozilla/5.0 (Windows NT 10.0; Win64; x64) AppleWebKit/537.36 (KHTML, like Gecko) Chrome/120.0.0.0 Safari/537.36"
20.197.198.154 - - [14/Jul/2026:23:00:04 +0330] "GET /ws83.php HTTP/1.1" 404 16 "-" "Mozilla/5.0 (Windows NT 10.0; Win64; x64) AppleWebKit/537.36 (KHTML, like Gecko) Chrome/120.0.0.0 Safari/537.36"
20.197.198.154 - - [14/Jul/2026:23:00:05 +0330] "GET /file61.php HTTP/1.1" 404 16 "-" "Mozilla/5.0 (Windows NT 10.0; Win64; x64) AppleWebKit/537.36 (KHTML, like Gecko) Chrome/120.0.0.0 Safari/537.36"
20.197.198.154 - - [14/Jul/2026:23:00:05 +0330] "GET /sadcut1.php HTTP/1.1" 404 16 "-" "Mozilla/5.0 (Windows NT 10.0; Win64; x64) AppleWebKit/537.36 (KHTML, like Gecko) Chrome/120.0.0.0 Safari/537.36"
199.45.154.125 - - [14/Jul/2026:23:52:49 +0330] "GET / HTTP/1.1" 200 366 "-" "Mozilla/5.0 (compatible; CensysInspect/1.1; +https://about.censys.io/)"
199.45.154.125 - - [14/Jul/2026:23:52:56 +0330] "GET /favicon.ico HTTP/1.1" 404 - "-" "Mozilla/5.0 (compatible; CensysInspect/1.1; +https://about.censys.io/)"
94.154.43.177 - - [15/Jul/2026:05:53:47 +0330] "GET /build/bundle.js HTTP/1.1" 200 9827 "-" "Mozilla/5.0 (Windows NT 10.0; Win64; x64) AppleWebKit/537.36 (KHTML, like Gecko) Chrome/147.0.0.0 Safari/537.36"
167.94.146.58 - - [15/Jul/2026:08:41:07 +0330] "GET / HTTP/1.1" 200 366 "-" "Mozilla/5.0 (compatible; CensysInspect/1.1; +https://about.censys.io/)"
167.94.146.58 - - [15/Jul/2026:08:41:08 +0330] "GET /favicon.ico HTTP/1.1" 404 - "-" "Mozilla/5.0 (compatible; CensysInspect/1.1; +https://about.censys.io/)"
94.154.43.229 - - [15/Jul/2026:10:26:22 +0330] "GET /build/bundle.js HTTP/1.1" 200 9827 "-" "Mozilla/5.0 (Windows NT 10.0; Win64; x64) AppleWebKit/537.36 (KHTML, like Gecko) Chrome/147.0.0.0 Safari/537.36"
198.235.24.150 - - [15/Jul/2026:11:42:59 +0330] "GET / HTTP/1.1" 200 366 "-" "Hello from Palo Alto Networks, find out more about our scans in https://docs-cortex.paloaltonetworks.com/r/1/Cortex-Xpanse/Scanning-activity"
136.116.198.170 - - [15/Jul/2026:12:21:14 +0330] "POST / HTTP/1.1" 200 366 "https://www.taarif.nepi.ir/" "Mozilla/5.0 (Windows NT 10.0; Win64; x64) AppleWebKit/537.36 (KHTML, like Gecko) Chrome/146.0.0.0 Safari/537.36"
74.7.241.178 - - [15/Jul/2026:17:35:27 +0330] "GET /robots.txt HTTP/1.1" 404 - "-" "Mozilla/5.0 (Macintosh; Intel Mac OS X 10_15_7) AppleWebKit/537.36 (KHTML, like Gecko) Chrome/131.0.0.0 Safari/537.36; compatible; OAI-SearchBot/1.4; robots.txt; +https://openai.com/searchbot"
74.7.243.202 - - [15/Jul/2026:17:35:30 +0330] "GET / HTTP/1.1" 200 366 "-" "Mozilla/5.0 AppleWebKit/537.36 (KHTML, like Gecko; compatible; GPTBot/1.4; +https://openai.com/gptbot)"
66.249.74.8 - - [15/Jul/2026:18:27:02 +0330] "GET /robots.txt HTTP/1.1" 404 - "-" "Mozilla/5.0 (compatible; Googlebot/2.1; +http://www.google.com/bot.html)"
173.252.82.14 - - [15/Jul/2026:18:49:43 +0330] "GET /robots.txt HTTP/1.1" 404 - "-" "facebookexternalhit/1.1 (+http://www.facebook.com/externalhit_uatext.php)"
57.141.0.45 - - [15/Jul/2026:18:49:50 +0330] "GET / HTTP/1.1" 200 366 "-" "Mozilla/5.0 (Windows NT 10.0; Win64; x64) AppleWebKit/537.36 (KHTML, like Gecko) Chrome/145.0.0.0 Safari/537.36 (compatible; meta-externalagent/1.1 (+https://developers.facebook.com/docs/sharing/webmasters/crawler))"
138.246.253.24 - - [15/Jul/2026:21:30:20 +0330] "GET /robots.txt HTTP/1.1" 404 - "-" "Mozilla/5.0 (Windows NT 10.0; Win64; x64) AppleWebKit/537.36 (KHTML, like Gecko) Chrome/103.0.5060.134 Safari/537.36"
138.246.253.24 - - [16/Jul/2026:04:04:25 +0330] "GET /robots.txt HTTP/1.1" 404 - "-" "Mozilla/5.0 (Windows NT 10.0; Win64; x64) AppleWebKit/537.36 (KHTML, like Gecko) Chrome/103.0.5060.134 Safari/537.36"
198.235.24.16 - - [16/Jul/2026:05:39:22 +0330] "GET / HTTP/1.1" 200 366 "-" "Hello from Palo Alto Networks, find out more about our scans in https://docs-cortex.paloaltonetworks.com/r/1/Cortex-Xpanse/Scanning-activity"
66.249.74.78 - - [16/Jul/2026:06:12:10 +0330] "GET /robots.txt HTTP/1.1" 404 - "-" "Mozilla/5.0 (compatible; Googlebot/2.1; +http://www.google.com/bot.html)"
94.154.43.188 - - [16/Jul/2026:08:08:09 +0330] "GET /.env HTTP/1.1" 404 - "-" "Mozilla/5.0 (Windows NT 10.0; Win64; x64) AppleWebKit/537.36 (KHTML, like Gecko) Chrome/147.0.0.0 Safari/537.36"
94.154.43.186 - - [16/Jul/2026:08:15:07 +0330] "GET / HTTP/1.1" 200 366 "-" "Mozilla/5.0 (Windows NT 10.0; Win64; x64) AppleWebKit/537.36 (KHTML, like Gecko) Chrome/147.0.0.0 Safari/537.36"
69.171.231.8 - - [16/Jul/2026:15:27:09 +0330] "GET /robots.txt HTTP/1.1" 404 - "-" "facebookexternalhit/1.1 (+http://www.facebook.com/externalhit_uatext.php)"
66.249.74.7 - - [16/Jul/2026:18:01:06 +0330] "GET /robots.txt HTTP/1.1" 404 - "-" "Mozilla/5.0 (compatible; Googlebot/2.1; +http://www.google.com/bot.html)"
144.172.98.123 - - [16/Jul/2026:21:18:13 +0330] "GET /.git/config HTTP/1.1" 404 - "-" "Mozilla/5.0 (X11; Linux x86_64)"
94.154.43.184 - - [16/Jul/2026:22:35:33 +0330] "GET /.env HTTP/1.1" 404 - "-" "Mozilla/5.0 (Windows NT 10.0; Win64; x64) AppleWebKit/537.36 (KHTML, like Gecko) Chrome/147.0.0.0 Safari/537.36"
94.154.43.229 - - [16/Jul/2026:23:14:05 +0330] "GET / HTTP/1.1" 200 366 "-" "Mozilla/5.0 (Windows NT 10.0; Win64; x64) AppleWebKit/537.36 (KHTML, like Gecko) Chrome/147.0.0.0 Safari/537.36"
198.235.24.52 - - [17/Jul/2026:13:19:30 +0330] "GET / HTTP/1.1" 200 366 "-" "Hello from Palo Alto Networks, find out more about our scans in https://docs-cortex.paloaltonetworks.com/r/1/Cortex-Xpanse/Scanning-activity"
94.154.43.183 - - [17/Jul/2026:13:33:08 +0330] "GET /build/bundle.js HTTP/1.1" 200 9827 "-" "Mozilla/5.0 (Windows NT 10.0; Win64; x64) AppleWebKit/537.36 (KHTML, like Gecko) Chrome/147.0.0.0 Safari/537.36"
94.154.43.186 - - [17/Jul/2026:17:25:19 +0330] "GET /build/bundle.js HTTP/1.1" 200 9827 "-" "Mozilla/5.0 (Windows NT 10.0; Win64; x64) AppleWebKit/537.36 (KHTML, like Gecko) Chrome/147.0.0.0 Safari/537.36"
34.23.3.13 - - [17/Jul/2026:20:41:40 +0330] "GET /.git/config HTTP/1.1" 404 - "-" "-"
94.154.43.229 - - [18/Jul/2026:04:06:58 +0330] "GET /.env HTTP/1.1" 404 - "-" "Mozilla/5.0 (Windows NT 10.0; Win64; x64) AppleWebKit/537.36 (KHTML, like Gecko) Chrome/147.0.0.0 Safari/537.36"
3.233.59.216 - - [18/Jul/2026:06:27:33 +0330] "GET / HTTP/1.1" 421 362 "-" "RecordedFuture Global Inventory Crawler"
94.154.43.188 - - [18/Jul/2026:07:24:34 +0330] "GET / HTTP/1.1" 200 366 "-" "Mozilla/5.0 (Windows NT 10.0; Win64; x64) AppleWebKit/537.36 (KHTML, like Gecko) Chrome/147.0.0.0 Safari/537.36"
205.210.31.22 - - [18/Jul/2026:10:59:29 +0330] "GET / HTTP/1.1" 200 366 "-" "Hello from Palo Alto Networks, find out more about our scans in https://docs-cortex.paloaltonetworks.com/r/1/Cortex-Xpanse/Scanning-activity"
205.169.39.47 - - [18/Jul/2026:11:44:57 +0330] "GET / HTTP/1.1" 200 366 "-" "Mozilla/5.0 (Windows NT 10.0; Win64; x64) AppleWebKit/537.36 (KHTML, like Gecko) Chrome/117.0.5938.132 Safari/537.36"
205.169.39.47 - - [18/Jul/2026:11:44:58 +0330] "GET /global.css HTTP/1.1" 200 3780 "https://www.taarif.nepi.ir/" "Mozilla/5.0 (Windows NT 10.0; Win64; x64) AppleWebKit/537.36 (KHTML, like Gecko) Chrome/117.0.5938.132 Safari/537.36"
205.169.39.47 - - [18/Jul/2026:11:44:58 +0330] "GET /build/bundle.css HTTP/1.1" 200 39 "https://www.taarif.nepi.ir/" "Mozilla/5.0 (Windows NT 10.0; Win64; x64) AppleWebKit/537.36 (KHTML, like Gecko) Chrome/117.0.5938.132 Safari/537.36"
205.169.39.47 - - [18/Jul/2026:11:44:58 +0330] "GET /build/bundle.js HTTP/1.1" 200 9827 "https://www.taarif.nepi.ir/" "Mozilla/5.0 (Windows NT 10.0; Win64; x64) AppleWebKit/537.36 (KHTML, like Gecko) Chrome/117.0.5938.132 Safari/537.36"
205.169.39.47 - - [18/Jul/2026:11:44:59 +0330] "GET /img/load.gif HTTP/1.1" 200 7069 "https://www.taarif.nepi.ir/" "Mozilla/5.0 (Windows NT 10.0; Win64; x64) AppleWebKit/537.36 (KHTML, like Gecko) Chrome/117.0.5938.132 Safari/537.36"
205.169.39.47 - - [18/Jul/2026:11:44:59 +0330] "GET /fonts/woff2/IRANSansWeb(FaNum)_Bold.woff2 HTTP/1.1" 200 27316 "https://www.taarif.nepi.ir/global.css" "Mozilla/5.0 (Windows NT 10.0; Win64; x64) AppleWebKit/537.36 (KHTML, like Gecko) Chrome/117.0.5938.132 Safari/537.36"
205.169.39.47 - - [18/Jul/2026:11:44:59 +0330] "GET /fonts/woff2/IRANSansWeb(FaNum).woff2 HTTP/1.1" 200 27944 "https://www.taarif.nepi.ir/global.css" "Mozilla/5.0 (Windows NT 10.0; Win64; x64) AppleWebKit/537.36 (KHTML, like Gecko) Chrome/117.0.5938.132 Safari/537.36"
205.169.39.47 - - [18/Jul/2026:11:44:59 +0330] "GET /img/search.svg HTTP/1.1" 200 1001 "https://www.taarif.nepi.ir/" "Mozilla/5.0 (Windows NT 10.0; Win64; x64) AppleWebKit/537.36 (KHTML, like Gecko) Chrome/117.0.5938.132 Safari/537.36"
205.169.39.47 - - [18/Jul/2026:11:45:00 +0330] "GET /favicon.ico HTTP/1.1" 404 - "https://www.taarif.nepi.ir/" "Mozilla/5.0 (Windows NT 10.0; Win64; x64) AppleWebKit/537.36 (KHTML, like Gecko) Chrome/117.0.5938.132 Safari/537.36"
198.235.24.226 - - [18/Jul/2026:11:51:33 +0330] "GET / HTTP/1.1" 200 366 "-" "Hello from Palo Alto Networks, find out more about our scans in https://docs-cortex.paloaltonetworks.com/r/1/Cortex-Xpanse/Scanning-activity"
